{"id":5274,"date":"2025-10-27T08:00:00","date_gmt":"2025-10-27T08:00:00","guid":{"rendered":"https:\/\/mairie-montataire.fr\/?post_type=event&#038;p=5274"},"modified":"2025-11-20T13:53:53","modified_gmt":"2025-11-20T13:53:53","slug":"combating-violence-against-women","status":"publish","type":"event","link":"https:\/\/mairie-montataire.fr\/en\/agenda\/sensibilisation\/lutte-contre-les-violences-faites-aux-femmes\/","title":{"rendered":"Combating violence against women"},"content":{"rendered":"<h2 class=\"wp-block-heading\">Defining violence to combat it more effectively, provide information and support<\/h2>\n\n\n\n<p>The sexist and sexual violence faced by women regularly makes the headlines in the written press and on television: the sad list of feminicides, which could perhaps have been avoided, is growing, as is the case of the rapes in Mazan, which highlighted the repeated horrors suffered by Madame Gis\u00e8le Pelicot, who has become a symbol for all generations in the fight against violence against women.<\/p>\n\n\n\n<p>Violence affects all women, whether they are young, very young or older, and from all social classes: no one is spared.<br>We might think that it doesn't concern us at all and we look at things from a distance, mistakenly thinking that it only happens to others, but have you ever wondered whether someone around you has been subjected to sexist insults, the actions of a frotteur in public transport, a reflection on the length of her skirt or the size of her breasts in the street, at work or at school?<br>Violence is not always visible and victims do not always come forward out of shame or fear of reprisals, or both.<\/p>\n\n\n\n<div style=\"height:39px\" aria-hidden=\"true\" class=\"wp-block-spacer\"><\/div>\n\n\n\n<div class=\"wp-block-uagb-buttons uagb-buttons__outer-wrap uagb-btn__default-btn uagb-btn-tablet__default-btn uagb-btn-mobile__default-btn uagb-block-de18af4f\"><div class=\"uagb-buttons__wrap uagb-buttons-layout-wrap\">\n<div class=\"wp-block-uagb-buttons-child uagb-buttons__outer-wrap uagb-block-6839a33a wp-block-button\"><div class=\"uagb-button__wrapper\"><a class=\"uagb-buttons-repeater wp-block-button__link\" aria-label=\"\" href=\"https:\/\/mairie-montataire.fr\/en\/news\/\" rel=\"follow noopener\" target=\"_self\" role=\"button\"><div class=\"uagb-button__link\">Dossier in Vivre ! n\u00b0 218 to take stock of violence:<br>How is violence defined? <br>What steps should I take to report a crime if I am a victim or witness? <br>Who can help me and what do the authors risk?<\/div><\/a><\/div><\/div>\n<\/div><\/div>\n\n\n\n<div style=\"height:39px\" aria-hidden=\"true\" class=\"wp-block-spacer\"><\/div>\n\n\n\n<h2 class=\"wp-block-heading\">Actions in Montataire are proposed from 24 to 29 November 2025<\/h2>\n\n\n\n<p>All events require registration with the<a href=\"https:\/\/mairie-montataire.fr\/en\/directories\/municipal-services\/dcsdt\/espace-huberte-dhoker\/\">Espace Huberte d'Hoker<\/a> and will take place there (except on Saturdays).<\/p>\n\n\n\n<div class=\"wp-block-columns is-layout-flex wp-container-core-columns-is-layout-9d6595d7 wp-block-columns-is-layout-flex\">\n<div class=\"wp-block-column is-layout-flow wp-block-column-is-layout-flow\">\n<h3 class=\"wp-block-heading\">Monday 24th November<\/h3>\n\n\n\n<p><strong>2pm to 4pm<\/strong><br>Presentation on violence and discrimination by the CIDFF legal expert<\/p>\n\n\n\n<p><br><\/p>\n<\/div>\n\n\n\n<div class=\"wp-block-column is-layout-flow wp-block-column-is-layout-flow\">\n<h3 class=\"wp-block-heading\">Tuesday 25th November<\/h3>\n\n\n\n<p><strong>2pm to 4pm<\/strong><br>Cabaret-reading proposed by the<a href=\"https:\/\/mairie-montataire.fr\/en\/directories\/associations\/solidarity\/women-in-solidarity\/\">Femmes solidaires association<\/a><\/p>\n\n\n\n<p><br><\/p>\n<\/div>\n\n\n\n<div class=\"wp-block-column is-layout-flow wp-block-column-is-layout-flow\">\n<h3 class=\"wp-block-heading\">Wednesday 26th November<\/h3>\n\n\n\n<p><strong>2pm to 4pm<br><\/strong>Self-defence courses<\/p>\n<\/div>\n<\/div>\n\n\n\n<div class=\"wp-block-columns is-layout-flex wp-container-core-columns-is-layout-9d6595d7 wp-block-columns-is-layout-flex\">\n<div class=\"wp-block-column is-layout-flow wp-block-column-is-layout-flow\">\n<h3 class=\"wp-block-heading\">Thursday 27 November <br><mark style=\"background-color:rgba(0, 0, 0, 0)\" class=\"has-inline-color has-secondary-700-color\">(CANCELLED)<\/mark><\/h3>\n\n\n\n<p><strong><s>2pm to 4pm<\/s><\/strong><br><s>Videoconference with Palestinian women from <a href=\"https:\/\/mairie-montataire.fr\/en\/get-informed\/the-values\/solidarity-2\/\">Dheisheh camp<\/a><\/s><\/p>\n\n\n\n<p><br><\/p>\n<\/div>\n\n\n\n<div class=\"wp-block-column is-layout-flow wp-block-column-is-layout-flow\">\n<h3 class=\"wp-block-heading\">Friday 28 November<\/h3>\n\n\n\n<p><strong>2pm to 4pm<\/strong><br>Wellness afternoon (floral workshop, treatments, discussions, tastings, etc.)<\/p>\n<\/div>\n\n\n\n<div class=\"wp-block-column is-layout-flow wp-block-column-is-layout-flow\">\n<h3 class=\"wp-block-heading\">Saturday 29th November<\/h3>\n\n\n\n<p><strong>10h - <a href=\"https:\/\/www.google.com\/maps\/dir\/\/49.2655971,2.4329843\/@49.2654174,2.4324248,208m\/data=!3m1!1e3!4m2!4m1!3e0?authuser=0&amp;entry=ttu&amp;g_ep=EgoyMDI1MTAyMC4wIKXMDSoASAFQAw%3D%3D\" target=\"_blank\" rel=\"noreferrer noopener\">A thousand faces of women<\/a><\/strong><s><strong><br><\/strong><\/s>Inauguration at the Espace Milles visages de femmes and tribute to Afghan women. Followed by a debate on the association's premises at the<a href=\"https:\/\/www.google.com\/maps\/dir\/\/Espace+Elsa+Triolet,+92+Av.+Anatole+France,+60160+Montataire\/@49.2654174,2.4324248,208m\/data=!3m1!1e3!4m17!1m7!3m6!1s0x47e64bdbb54baf3b:0x8c9673c91b45f9cd!2sEspace+Elsa+Triolet!8m2!3d49.2657343!4d2.4319222!16s%2Fg%2F11dxdbt2xf!4m8!1m0!1m5!1m1!1s0x47e64bdbb54baf3b:0x8c9673c91b45f9cd!2m2!1d2.4319346!2d49.2657383!3e0?authuser=0&amp;entry=ttu&amp;g_ep=EgoyMDI1MTAyMC4wIKXMDSoASAFQAw%3D%3D\" target=\"_blank\" rel=\"noreferrer noopener\">Espace Elsa Triolet<\/a>.<\/p>\n\n\n\n<p><br><\/p>\n<\/div>\n<\/div>\n\n\n\n<div style=\"height:39px\" aria-hidden=\"true\" class=\"wp-block-spacer\"><\/div>\n\n\n\n<figure class=\"wp-block-image aligncenter size-full\"><img loading=\"lazy\" decoding=\"async\" width=\"567\" height=\"802\" src=\"https:\/\/mairie-montataire.fr\/app\/uploads\/2024\/11\/ViolencesFaitesAuxFemmes2025.png\" alt=\"\" class=\"wp-image-7053\" srcset=\"https:\/\/mairie-montataire.fr\/app\/uploads\/2024\/11\/ViolencesFaitesAuxFemmes2025.png 567w, https:\/\/mairie-montataire.fr\/app\/uploads\/2024\/11\/ViolencesFaitesAuxFemmes2025-212x300.png 212w, https:\/\/mairie-montataire.fr\/app\/uploads\/2024\/11\/ViolencesFaitesAuxFemmes2025-8x12.png 8w\" sizes=\"auto, (max-width: 567px) 100vw, 567px\" \/><\/figure>","protected":false},"featured_media":7051,"parent":0,"template":"","meta":{"_acf_changed":false,"_uag_custom_page_level_css":""},"event-theme":[98],"class_list":["post-5274","event","type-event","status-publish","has-post-thumbnail","hentry","event-theme-sensibilisation"],"acf":[],"uagb_featured_image_src":{"full":["https:\/\/mairie-montataire.fr\/app\/uploads\/2024\/11\/Agenda_25nov25.jpg",450,335,false],"thumbnail":["https:\/\/mairie-montataire.fr\/app\/uploads\/2024\/11\/Agenda_25nov25-150x150.jpg",150,150,true],"medium":["https:\/\/mairie-montataire.fr\/app\/uploads\/2024\/11\/Agenda_25nov25-300x223.jpg",300,223,true],"medium_large":["https:\/\/mairie-montataire.fr\/app\/uploads\/2024\/11\/Agenda_25nov25.jpg",450,335,false],"large":["https:\/\/mairie-montataire.fr\/app\/uploads\/2024\/11\/Agenda_25nov25.jpg",450,335,false],"1536x1536":["https:\/\/mairie-montataire.fr\/app\/uploads\/2024\/11\/Agenda_25nov25.jpg",450,335,false],"2048x2048":["https:\/\/mairie-montataire.fr\/app\/uploads\/2024\/11\/Agenda_25nov25.jpg",450,335,false],"trp-custom-language-flag":["https:\/\/mairie-montataire.fr\/app\/uploads\/2024\/11\/Agenda_25nov25-16x12.jpg",16,12,true],"gform-image-choice-sm":["https:\/\/mairie-montataire.fr\/app\/uploads\/2024\/11\/Agenda_25nov25.jpg",300,223,false],"gform-image-choice-md":["https:\/\/mairie-montataire.fr\/app\/uploads\/2024\/11\/Agenda_25nov25.jpg",400,298,false],"gform-image-choice-lg":["https:\/\/mairie-montataire.fr\/app\/uploads\/2024\/11\/Agenda_25nov25.jpg",450,335,false]},"uagb_author_info":{"display_name":"Laure Pubert","author_link":"https:\/\/mairie-montataire.fr\/en\/actualites\/author\/"},"uagb_comment_info":0,"uagb_excerpt":"D\u00e9finir la violence pour mieux lutter, informer, accompagner Les violences sexistes et sexuelles auxquelles sont confront\u00e9es les femmes font la une r\u00e9guli\u00e8rement de la presse \u00e9crite et t\u00e9l\u00e9vis\u00e9e : les f\u00e9minicides dont la triste liste s\u2019allonge et qui auraient pu \u00eatre \u00e9vit\u00e9s peut-\u00eatre, l\u2019affaire des viols de Mazan qui a mis en lumi\u00e8re les horreurs&hellip;","_links":{"self":[{"href":"https:\/\/mairie-montataire.fr\/en\/wp-json\/wp\/v2\/event\/5274","targetHints":{"allow":["GET"]}}],"collection":[{"href":"https:\/\/mairie-montataire.fr\/en\/wp-json\/wp\/v2\/event"}],"about":[{"href":"https:\/\/mairie-montataire.fr\/en\/wp-json\/wp\/v2\/types\/event"}],"wp:featuredmedia":[{"embeddable":true,"href":"https:\/\/mairie-montataire.fr\/en\/wp-json\/wp\/v2\/media\/7051"}],"wp:attachment":[{"href":"https:\/\/mairie-montataire.fr\/en\/wp-json\/wp\/v2\/media?parent=5274"}],"wp:term":[{"taxonomy":"event-theme","embeddable":true,"href":"https:\/\/mairie-montataire.fr\/en\/wp-json\/wp\/v2\/event-theme?post=5274"}],"curies":[{"name":"wp","href":"https:\/\/api.w.org\/{rel}","templated":true}]}}

<h2 class="wp-block-heading">Defining violence to combat it more effectively, provide information and support</h2>



<p>The sexist and sexual violence faced by women regularly makes the headlines in the written press and on television: the sad list of feminicides, which could perhaps have been avoided, is growing, as is the case of the rapes in Mazan, which highlighted the repeated horrors suffered by Madame Gisèle Pelicot, who has become a symbol for all generations in the fight against violence against women.</p>



<p>Violence affects all women, whether they are young, very young or older, and from all social classes: no one is spared.<br>We might think that it doesn't concern us at all and we look at things from a distance, mistakenly thinking that it only happens to others, but have you ever wondered whether someone around you has been subjected to sexist insults, the actions of a frotteur in public transport, a reflection on the length of her skirt or the size of her breasts in the street, at work or at school?<br>Violence is not always visible and victims do not always come forward out of shame or fear of reprisals, or both.</p>



<div style="height:39px" aria-hidden="true" class="wp-block-spacer"></div>



<div class="wp-block-uagb-buttons uagb-buttons__outer-wrap uagb-btn__default-btn uagb-btn-tablet__default-btn uagb-btn-mobile__default-btn uagb-block-de18af4f"><div class="uagb-buttons__wrap uagb-buttons-layout-wrap">
<div class="wp-block-uagb-buttons-child uagb-buttons__outer-wrap uagb-block-6839a33a wp-block-button"><div class="uagb-button__wrapper"><a class="uagb-buttons-repeater wp-block-button__link" aria-label="" href="https://mairie-montataire.fr/en/news/" rel="follow noopener" target="_self" role="button"><div class="uagb-button__link">Dossier in Vivre ! n° 218 to take stock of violence:<br>How is violence defined? <br>What steps should I take to report a crime if I am a victim or witness? <br>Who can help me and what do the authors risk?</div></a></div></div>
</div></div>



<div style="height:39px" aria-hidden="true" class="wp-block-spacer"></div>



<h2 class="wp-block-heading">Actions in Montataire are proposed from 24 to 29 November 2025</h2>



<p>All events require registration with the<a href="https://mairie-montataire.fr/en/directories/municipal-services/dcsdt/espace-huberte-dhoker/">Espace Huberte d'Hoker</a> and will take place there (except on Saturdays).</p>



<div class="wp-block-columns is-layout-flex wp-container-core-columns-is-layout-9d6595d7 wp-block-columns-is-layout-flex">
<div class="wp-block-column is-layout-flow wp-block-column-is-layout-flow">
<h3 class="wp-block-heading">Monday 24th November</h3>



<p><strong>2pm to 4pm</strong><br>Presentation on violence and discrimination by the CIDFF legal expert</p>



<p><br></p>
</div>



<div class="wp-block-column is-layout-flow wp-block-column-is-layout-flow">
<h3 class="wp-block-heading">Tuesday 25th November</h3>



<p><strong>2pm to 4pm</strong><br>Cabaret-reading proposed by the<a href="https://mairie-montataire.fr/en/directories/associations/solidarity/women-in-solidarity/">Femmes solidaires association</a></p>



<p><br></p>
</div>



<div class="wp-block-column is-layout-flow wp-block-column-is-layout-flow">
<h3 class="wp-block-heading">Wednesday 26th November</h3>



<p><strong>2pm to 4pm<br></strong>Self-defence courses</p>
</div>
</div>



<div class="wp-block-columns is-layout-flex wp-container-core-columns-is-layout-9d6595d7 wp-block-columns-is-layout-flex">
<div class="wp-block-column is-layout-flow wp-block-column-is-layout-flow">
<h3 class="wp-block-heading">Thursday 27 November <br><mark style="background-color:rgba(0, 0, 0, 0)" class="has-inline-color has-secondary-700-color">(CANCELLED)</mark></h3>



<p><strong><s>2pm to 4pm</s></strong><br><s>Videoconference with Palestinian women from <a href="https://mairie-montataire.fr/en/get-informed/the-values/solidarity-2/">Dheisheh camp</a></s></p>



<p><br></p>
</div>



<div class="wp-block-column is-layout-flow wp-block-column-is-layout-flow">
<h3 class="wp-block-heading">Friday 28 November</h3>



<p><strong>2pm to 4pm</strong><br>Wellness afternoon (floral workshop, treatments, discussions, tastings, etc.)</p>
</div>



<div class="wp-block-column is-layout-flow wp-block-column-is-layout-flow">
<h3 class="wp-block-heading">Saturday 29th November</h3>



<p><strong>10h - <a href="https://www.google.com/maps/dir//49.2655971,2.4329843/@49.2654174,2.4324248,208m/data=!3m1!1e3!4m2!4m1!3e0?authuser=0&amp;entry=ttu&amp;g_ep=EgoyMDI1MTAyMC4wIKXMDSoASAFQAw%3D%3D" target="_blank" rel="noreferrer noopener">A thousand faces of women</a></strong><s><strong><br></strong></s>Inauguration at the Espace Milles visages de femmes and tribute to Afghan women. Followed by a debate on the association's premises at the<a href="https://www.google.com/maps/dir//Espace+Elsa+Triolet,+92+Av.+Anatole+France,+60160+Montataire/@49.2654174,2.4324248,208m/data=!3m1!1e3!4m17!1m7!3m6!1s0x47e64bdbb54baf3b:0x8c9673c91b45f9cd!2sEspace+Elsa+Triolet!8m2!3d49.2657343!4d2.4319222!16s%2Fg%2F11dxdbt2xf!4m8!1m0!1m5!1m1!1s0x47e64bdbb54baf3b:0x8c9673c91b45f9cd!2m2!1d2.4319346!2d49.2657383!3e0?authuser=0&amp;entry=ttu&amp;g_ep=EgoyMDI1MTAyMC4wIKXMDSoASAFQAw%3D%3D" target="_blank" rel="noreferrer noopener">Espace Elsa Triolet</a>.</p>



<p><br></p>
</div>
</div>



<div style="height:39px" aria-hidden="true" class="wp-block-spacer"></div>



<figure class="wp-block-image aligncenter size-full"><img loading="lazy" decoding="async" width="567" height="802" src="https://mairie-montataire.fr/app/uploads/2024/11/ViolencesFaitesAuxFemmes2025.png" alt="" class="wp-image-7053" srcset="https://mairie-montataire.fr/app/uploads/2024/11/ViolencesFaitesAuxFemmes2025.png 567w, https://mairie-montataire.fr/app/uploads/2024/11/ViolencesFaitesAuxFemmes2025-212x300.png 212w, https://mairie-montataire.fr/app/uploads/2024/11/ViolencesFaitesAuxFemmes2025-8x12.png 8w" sizes="auto, (max-width: 567px) 100vw, 567px" /></figure>

Définir la violence pour mieux lutter, informer, accompagner Les violences sexistes et sexuelles auxquelles sont confrontées les femmes font la une régulièrement de la presse écrite et télévisée : les féminicides dont la triste liste s’allonge et qui auraient pu être évités peut-être, l’affaire des viols de Mazan qui a mis en lumière les horreurs&hellip;
