{"id":4782,"date":"2025-10-03T08:30:25","date_gmt":"2025-10-03T08:30:25","guid":{"rendered":"https:\/\/mairie-montataire.fr\/?post_type=event&#038;p=4782"},"modified":"2025-10-03T08:48:38","modified_gmt":"2025-10-03T08:48:38","slug":"heritage-days-4","status":"publish","type":"event","link":"https:\/\/mairie-montataire.fr\/en\/agenda\/rencontres\/reunion-publique\/","title":{"rendered":"Public meeting"},"content":{"rendered":"<p><strong>The town of Montataire is continuing to transform the Martinets district as part of the New National Urban Renewal Programme (NPNRU). After a first stage that has already begun, phase 2 of the project will be presented at a public meeting: discover the new green spaces and the area around the Anatole France secondary school. <\/strong><\/p>\n\n\n\n<div style=\"height:30px\" aria-hidden=\"true\" class=\"wp-block-spacer\"><\/div>\n\n\n\n<p><strong>From 4.45pm:<\/strong> Children are welcome to take part in a painting workshop on the book box during the public meeting (aprons or old clothes recommended).<br><strong>To register, contact the City Policy Department : <a href=\"tel:0344644444\"><strong>03 44 64 44 44<\/strong><\/a>.<\/strong><\/p>\n\n\n\n<p><strong>17h :<\/strong> Public meeting to present the work, followed by a drink.<\/p>\n\n\n\n<div style=\"height:30px\" aria-hidden=\"true\" class=\"wp-block-spacer\"><\/div>\n\n\n\n<p><strong>See you soon in the Martinets district: a new heart to live in!<\/strong><\/p>\n\n\n\n<p><\/p>","protected":false},"featured_media":6989,"parent":0,"template":"","meta":{"_acf_changed":true,"_uag_custom_page_level_css":""},"event-theme":[78],"class_list":["post-4782","event","type-event","status-publish","has-post-thumbnail","hentry","event-theme-rencontres"],"acf":[],"uagb_featured_image_src":{"full":["https:\/\/mairie-montataire.fr\/app\/uploads\/2024\/10\/Agenda_ReuPubliquePhase2PRU.jpg",450,335,false],"thumbnail":["https:\/\/mairie-montataire.fr\/app\/uploads\/2024\/10\/Agenda_ReuPubliquePhase2PRU-150x150.jpg",150,150,true],"medium":["https:\/\/mairie-montataire.fr\/app\/uploads\/2024\/10\/Agenda_ReuPubliquePhase2PRU-300x223.jpg",300,223,true],"medium_large":["https:\/\/mairie-montataire.fr\/app\/uploads\/2024\/10\/Agenda_ReuPubliquePhase2PRU.jpg",450,335,false],"large":["https:\/\/mairie-montataire.fr\/app\/uploads\/2024\/10\/Agenda_ReuPubliquePhase2PRU.jpg",450,335,false],"1536x1536":["https:\/\/mairie-montataire.fr\/app\/uploads\/2024\/10\/Agenda_ReuPubliquePhase2PRU.jpg",450,335,false],"2048x2048":["https:\/\/mairie-montataire.fr\/app\/uploads\/2024\/10\/Agenda_ReuPubliquePhase2PRU.jpg",450,335,false],"trp-custom-language-flag":["https:\/\/mairie-montataire.fr\/app\/uploads\/2024\/10\/Agenda_ReuPubliquePhase2PRU-16x12.jpg",16,12,true],"gform-image-choice-sm":["https:\/\/mairie-montataire.fr\/app\/uploads\/2024\/10\/Agenda_ReuPubliquePhase2PRU.jpg",300,223,false],"gform-image-choice-md":["https:\/\/mairie-montataire.fr\/app\/uploads\/2024\/10\/Agenda_ReuPubliquePhase2PRU.jpg",400,298,false],"gform-image-choice-lg":["https:\/\/mairie-montataire.fr\/app\/uploads\/2024\/10\/Agenda_ReuPubliquePhase2PRU.jpg",450,335,false]},"uagb_author_info":{"display_name":"Laure Pubert","author_link":"https:\/\/mairie-montataire.fr\/en\/actualites\/author\/"},"uagb_comment_info":0,"uagb_excerpt":"La Ville de Montataire poursuit la transformation du quartier des Martinets dans le cadre du Nouveau Programme National de Renouvellement Urbain (NPNRU). Apr\u00e8s une premi\u00e8re \u00e9tape d\u00e9j\u00e0 engag\u00e9e, la phase 2 du projet sera pr\u00e9sent\u00e9e lors d\u2019une r\u00e9union publique : d\u00e9couvrez les nouveaux espaces verts et les abords du coll\u00e8ge Anatole France. D\u00e8s 16h45 :&hellip;","_links":{"self":[{"href":"https:\/\/mairie-montataire.fr\/en\/wp-json\/wp\/v2\/event\/4782","targetHints":{"allow":["GET"]}}],"collection":[{"href":"https:\/\/mairie-montataire.fr\/en\/wp-json\/wp\/v2\/event"}],"about":[{"href":"https:\/\/mairie-montataire.fr\/en\/wp-json\/wp\/v2\/types\/event"}],"wp:featuredmedia":[{"embeddable":true,"href":"https:\/\/mairie-montataire.fr\/en\/wp-json\/wp\/v2\/media\/6989"}],"wp:attachment":[{"href":"https:\/\/mairie-montataire.fr\/en\/wp-json\/wp\/v2\/media?parent=4782"}],"wp:term":[{"taxonomy":"event-theme","embeddable":true,"href":"https:\/\/mairie-montataire.fr\/en\/wp-json\/wp\/v2\/event-theme?post=4782"}],"curies":[{"name":"wp","href":"https:\/\/api.w.org\/{rel}","templated":true}]}}

La Ville de Montataire poursuit la transformation du quartier des Martinets dans le cadre du Nouveau Programme National de Renouvellement Urbain (NPNRU). Après une première étape déjà engagée, la phase 2 du projet sera présentée lors d’une réunion publique : découvrez les nouveaux espaces verts et les abords du collège Anatole France. Dès 16h45 :&hellip;
