{"id":4295,"date":"2025-09-17T08:53:48","date_gmt":"2025-09-17T08:53:48","guid":{"rendered":"https:\/\/montataire.mentalworks.me\/?post_type=event&#038;p=4295"},"modified":"2025-09-17T08:54:01","modified_gmt":"2025-09-17T08:54:01","slug":"blue-week","status":"publish","type":"event","link":"https:\/\/mairie-montataire.fr\/en\/agenda\/%theme%\/la-semaine-bleue\/","title":{"rendered":"Blue Week"},"content":{"rendered":"<p><strong>Workshops to take care of yourself and the planet, humour and outings...<br>Don't miss these moments of relaxation and sharing!<\/strong><\/p>\n\n\n\n<div style=\"height:39px\" aria-hidden=\"true\" class=\"wp-block-spacer\"><\/div>\n\n\n<div class=\"highlight\">\n                <div class=\"highlight__description\"><p style=\"text-align: center;\"><span style=\"color: #993300;\"><strong>ATTENTION<\/strong><\/span><br \/>\n<span style=\"color: #993300;\"><strong>Registration for Blue Week activities will take place at<\/strong><\/span><br \/>\n<span style=\"color: #993300;\"><strong>Thursday 18 September from 2pm at the Maurice Mignon residence.<\/strong><\/span><\/p>\n<\/div>\n    <\/div>\n\n\n<div style=\"height:39px\" aria-hidden=\"true\" class=\"wp-block-spacer\"><\/div>\n\n\n\n<div class=\"wp-block-uagb-container uagb-block-f2d2cfb0 alignfull uagb-is-root-container\"><div class=\"uagb-container-inner-blocks-wrap\">\n<div class=\"wp-block-uagb-container uagb-block-4d709393\">\n<h3 class=\"wp-block-heading has-text-align-center\">MONDAY 6 OCTOBER: PLEIN AIR<\/h3>\n\n\n\n<p><strong><mark style=\"background-color:rgba(0, 0, 0, 0)\" class=\"has-inline-color has-primary-800-color\">\/\/ <\/mark>9.30am: At the independent residence<\/strong><br>Walking workshop and sports activities on a health trail <strong>by students from the Lyc\u00e9e Andr\u00e9 Malraux<\/strong> Certificat de sp\u00e9cialisation animation\" and \"Aide soin et service \u00e0 la personne\" sections. The course will be adapted to suit your physical abilities. <br><strong><em>Make sure you wear trainers.<\/em><\/strong><br><br><strong><mark style=\"background-color:rgba(0, 0, 0, 0)\" class=\"has-inline-color has-primary-800-color\">\/\/<\/mark><\/strong> <strong>11h :<\/strong> <strong>At the independent residence<\/strong><br>After the effort, a vitamin drink concocted by residents will be offered to all participants.<br><br><strong><mark style=\"background-color:rgba(0, 0, 0, 0)\" class=\"has-inline-color has-primary-800-color\">\/\/<\/mark><\/strong> <strong>2pm: In the Prieur\u00e9 urban park<br><\/strong>Le <a href=\"https:\/\/mairie-montataire.fr\/en\/visit\/environment\/prieure-urban-park\/\">Priory urban park<\/a> is a green space covering more than 30 hectares right in the middle of the city! A real green lung! The area is maintained to preserve its rich flora and fauna. On your walk, you might come across a few moorhens, ducks, great crested grebes and, with a bit of luck, deer. The tour is offered by <strong>Alice H\u00e9nique<\/strong>wetlands technician at the Th\u00e9rain Valley intercommunal association.<\/p>\n<\/div>\n\n\n\n<div class=\"wp-block-uagb-container uagb-block-9e5744ba\">\n<h3 class=\"wp-block-heading has-text-align-center\">TUESDAY 7 OCTOBER : <br>DANCE AND CABARET<\/h3>\n\n\n\n<p><strong><mark style=\"background-color:rgba(0, 0, 0, 0)\" class=\"has-inline-color has-primary-800-color\">\/\/<\/mark><\/strong> <strong>9am to 12pm: At the independent residence<\/strong><br>After a good coffee, get moving, have fun and stay in shape! Join our line dancing class, led by dance teacher Karine.<br>Whether you're a beginner or a seasoned veteran, the course is open to everyone!<br><br><strong><mark style=\"background-color:rgba(0, 0, 0, 0)\" class=\"has-inline-color has-primary-800-color\">\/\/<\/mark><\/strong> <strong>2pm: At the independent residence<\/strong><br>Come and enjoy the cabaret reading by<br>Women in solidarity. A joyful afternoon<br>and entertaining, with sketches full of humour.<br>humour and good humour, on the theme of<br>well-being. Laughter guaranteed!<\/p>\n<\/div>\n\n\n\n<div class=\"wp-block-uagb-container uagb-block-75bfef56\">\n<h3 class=\"wp-block-heading has-text-align-center\">WEDNESDAY 8 OCTOBER : <br>ART AND FILM <em>in partnership with the cultural department<\/em><\/h3>\n\n\n\n<p><strong><mark style=\"background-color:rgba(0, 0, 0, 0)\" class=\"has-inline-color has-primary-800-color\">\/\/<\/mark><\/strong> <strong>9am: At the independent residence<\/strong><br>After sharing a coffee, would you like to see yourself in a new light and with a sense of humour? Discover caricature with a professional, Jean Marie Lagadec. You'll learn the art of caricature: how to exaggerate features, sketch an expression and above all have fun together.<br><br><strong><mark style=\"background-color:rgba(0, 0, 0, 0)\" class=\"has-inline-color has-primary-800-color\">\/\/<\/mark><\/strong> <strong>2pm: Cin\u00e9ma Le Palace<\/strong><br>For <strong><em>2\u20ac50 per person<\/em><\/strong> take part in the screening of the comedy \" <strong><em>Case d\u00e9part<\/em><\/strong> \"starring Fabrice Ebou\u00e9 and Thomas Ngijol. R\u00e9gis, an integrated executive, and Jo\u00ebl, unemployed and angry, are two half-brothers with nothing in common. Called to Martinique to see their dying father, they inherit a deed of emancipation from one of their enslaved ancestors. Contemptuous, they tear it up. Their aunt, outraged, magically sends them back to 1780, at the height of the slave era. A satirical comedy with a fantastic twist, combining black humour, social criticism and a powerful message about slavery and the transmission of history.<\/p>\n\n\n\n<div class=\"wp-block-uagb-image uagb-block-0a47c6c5 wp-block-uagb-image--layout-default wp-block-uagb-image--effect-static wp-block-uagb-image--align-none\"><figure class=\"wp-block-uagb-image__figure\"><img decoding=\"async\" srcset=\"https:\/\/mairie-montataire.fr\/app\/uploads\/2025\/07\/Agenda_CaseDepart.jpg ,https:\/\/mairie-montataire.fr\/app\/uploads\/2025\/07\/Agenda_CaseDepart.jpg 780w, https:\/\/mairie-montataire.fr\/app\/uploads\/2025\/07\/Agenda_CaseDepart.jpg 360w\" sizes=\"auto, (max-width: 480px) 150px\" src=\"https:\/\/mairie-montataire.fr\/app\/uploads\/2025\/07\/Agenda_CaseDepart.jpg\" alt=\"\" class=\"uag-image-6562\" width=\"7132\" height=\"4636\" title=\"Agenda_CaseDepart\" loading=\"lazy\" role=\"img\"\/><figcaption class=\"uagb-image-caption\">Rights Reserved<\/figcaption><\/figure><\/div>\n<\/div>\n\n\n\n<div class=\"wp-block-uagb-container uagb-block-cc3e20b0\">\n<h3 class=\"wp-block-heading has-text-align-center\">THURSDAY 9 OCTOBER : <br>ABOUT THE GAME <em>in partnership with the public reading department<\/em><\/h3>\n\n\n\n<p class=\"has-text-align-left\">Workshops on games in all their forms.<br><br><strong><mark style=\"background-color:rgba(0, 0, 0, 0)\" class=\"has-inline-color has-primary-800-color\">\/\/<\/mark><\/strong> <strong>9am: At the independent residence<\/strong><br>Have a chat over a cup of coffee, and then it's off to the video games! (Re)discover simple, fun and accessible digital games. On the programme: games of reflection, sport or cooperation... A chance to share a moment of complicity while stimulating memory and coordination.<br><br><strong><mark style=\"background-color:rgba(0, 0, 0, 0)\" class=\"has-inline-color has-primary-800-color\">\/\/<\/mark><\/strong> <strong>2pm: At the independent residence<\/strong><br>Back to the classics with board games for all tastes. Compete in card games, dominoes, board games and quizzes. It's a great way to get together for a chat, share a laugh, tell a few anecdotes and show your ingenuity.<\/p>\n<\/div>\n\n\n\n<div class=\"wp-block-uagb-container uagb-block-3ec7ee68\">\n<h3 class=\"wp-block-heading has-text-align-center\">FRIDAY 10 OCTOBER: OUTING<\/h3>\n\n\n\n<p class=\"has-text-align-left\">Meet at 1.30 pm in the Ambroise car park<br>Croizat, returning around 7pm.<br><br><strong><mark style=\"background-color:rgba(0, 0, 0, 0)\" class=\"has-inline-color has-primary-800-color\">\/\/<\/mark><\/strong> <strong>Outing to discover the Cit\u00e9 Internationale de la Langue Fran\u00e7aise in Villers-Cotter\u00eats<\/strong><br>For <strong><em>10 per person<\/em><\/strong>Discover a unique venue dedicated to the richness and diversity of the French language. Through interactive exhibitions of artwork, historical documents and digital installations, explore the many facets of our language, whether written, spoken or sung! It's a fun, friendly cultural outing where every word takes on a new meaning.<\/p>\n<\/div>\n\n\n\n<div class=\"wp-block-uagb-container uagb-block-6bfa56d7\">\n<h3 class=\"wp-block-heading has-text-align-center\">SATURDAY 11 OCTOBER :<br>THEATRE OUTING AT THE PALACE<br>GRAIN DE SEL<br>COMPAGNIE LICORNE DE BRUME<\/h3>\n\n\n\n<p><strong><mark style=\"background-color:rgba(0, 0, 0, 0)\" class=\"has-inline-color has-primary-800-color\">\/\/<\/mark><\/strong> <strong>From 10am: At the independent residence<\/strong><br>To mark the end of the Semaine Nationale des Retrait\u00e9s, the independent residence is opening its doors to the general public. The team and residents invite you to come and visit the rooms and discover this warm and welcoming environment. Get up close to the residents' day-to-day lives, talk to the staff and immerse yourself in an atmosphere where well-being and conviviality are at the heart of our concerns. Retirees, future retirees, families and the curious are all welcome!<br><br><strong><mark style=\"background-color:rgba(0, 0, 0, 0)\" class=\"has-inline-color has-primary-800-color\">\/\/<\/mark><\/strong> <strong>3pm: At the Palace <\/strong><br>\" <strong><em>Hallucination <\/em><\/strong>\"a mentalism show at <strong><em>2\u20ac50 per seat<\/em><\/strong>. Whether you love hypnosis or hate it, this show is for you! Here, no one will collapse on stage, forget their first name or their mother tongue. Because this isn't a hypnosis show, it's a show about hypnosis. If you think hypnosis is extraordinary and supernatural, you're bound to leave disappointed. But if you think hypnosis is a big scam, you may well come away amazed. Shake up your certainties and question the beliefs surrounding hypnosis together. Enjoy a good coffee after the show too!<\/p>\n\n\n\n<div class=\"wp-block-uagb-image uagb-block-042b5810 wp-block-uagb-image--layout-default wp-block-uagb-image--effect-static wp-block-uagb-image--align-none\"><figure class=\"wp-block-uagb-image__figure\"><img decoding=\"async\" srcset=\"https:\/\/mairie-montataire.fr\/app\/uploads\/2025\/07\/Hallucination-credit-Thomas-OBrienBD-1024x683.jpg ,https:\/\/mairie-montataire.fr\/app\/uploads\/2025\/07\/Hallucination-credit-Thomas-OBrienBD-scaled.jpg 780w, https:\/\/mairie-montataire.fr\/app\/uploads\/2025\/07\/Hallucination-credit-Thomas-OBrienBD-scaled.jpg 360w\" sizes=\"auto, (max-width: 480px) 150px\" src=\"https:\/\/mairie-montataire.fr\/app\/uploads\/2025\/07\/Hallucination-credit-Thomas-OBrienBD-1024x683.jpg\" alt=\"\" class=\"uag-image-6619\" width=\"450\" height=\"335\" title=\"Hallucination -credit Thomas O&#039;BrienBD\" loading=\"lazy\" role=\"img\"\/><figcaption class=\"uagb-image-caption\">Thomas O'Brien<\/figcaption><\/figure><\/div>\n<\/div>\n<\/div><\/div>\n\n\n\n<p><\/p>","protected":false},"featured_media":4292,"parent":0,"template":"","meta":{"_acf_changed":true,"_uag_custom_page_level_css":""},"event-theme":[],"class_list":["post-4295","event","type-event","status-publish","has-post-thumbnail","hentry"],"acf":[],"uagb_featured_image_src":{"full":["https:\/\/mairie-montataire.fr\/app\/uploads\/2024\/09\/Agenda_SemaineBleue24.jpg",450,335,false],"thumbnail":["https:\/\/mairie-montataire.fr\/app\/uploads\/2024\/09\/Agenda_SemaineBleue24-150x150.jpg",150,150,true],"medium":["https:\/\/mairie-montataire.fr\/app\/uploads\/2024\/09\/Agenda_SemaineBleue24-300x223.jpg",300,223,true],"medium_large":["https:\/\/mairie-montataire.fr\/app\/uploads\/2024\/09\/Agenda_SemaineBleue24.jpg",450,335,false],"large":["https:\/\/mairie-montataire.fr\/app\/uploads\/2024\/09\/Agenda_SemaineBleue24.jpg",450,335,false],"1536x1536":["https:\/\/mairie-montataire.fr\/app\/uploads\/2024\/09\/Agenda_SemaineBleue24.jpg",450,335,false],"2048x2048":["https:\/\/mairie-montataire.fr\/app\/uploads\/2024\/09\/Agenda_SemaineBleue24.jpg",450,335,false],"trp-custom-language-flag":["https:\/\/mairie-montataire.fr\/app\/uploads\/2024\/09\/Agenda_SemaineBleue24-16x12.jpg",16,12,true],"gform-image-choice-sm":["https:\/\/mairie-montataire.fr\/app\/uploads\/2024\/09\/Agenda_SemaineBleue24.jpg",300,223,false],"gform-image-choice-md":["https:\/\/mairie-montataire.fr\/app\/uploads\/2024\/09\/Agenda_SemaineBleue24.jpg",400,298,false],"gform-image-choice-lg":["https:\/\/mairie-montataire.fr\/app\/uploads\/2024\/09\/Agenda_SemaineBleue24.jpg",450,335,false]},"uagb_author_info":{"display_name":"Laure Pubert","author_link":"https:\/\/mairie-montataire.fr\/en\/actualites\/author\/"},"uagb_comment_info":0,"uagb_excerpt":"Des ateliers pour prendre soin de soi et de la plan\u00e8te, de l&rsquo;humour mais \u00e9galement des sorties\u2026Ne manquez pas ces moments de d\u00e9tente et de partage ! LUNDI 6 OCTOBRE : PLEIN AIR \/\/ 9h30 : \u00c0 la r\u00e9sidence autonomieAtelier marche et activit\u00e9s sportives via un parcours sant\u00e9 propos\u00e9s par les \u00e9l\u00e8ves du lyc\u00e9e Andr\u00e9&hellip;","_links":{"self":[{"href":"https:\/\/mairie-montataire.fr\/en\/wp-json\/wp\/v2\/event\/4295","targetHints":{"allow":["GET"]}}],"collection":[{"href":"https:\/\/mairie-montataire.fr\/en\/wp-json\/wp\/v2\/event"}],"about":[{"href":"https:\/\/mairie-montataire.fr\/en\/wp-json\/wp\/v2\/types\/event"}],"wp:featuredmedia":[{"embeddable":true,"href":"https:\/\/mairie-montataire.fr\/en\/wp-json\/wp\/v2\/media\/4292"}],"wp:attachment":[{"href":"https:\/\/mairie-montataire.fr\/en\/wp-json\/wp\/v2\/media?parent=4295"}],"wp:term":[{"taxonomy":"event-theme","embeddable":true,"href":"https:\/\/mairie-montataire.fr\/en\/wp-json\/wp\/v2\/event-theme?post=4295"}],"curies":[{"name":"wp","href":"https:\/\/api.w.org\/{rel}","templated":true}]}}

<p><strong>Workshops to take care of yourself and the planet, humour and outings...<br>Don't miss these moments of relaxation and sharing!</strong></p>



<div style="height:39px" aria-hidden="true" class="wp-block-spacer"></div>


<div class="highlight">
                <div class="highlight__description"><p style="text-align: center;"><span style="color: #993300;"><strong>ATTENTION</strong></span><br />
<span style="color: #993300;"><strong>Registration for Blue Week activities will take place at</strong></span><br />
<span style="color: #993300;"><strong>Thursday 18 September from 2pm at the Maurice Mignon residence.</strong></span></p>
</div>
    </div>


<div style="height:39px" aria-hidden="true" class="wp-block-spacer"></div>



<div class="wp-block-uagb-container uagb-block-f2d2cfb0 alignfull uagb-is-root-container"><div class="uagb-container-inner-blocks-wrap">
<div class="wp-block-uagb-container uagb-block-4d709393">
<h3 class="wp-block-heading has-text-align-center">MONDAY 6 OCTOBER: PLEIN AIR</h3>



<p><strong><mark style="background-color:rgba(0, 0, 0, 0)" class="has-inline-color has-primary-800-color">// </mark>9.30am: At the independent residence</strong><br>Walking workshop and sports activities on a health trail <strong>by students from the Lycée André Malraux</strong> Certificat de spécialisation animation" and "Aide soin et service à la personne" sections. The course will be adapted to suit your physical abilities. <br><strong><em>Make sure you wear trainers.</em></strong><br><br><strong><mark style="background-color:rgba(0, 0, 0, 0)" class="has-inline-color has-primary-800-color">//</mark></strong> <strong>11h :</strong> <strong>At the independent residence</strong><br>After the effort, a vitamin drink concocted by residents will be offered to all participants.<br><br><strong><mark style="background-color:rgba(0, 0, 0, 0)" class="has-inline-color has-primary-800-color">//</mark></strong> <strong>2pm: In the Prieuré urban park<br></strong>Le <a href="https://mairie-montataire.fr/en/visit/environment/prieure-urban-park/">Priory urban park</a> is a green space covering more than 30 hectares right in the middle of the city! A real green lung! The area is maintained to preserve its rich flora and fauna. On your walk, you might come across a few moorhens, ducks, great crested grebes and, with a bit of luck, deer. The tour is offered by <strong>Alice Hénique</strong>wetlands technician at the Thérain Valley intercommunal association.</p>
</div>



<div class="wp-block-uagb-container uagb-block-9e5744ba">
<h3 class="wp-block-heading has-text-align-center">TUESDAY 7 OCTOBER : <br>DANCE AND CABARET</h3>



<p><strong><mark style="background-color:rgba(0, 0, 0, 0)" class="has-inline-color has-primary-800-color">//</mark></strong> <strong>9am to 12pm: At the independent residence</strong><br>After a good coffee, get moving, have fun and stay in shape! Join our line dancing class, led by dance teacher Karine.<br>Whether you're a beginner or a seasoned veteran, the course is open to everyone!<br><br><strong><mark style="background-color:rgba(0, 0, 0, 0)" class="has-inline-color has-primary-800-color">//</mark></strong> <strong>2pm: At the independent residence</strong><br>Come and enjoy the cabaret reading by<br>Women in solidarity. A joyful afternoon<br>and entertaining, with sketches full of humour.<br>humour and good humour, on the theme of<br>well-being. Laughter guaranteed!</p>
</div>



<div class="wp-block-uagb-container uagb-block-75bfef56">
<h3 class="wp-block-heading has-text-align-center">WEDNESDAY 8 OCTOBER : <br>ART AND FILM <em>in partnership with the cultural department</em></h3>



<p><strong><mark style="background-color:rgba(0, 0, 0, 0)" class="has-inline-color has-primary-800-color">//</mark></strong> <strong>9am: At the independent residence</strong><br>After sharing a coffee, would you like to see yourself in a new light and with a sense of humour? Discover caricature with a professional, Jean Marie Lagadec. You'll learn the art of caricature: how to exaggerate features, sketch an expression and above all have fun together.<br><br><strong><mark style="background-color:rgba(0, 0, 0, 0)" class="has-inline-color has-primary-800-color">//</mark></strong> <strong>2pm: Cinéma Le Palace</strong><br>For <strong><em>2€50 per person</em></strong> take part in the screening of the comedy " <strong><em>Case départ</em></strong> "starring Fabrice Eboué and Thomas Ngijol. Régis, an integrated executive, and Joël, unemployed and angry, are two half-brothers with nothing in common. Called to Martinique to see their dying father, they inherit a deed of emancipation from one of their enslaved ancestors. Contemptuous, they tear it up. Their aunt, outraged, magically sends them back to 1780, at the height of the slave era. A satirical comedy with a fantastic twist, combining black humour, social criticism and a powerful message about slavery and the transmission of history.</p>



<div class="wp-block-uagb-image uagb-block-0a47c6c5 wp-block-uagb-image--layout-default wp-block-uagb-image--effect-static wp-block-uagb-image--align-none"><figure class="wp-block-uagb-image__figure"><img decoding="async" srcset="https://mairie-montataire.fr/app/uploads/2025/07/Agenda_CaseDepart.jpg ,https://mairie-montataire.fr/app/uploads/2025/07/Agenda_CaseDepart.jpg 780w, https://mairie-montataire.fr/app/uploads/2025/07/Agenda_CaseDepart.jpg 360w" sizes="auto, (max-width: 480px) 150px" src="https://mairie-montataire.fr/app/uploads/2025/07/Agenda_CaseDepart.jpg" alt="" class="uag-image-6562" width="7132" height="4636" title="Agenda_CaseDepart" loading="lazy" role="img"/><figcaption class="uagb-image-caption">Rights Reserved</figcaption></figure></div>
</div>



<div class="wp-block-uagb-container uagb-block-cc3e20b0">
<h3 class="wp-block-heading has-text-align-center">THURSDAY 9 OCTOBER : <br>ABOUT THE GAME <em>in partnership with the public reading department</em></h3>



<p class="has-text-align-left">Workshops on games in all their forms.<br><br><strong><mark style="background-color:rgba(0, 0, 0, 0)" class="has-inline-color has-primary-800-color">//</mark></strong> <strong>9am: At the independent residence</strong><br>Have a chat over a cup of coffee, and then it's off to the video games! (Re)discover simple, fun and accessible digital games. On the programme: games of reflection, sport or cooperation... A chance to share a moment of complicity while stimulating memory and coordination.<br><br><strong><mark style="background-color:rgba(0, 0, 0, 0)" class="has-inline-color has-primary-800-color">//</mark></strong> <strong>2pm: At the independent residence</strong><br>Back to the classics with board games for all tastes. Compete in card games, dominoes, board games and quizzes. It's a great way to get together for a chat, share a laugh, tell a few anecdotes and show your ingenuity.</p>
</div>



<div class="wp-block-uagb-container uagb-block-3ec7ee68">
<h3 class="wp-block-heading has-text-align-center">FRIDAY 10 OCTOBER: OUTING</h3>



<p class="has-text-align-left">Meet at 1.30 pm in the Ambroise car park<br>Croizat, returning around 7pm.<br><br><strong><mark style="background-color:rgba(0, 0, 0, 0)" class="has-inline-color has-primary-800-color">//</mark></strong> <strong>Outing to discover the Cité Internationale de la Langue Française in Villers-Cotterêts</strong><br>For <strong><em>10 per person</em></strong>Discover a unique venue dedicated to the richness and diversity of the French language. Through interactive exhibitions of artwork, historical documents and digital installations, explore the many facets of our language, whether written, spoken or sung! It's a fun, friendly cultural outing where every word takes on a new meaning.</p>
</div>



<div class="wp-block-uagb-container uagb-block-6bfa56d7">
<h3 class="wp-block-heading has-text-align-center">SATURDAY 11 OCTOBER :<br>THEATRE OUTING AT THE PALACE<br>GRAIN DE SEL<br>COMPAGNIE LICORNE DE BRUME</h3>



<p><strong><mark style="background-color:rgba(0, 0, 0, 0)" class="has-inline-color has-primary-800-color">//</mark></strong> <strong>From 10am: At the independent residence</strong><br>To mark the end of the Semaine Nationale des Retraités, the independent residence is opening its doors to the general public. The team and residents invite you to come and visit the rooms and discover this warm and welcoming environment. Get up close to the residents' day-to-day lives, talk to the staff and immerse yourself in an atmosphere where well-being and conviviality are at the heart of our concerns. Retirees, future retirees, families and the curious are all welcome!<br><br><strong><mark style="background-color:rgba(0, 0, 0, 0)" class="has-inline-color has-primary-800-color">//</mark></strong> <strong>3pm: At the Palace </strong><br>" <strong><em>Hallucination </em></strong>"a mentalism show at <strong><em>2€50 per seat</em></strong>. Whether you love hypnosis or hate it, this show is for you! Here, no one will collapse on stage, forget their first name or their mother tongue. Because this isn't a hypnosis show, it's a show about hypnosis. If you think hypnosis is extraordinary and supernatural, you're bound to leave disappointed. But if you think hypnosis is a big scam, you may well come away amazed. Shake up your certainties and question the beliefs surrounding hypnosis together. Enjoy a good coffee after the show too!</p>



<div class="wp-block-uagb-image uagb-block-042b5810 wp-block-uagb-image--layout-default wp-block-uagb-image--effect-static wp-block-uagb-image--align-none"><figure class="wp-block-uagb-image__figure"><img decoding="async" srcset="https://mairie-montataire.fr/app/uploads/2025/07/Hallucination-credit-Thomas-OBrienBD-1024x683.jpg ,https://mairie-montataire.fr/app/uploads/2025/07/Hallucination-credit-Thomas-OBrienBD-scaled.jpg 780w, https://mairie-montataire.fr/app/uploads/2025/07/Hallucination-credit-Thomas-OBrienBD-scaled.jpg 360w" sizes="auto, (max-width: 480px) 150px" src="https://mairie-montataire.fr/app/uploads/2025/07/Hallucination-credit-Thomas-OBrienBD-1024x683.jpg" alt="" class="uag-image-6619" width="450" height="335" title="Hallucination -credit Thomas O&#039;BrienBD" loading="lazy" role="img"/><figcaption class="uagb-image-caption">Thomas O'Brien</figcaption></figure></div>
</div>
</div></div>



<p></p>

Des ateliers pour prendre soin de soi et de la planète, de l&rsquo;humour mais également des sorties…Ne manquez pas ces moments de détente et de partage ! LUNDI 6 OCTOBRE : PLEIN AIR // 9h30 : À la résidence autonomieAtelier marche et activités sportives via un parcours santé proposés par les élèves du lycée André&hellip;
