{"id":4233,"date":"2024-09-03T13:01:47","date_gmt":"2024-09-03T13:01:47","guid":{"rendered":"https:\/\/montataire.mentalworks.me\/?post_type=event&#038;p=4233"},"modified":"2024-09-04T08:58:50","modified_gmt":"2024-09-04T08:58:50","slug":"neighbourhood-employment-tables","status":"publish","type":"event","link":"https:\/\/mairie-montataire.fr\/en\/agenda\/rencontres\/tables-de-quartier-emploi\/","title":{"rendered":"Local employment tables"},"content":{"rendered":"<p>The Table de Quartier Emploi is coming to your street! <\/p>\n\n\n\n<p>It's an opportunity for anyone looking for a job or training to come and talk and find out more. <\/p>\n\n\n\n<p>Whether you're looking for your first job, changing careers or just curious about new opportunities, this meeting is for you. <strong>Take advantage of this friendly space to talk to professionals, ask your questions and get personalised advice to boost your career. Don't miss out on this chance to move your projects forward!<\/strong><\/p>\n\n\n\n<div style=\"height:100px\" aria-hidden=\"true\" class=\"wp-block-spacer\"><\/div>\n\n\n\n<div class=\"wp-block-uagb-image uagb-block-e3fd396d wp-block-uagb-image--layout-default wp-block-uagb-image--effect-static wp-block-uagb-image--align-none\"><figure class=\"wp-block-uagb-image__figure\"><img decoding=\"async\" srcset=\"https:\/\/mairie-montataire.fr\/app\/uploads\/2024\/09\/Agenda_TablesQuartierEmploi_logo-1024x202.jpg ,https:\/\/mairie-montataire.fr\/app\/uploads\/2024\/09\/Agenda_TablesQuartierEmploi_logo.jpg 780w, https:\/\/mairie-montataire.fr\/app\/uploads\/2024\/09\/Agenda_TablesQuartierEmploi_logo.jpg 360w\" sizes=\"auto, (max-width: 480px) 150px\" src=\"https:\/\/mairie-montataire.fr\/app\/uploads\/2024\/09\/Agenda_TablesQuartierEmploi_logo-1024x202.jpg\" alt=\"\" class=\"uag-image-4238\" width=\"1024\" height=\"202\" title=\"Agenda_TablesQuartierEmploi_logo\" loading=\"lazy\" role=\"img\"\/><\/figure><\/div>","protected":false},"featured_media":4235,"parent":0,"template":"","meta":{"_acf_changed":true,"_uag_custom_page_level_css":""},"event-theme":[78],"class_list":["post-4233","event","type-event","status-publish","has-post-thumbnail","hentry","event-theme-rencontres"],"acf":[],"uagb_featured_image_src":{"full":["https:\/\/mairie-montataire.fr\/app\/uploads\/2024\/09\/Agenda_TablesQuartierEmploi.jpg",450,335,false],"thumbnail":["https:\/\/mairie-montataire.fr\/app\/uploads\/2024\/09\/Agenda_TablesQuartierEmploi-150x150.jpg",150,150,true],"medium":["https:\/\/mairie-montataire.fr\/app\/uploads\/2024\/09\/Agenda_TablesQuartierEmploi-300x223.jpg",300,223,true],"medium_large":["https:\/\/mairie-montataire.fr\/app\/uploads\/2024\/09\/Agenda_TablesQuartierEmploi.jpg",450,335,false],"large":["https:\/\/mairie-montataire.fr\/app\/uploads\/2024\/09\/Agenda_TablesQuartierEmploi.jpg",450,335,false],"1536x1536":["https:\/\/mairie-montataire.fr\/app\/uploads\/2024\/09\/Agenda_TablesQuartierEmploi.jpg",450,335,false],"2048x2048":["https:\/\/mairie-montataire.fr\/app\/uploads\/2024\/09\/Agenda_TablesQuartierEmploi.jpg",450,335,false],"trp-custom-language-flag":["https:\/\/mairie-montataire.fr\/app\/uploads\/2024\/09\/Agenda_TablesQuartierEmploi-16x12.jpg",16,12,true],"gform-image-choice-sm":["https:\/\/mairie-montataire.fr\/app\/uploads\/2024\/09\/Agenda_TablesQuartierEmploi.jpg",300,223,false],"gform-image-choice-md":["https:\/\/mairie-montataire.fr\/app\/uploads\/2024\/09\/Agenda_TablesQuartierEmploi.jpg",400,298,false],"gform-image-choice-lg":["https:\/\/mairie-montataire.fr\/app\/uploads\/2024\/09\/Agenda_TablesQuartierEmploi.jpg",450,335,false]},"uagb_author_info":{"display_name":"Laure Pubert","author_link":"https:\/\/mairie-montataire.fr\/en\/actualites\/author\/"},"uagb_comment_info":0,"uagb_excerpt":"La Table de Quartier Emploi s&rsquo;installe dans ta rue ! C&rsquo;est une occasion pour toutes les personnes en recherche d&#8217;emploi ou de formation de venir \u00e9changer et se renseigner. Que tu sois \u00e0 la recherche de ton premier emploi, en reconversion professionnelle, ou simplement curieux de d\u00e9couvrir de nouvelles opportunit\u00e9s, cette rencontre est faite pour&hellip;","_links":{"self":[{"href":"https:\/\/mairie-montataire.fr\/en\/wp-json\/wp\/v2\/event\/4233","targetHints":{"allow":["GET"]}}],"collection":[{"href":"https:\/\/mairie-montataire.fr\/en\/wp-json\/wp\/v2\/event"}],"about":[{"href":"https:\/\/mairie-montataire.fr\/en\/wp-json\/wp\/v2\/types\/event"}],"wp:featuredmedia":[{"embeddable":true,"href":"https:\/\/mairie-montataire.fr\/en\/wp-json\/wp\/v2\/media\/4235"}],"wp:attachment":[{"href":"https:\/\/mairie-montataire.fr\/en\/wp-json\/wp\/v2\/media?parent=4233"}],"wp:term":[{"taxonomy":"event-theme","embeddable":true,"href":"https:\/\/mairie-montataire.fr\/en\/wp-json\/wp\/v2\/event-theme?post=4233"}],"curies":[{"name":"wp","href":"https:\/\/api.w.org\/{rel}","templated":true}]}}

La Table de Quartier Emploi s&rsquo;installe dans ta rue ! C&rsquo;est une occasion pour toutes les personnes en recherche d&#8217;emploi ou de formation de venir échanger et se renseigner. Que tu sois à la recherche de ton premier emploi, en reconversion professionnelle, ou simplement curieux de découvrir de nouvelles opportunités, cette rencontre est faite pour&hellip;
