{"id":1271,"date":"2024-07-16T13:56:34","date_gmt":"2024-07-16T13:56:34","guid":{"rendered":"https:\/\/montataire.mentalworks.me\/?post_type=directory&#038;p=1271"},"modified":"2024-08-20T14:46:14","modified_gmt":"2024-08-20T14:46:14","slug":"federation-nationale-des-deportes-internes-resistants-et-patriotes-fndirp-oise","status":"publish","type":"directory","link":"https:\/\/mairie-montataire.fr\/en\/annuaires\/associations\/memoire-et-patrimoine\/federation-nationale-des-deportes-internes-resistants-et-patriotes-fndirp-oise\/","title":{"rendered":"F\u00e9d\u00e9ration Nationale des D\u00e9port\u00e9s, Intern\u00e9s, R\u00e9sistants et Patriotes (FNDIRP) - Oise (France)"},"content":{"rendered":"<div class=\"wp-block-uagb-image alignleft uagb-block-9b538d35 wp-block-uagb-image--layout-default wp-block-uagb-image--effect-static wp-block-uagb-image--align-left\"><figure class=\"wp-block-uagb-image__figure\"><img decoding=\"async\" srcset=\"https:\/\/mairie-montataire.fr\/app\/uploads\/2024\/08\/Logo_FNDIRP-1016x1024.png ,https:\/\/mairie-montataire.fr\/app\/uploads\/2024\/08\/Logo_FNDIRP.png 780w, https:\/\/mairie-montataire.fr\/app\/uploads\/2024\/08\/Logo_FNDIRP.png 360w\" sizes=\"auto, (max-width: 480px) 150px\" src=\"https:\/\/mairie-montataire.fr\/app\/uploads\/2024\/08\/Logo_FNDIRP-1016x1024.png\" alt=\"\" class=\"uag-image-2822\" width=\"173\" height=\"174\" title=\"Logo_FNDIRP\" loading=\"lazy\" role=\"img\"\/><\/figure><\/div>","protected":false},"featured_media":2763,"parent":0,"template":"","meta":{"_acf_changed":true,"_uag_custom_page_level_css":""},"directory-type":[37,42],"class_list":["post-1271","directory","type-directory","status-publish","has-post-thumbnail","hentry","directory-type-associations","directory-type-memoire-et-patrimoine"],"acf":[],"uagb_featured_image_src":{"full":["https:\/\/mairie-montataire.fr\/app\/uploads\/2024\/08\/Logo_FNDIRP.jpg",270,230,false],"thumbnail":["https:\/\/mairie-montataire.fr\/app\/uploads\/2024\/08\/Logo_FNDIRP-150x150.jpg",150,150,true],"medium":["https:\/\/mairie-montataire.fr\/app\/uploads\/2024\/08\/Logo_FNDIRP.jpg",270,230,false],"medium_large":["https:\/\/mairie-montataire.fr\/app\/uploads\/2024\/08\/Logo_FNDIRP.jpg",270,230,false],"large":["https:\/\/mairie-montataire.fr\/app\/uploads\/2024\/08\/Logo_FNDIRP.jpg",270,230,false],"1536x1536":["https:\/\/mairie-montataire.fr\/app\/uploads\/2024\/08\/Logo_FNDIRP.jpg",270,230,false],"2048x2048":["https:\/\/mairie-montataire.fr\/app\/uploads\/2024\/08\/Logo_FNDIRP.jpg",270,230,false],"trp-custom-language-flag":["https:\/\/mairie-montataire.fr\/app\/uploads\/2024\/08\/Logo_FNDIRP.jpg",14,12,false],"gform-image-choice-sm":["https:\/\/mairie-montataire.fr\/app\/uploads\/2024\/08\/Logo_FNDIRP.jpg",270,230,false],"gform-image-choice-md":["https:\/\/mairie-montataire.fr\/app\/uploads\/2024\/08\/Logo_FNDIRP.jpg",270,230,false],"gform-image-choice-lg":["https:\/\/mairie-montataire.fr\/app\/uploads\/2024\/08\/Logo_FNDIRP.jpg",270,230,false]},"uagb_author_info":{"display_name":"Laure Pubert","author_link":"https:\/\/mairie-montataire.fr\/en\/actualites\/author\/"},"uagb_comment_info":0,"uagb_excerpt":null,"_links":{"self":[{"href":"https:\/\/mairie-montataire.fr\/en\/wp-json\/wp\/v2\/directory\/1271","targetHints":{"allow":["GET"]}}],"collection":[{"href":"https:\/\/mairie-montataire.fr\/en\/wp-json\/wp\/v2\/directory"}],"about":[{"href":"https:\/\/mairie-montataire.fr\/en\/wp-json\/wp\/v2\/types\/directory"}],"wp:featuredmedia":[{"embeddable":true,"href":"https:\/\/mairie-montataire.fr\/en\/wp-json\/wp\/v2\/media\/2763"}],"wp:attachment":[{"href":"https:\/\/mairie-montataire.fr\/en\/wp-json\/wp\/v2\/media?parent=1271"}],"wp:term":[{"taxonomy":"directory-type","embeddable":true,"href":"https:\/\/mairie-montataire.fr\/en\/wp-json\/wp\/v2\/directory-type?post=1271"}],"curies":[{"name":"wp","href":"https:\/\/api.w.org\/{rel}","templated":true}]}}

Fédération Nationale des Déportés, Internés, Résistants et Patriotes (FNDIRP) - Oise (France)
