{"id":78,"date":"2024-05-03T09:17:14","date_gmt":"2024-05-03T09:17:14","guid":{"rendered":"https:\/\/montataire.local\/?page_id=78"},"modified":"2025-03-11T14:23:26","modified_gmt":"2025-03-11T14:23:26","slug":"gemeindeverwaltung","status":"publish","type":"page","link":"https:\/\/mairie-montataire.fr\/de\/s-informer\/administration-communale\/","title":{"rendered":"Gemeindeverwaltung"},"content":{"rendered":"<p>Montataire besch\u00e4ftigt ca. 350 Bedienstete, die in 7 Direktionen f\u00fcr den Betrieb der territorialen \u00f6ffentlichen Dienste zust\u00e4ndig sind:<\/p>\n\n\n\n<ul style=\"padding-right:var(--wp--preset--spacing--70);padding-left:var(--wp--preset--spacing--70)\" class=\"wp-block-list\">\n<li style=\"font-style:normal;font-weight:400\">Generaldirektion der Dienste<\/li>\n\n\n\n<li style=\"font-style:normal;font-weight:400\">Leitung der technischen Dienste<\/li>\n\n\n\n<li style=\"font-style:normal;font-weight:400\">Direktion f\u00fcr Finanzdienstleistungen<\/li>\n\n\n\n<li style=\"font-style:normal;font-weight:400\">Direktion f\u00fcr Humanressourcen<\/li>\n\n\n\n<li style=\"font-style:normal;font-weight:400\">Direction de l'enfance, de la jeunesse, du sport et des solidarit\u00e9s (Direktion f\u00fcr Kinder, Jugend, Sport und Solidarit\u00e4t)<\/li>\n\n\n\n<li style=\"font-style:normal;font-weight:400\">Direktion f\u00fcr sozialen Zusammenhalt und territoriale Entwicklung<\/li>\n\n\n\n<li style=\"font-style:normal;font-weight:400\">Direktion f\u00fcr Kommunikation, \u00d6ffentlichkeitsarbeit und partizipative Demokratie<\/li>\n<\/ul>\n\n\n\n<div style=\"height:37px\" aria-hidden=\"true\" class=\"wp-block-spacer\"><\/div>\n\n\n\t\t\t\t\t<div\n\t\t\t\t\t\tclass=\"wp-block-uagb-image-gallery uagb-block-2846bb85\"\n\t\t\t\t\t\tstyle=\"\"\n\t\t\t\t\t>\n\t\t\t\t\t\t\t\t\t\t\t<div class=\"spectra-image-gallery spectra-image-gallery__layout--masonry spectra-image-gallery__layout--masonry-col-1 spectra-image-gallery__layout--masonry-col-tab-1 spectra-image-gallery__layout--masonry-col-mob-1\">\n\t\t\t\t\t\t\t\t\t\t\t<div class='spectra-image-gallery__media-wrapper--isotope'>\n\t\t\t\t\t\t\t<div class='spectra-image-gallery__media-wrapper' data-spectra-gallery-image-id='5845' tabindex=\"0\">\n\t\t\t\t\t\t\t<div class=\"spectra-image-gallery__media spectra-image-gallery__media--masonry\">\n\t\t\t\t<picture>\n\t\t\t\t\t<source media=\"(min-width: 1024px)\" srcset=\"https:\/\/mairie-montataire.fr\/app\/uploads\/2025\/03\/OrganigrammeSansNom-scaled.jpg\">\n\t\t\t\t\t<source media=\"(min-width: 768px)\" srcset=\"https:\/\/mairie-montataire.fr\/app\/uploads\/2025\/03\/OrganigrammeSansNom-1024x724.jpg\">\n\t\t\t\t\t<img decoding=\"async\" class=\"spectra-image-gallery__media-thumbnail spectra-image-gallery__media-thumbnail--masonry\" src=\"https:\/\/mairie-montataire.fr\/app\/uploads\/2025\/03\/OrganigrammeSansNom-300x212.jpg\" alt=\"\" loading=\"lazy\" \/>\n\t\t\t\t<\/picture>\n\t\t\t\t<div class=\"spectra-image-gallery__media-thumbnail-blurrer\"><\/div>\n\t\t\t\t\t\t\t\t\t\t\t<div class=\"spectra-image-gallery__media-thumbnail-caption-wrapper spectra-image-gallery__media-thumbnail-caption-wrapper--overlay\"><\/div>\n\t\t\t\t\t\t\t\t<\/div>\n\t\t\t\t\t\t<\/div>\n\t\t\t\t\t\t<\/div>\n\t\t\t\t\t\t\t\t\t\t<\/div>\n\t\t\t\t\t\t\t\t\t\t\t\t\t\t\t\t\t\t<\/div>\n\t\t\t\t\t\t\t\t\t\t\t<div class='spectra-image-gallery__control-lightbox' tabindex='0'>\n\t\t\t\t\t\t\t\t\t\t\t<div class=\"swiper spectra-image-gallery__control-lightbox--main\" dir=\"\">\n\t\t\t\t\t<div class=\"swiper-wrapper\">\n\t\t\t\t\t\t\t\t\t\t\t\t\t\n\t\t\t\t\t\t\t<div class=\"swiper-slide\">\n\t\t\t\t\t\t\t\t<img class=\"swiper-lazy\" data-src=\"https:\/\/mairie-montataire.fr\/app\/uploads\/2025\/03\/OrganigrammeSansNom-scaled.jpg\" alt=\"\"\/>\n\t\t\t\t\t\t\t\t<div class=\"swiper-lazy-preloader swiper-lazy-preloader-white\"><\/div>\n\t\t\t\t\t\t\t\t\t\t\t\t\t\t\t<\/div>\n\t\t\t\t\t\t\t\t\t\t\t<\/div>\n\t\t\t\t\t<div class=\"swiper-button-next\"><\/div>\n\t\t\t\t\t<div class=\"swiper-button-prev\"><\/div>\n\t\t\t\t<\/div>\t\t\t\n\t\t\t\t\t\t\t\t\t\t\t\t\t\t\t\t\t\t\t\t\t\t\t\t\t\t\t\t\t\t\t\t<button class='spectra-image-gallery__control-lightbox--close' aria-label=\"Close\">\n\t\t\t\t\t\t\t\t\t\t\t\t\t<svg xmlns=\"https:\/\/www.w3.org\/2000\/svg\" viewbox= \"0 0 320 512\"><path d=\"M310.6 361.4c12.5 12.5 12.5 32.75 0 45.25C304.4 412.9 296.2 416 288 416s-16.38-3.125-22.62-9.375L160 301.3L54.63 406.6C48.38 412.9 40.19 416 32 416S15.63 412.9 9.375 406.6c-12.5-12.5-12.5-32.75 0-45.25l105.4-105.4L9.375 150.6c-12.5-12.5-12.5-32.75 0-45.25s32.75-12.5 45.25 0L160 210.8l105.4-105.4c12.5-12.5 32.75-12.5 45.25 0s12.5 32.75 0 45.25l-105.4 105.4L310.6 361.4z\"><\/path><\/svg>\n\t\t\t\t\t\t\t\t\t\t\t\t<\/button>\n\t\t\t\t\t\t\t\t\t\t\t\t\t<\/div>","protected":false},"excerpt":{"rendered":"<p>Montataire besch\u00e4ftigt ca. 350 Bedienstete, die in 7 Direktionen f\u00fcr den Betrieb der territorialen \u00f6ffentlichen Dienste zust\u00e4ndig sind:<\/p>","protected":false},"author":1,"featured_media":5842,"parent":36,"menu_order":66,"comment_status":"closed","ping_status":"closed","template":"","meta":{"_acf_changed":false,"_uag_custom_page_level_css":"","footnotes":""},"class_list":["post-78","page","type-page","status-publish","has-post-thumbnail","hentry"],"acf":[],"uagb_featured_image_src":{"full":["https:\/\/mairie-montataire.fr\/app\/uploads\/2025\/03\/3.5_Organigramme.jpg",500,350,false],"thumbnail":["https:\/\/mairie-montataire.fr\/app\/uploads\/2025\/03\/3.5_Organigramme-150x150.jpg",150,150,true],"medium":["https:\/\/mairie-montataire.fr\/app\/uploads\/2025\/03\/3.5_Organigramme-300x210.jpg",300,210,true],"medium_large":["https:\/\/mairie-montataire.fr\/app\/uploads\/2025\/03\/3.5_Organigramme.jpg",500,350,false],"large":["https:\/\/mairie-montataire.fr\/app\/uploads\/2025\/03\/3.5_Organigramme.jpg",500,350,false],"1536x1536":["https:\/\/mairie-montataire.fr\/app\/uploads\/2025\/03\/3.5_Organigramme.jpg",500,350,false],"2048x2048":["https:\/\/mairie-montataire.fr\/app\/uploads\/2025\/03\/3.5_Organigramme.jpg",500,350,false],"trp-custom-language-flag":["https:\/\/mairie-montataire.fr\/app\/uploads\/2025\/03\/3.5_Organigramme-18x12.jpg",18,12,true],"gform-image-choice-sm":["https:\/\/mairie-montataire.fr\/app\/uploads\/2025\/03\/3.5_Organigramme.jpg",300,210,false],"gform-image-choice-md":["https:\/\/mairie-montataire.fr\/app\/uploads\/2025\/03\/3.5_Organigramme.jpg",400,280,false],"gform-image-choice-lg":["https:\/\/mairie-montataire.fr\/app\/uploads\/2025\/03\/3.5_Organigramme.jpg",500,350,false]},"uagb_author_info":{"display_name":"mentalworks","author_link":"https:\/\/mairie-montataire.fr\/de\/actualites\/author\/mentalworks\/"},"uagb_comment_info":0,"uagb_excerpt":"Montataire emploie environ 350 agent\u00b7e\u00b7s pour assurer le fonctionnement des services publics territoriaux, r\u00e9partis au sein de 7 directions :","_links":{"self":[{"href":"https:\/\/mairie-montataire.fr\/de\/wp-json\/wp\/v2\/pages\/78","targetHints":{"allow":["GET"]}}],"collection":[{"href":"https:\/\/mairie-montataire.fr\/de\/wp-json\/wp\/v2\/pages"}],"about":[{"href":"https:\/\/mairie-montataire.fr\/de\/wp-json\/wp\/v2\/types\/page"}],"author":[{"embeddable":true,"href":"https:\/\/mairie-montataire.fr\/de\/wp-json\/wp\/v2\/users\/1"}],"replies":[{"embeddable":true,"href":"https:\/\/mairie-montataire.fr\/de\/wp-json\/wp\/v2\/comments?post=78"}],"version-history":[{"count":9,"href":"https:\/\/mairie-montataire.fr\/de\/wp-json\/wp\/v2\/pages\/78\/revisions"}],"predecessor-version":[{"id":5846,"href":"https:\/\/mairie-montataire.fr\/de\/wp-json\/wp\/v2\/pages\/78\/revisions\/5846"}],"up":[{"embeddable":true,"href":"https:\/\/mairie-montataire.fr\/de\/wp-json\/wp\/v2\/pages\/36"}],"wp:featuredmedia":[{"embeddable":true,"href":"https:\/\/mairie-montataire.fr\/de\/wp-json\/wp\/v2\/media\/5842"}],"wp:attachment":[{"href":"https:\/\/mairie-montataire.fr\/de\/wp-json\/wp\/v2\/media?parent=78"}],"curies":[{"name":"wp","href":"https:\/\/api.w.org\/{rel}","templated":true}]}}

<p>Montataire beschäftigt ca. 350 Bedienstete, die in 7 Direktionen für den Betrieb der territorialen öffentlichen Dienste zuständig sind:</p>



<ul style="padding-right:var(--wp--preset--spacing--70);padding-left:var(--wp--preset--spacing--70)" class="wp-block-list">
<li style="font-style:normal;font-weight:400">Generaldirektion der Dienste</li>



<li style="font-style:normal;font-weight:400">Leitung der technischen Dienste</li>



<li style="font-style:normal;font-weight:400">Direktion für Finanzdienstleistungen</li>



<li style="font-style:normal;font-weight:400">Direktion für Humanressourcen</li>



<li style="font-style:normal;font-weight:400">Direction de l'enfance, de la jeunesse, du sport et des solidarités (Direktion für Kinder, Jugend, Sport und Solidarität)</li>



<li style="font-style:normal;font-weight:400">Direktion für sozialen Zusammenhalt und territoriale Entwicklung</li>



<li style="font-style:normal;font-weight:400">Direktion für Kommunikation, Öffentlichkeitsarbeit und partizipative Demokratie</li>
</ul>



<div style="height:37px" aria-hidden="true" class="wp-block-spacer"></div>


					<div
						class="wp-block-uagb-image-gallery uagb-block-2846bb85"
						style=""
					>
											<div class="spectra-image-gallery spectra-image-gallery__layout--masonry spectra-image-gallery__layout--masonry-col-1 spectra-image-gallery__layout--masonry-col-tab-1 spectra-image-gallery__layout--masonry-col-mob-1">
											<div class='spectra-image-gallery__media-wrapper--isotope'>
							<div class='spectra-image-gallery__media-wrapper' data-spectra-gallery-image-id='5845' tabindex="0">
							<div class="spectra-image-gallery__media spectra-image-gallery__media--masonry">
				<picture>
					<source media="(min-width: 1024px)" srcset="https://mairie-montataire.fr/app/uploads/2025/03/OrganigrammeSansNom-scaled.jpg">
					<source media="(min-width: 768px)" srcset="https://mairie-montataire.fr/app/uploads/2025/03/OrganigrammeSansNom-1024x724.jpg">
					<img decoding="async" class="spectra-image-gallery__media-thumbnail spectra-image-gallery__media-thumbnail--masonry" src="https://mairie-montataire.fr/app/uploads/2025/03/OrganigrammeSansNom-300x212.jpg" alt="" loading="lazy" />
				</picture>
				<div class="spectra-image-gallery__media-thumbnail-blurrer"></div>
											<div class="spectra-image-gallery__media-thumbnail-caption-wrapper spectra-image-gallery__media-thumbnail-caption-wrapper--overlay"></div>
								</div>
						</div>
						</div>
										</div>
																		</div>
											<div class='spectra-image-gallery__control-lightbox' tabindex='0'>
											<div class="swiper spectra-image-gallery__control-lightbox--main" dir="">
					<div class="swiper-wrapper">
													
							<div class="swiper-slide">
								<img class="swiper-lazy" data-src="https://mairie-montataire.fr/app/uploads/2025/03/OrganigrammeSansNom-scaled.jpg" alt=""/>
								<div class="swiper-lazy-preloader swiper-lazy-preloader-white"></div>
															</div>
											</div>
					<div class="swiper-button-next"></div>
					<div class="swiper-button-prev"></div>
				</div>			
																																<button class='spectra-image-gallery__control-lightbox--close' aria-label="Close">
													<svg xmlns="https://www.w3.org/2000/svg" viewbox= "0 0 320 512"><path d="M310.6 361.4c12.5 12.5 12.5 32.75 0 45.25C304.4 412.9 296.2 416 288 416s-16.38-3.125-22.62-9.375L160 301.3L54.63 406.6C48.38 412.9 40.19 416 32 416S15.63 412.9 9.375 406.6c-12.5-12.5-12.5-32.75 0-45.25l105.4-105.4L9.375 150.6c-12.5-12.5-12.5-32.75 0-45.25s32.75-12.5 45.25 0L160 210.8l105.4-105.4c12.5-12.5 32.75-12.5 45.25 0s12.5 32.75 0 45.25l-105.4 105.4L310.6 361.4z"></path></svg>
												</button>
													</div>

<p>Montataire beschäftigt ca. 350 Bedienstete, die in 7 Direktionen für den Betrieb der territorialen öffentlichen Dienste zuständig sind:</p>

Montataire emploie environ 350 agent·e·s pour assurer le fonctionnement des services publics territoriaux, répartis au sein de 7 directions :
