{"id":70,"date":"2024-05-03T09:16:11","date_gmt":"2024-05-03T09:16:11","guid":{"rendered":"https:\/\/montataire.local\/?page_id=70"},"modified":"2026-04-10T07:27:05","modified_gmt":"2026-04-10T07:27:05","slug":"der-burgermeister-die-gewahlten-vertreter","status":"publish","type":"page","link":"https:\/\/mairie-montataire.fr\/de\/s-informer\/le-maire-les-elu-e-s\/","title":{"rendered":"Der B\u00fcrgermeister &amp; die gew\u00e4hlten Vertreter"},"content":{"rendered":"<p><strong><strong>Der Gemeinderat von Montataire wurde am 15. M\u00e4rz 2026 bei den Kommunalwahlen f\u00fcr die Amtszeit von 2026 bis 2032 gew\u00e4hlt und besteht aus 33 Ratsmitgliedern.<\/strong><\/strong><\/p>\n\n\n\t\t\t\t\t<div\n\t\t\t\t\t\tclass=\"wp-block-uagb-image-gallery uagb-block-57b63d9a\"\n\t\t\t\t\t\tstyle=\"\"\n\t\t\t\t\t>\n\t\t\t\t\t\t\t\t\t\t\t<div class=\"spectra-image-gallery spectra-image-gallery__layout--masonry spectra-image-gallery__layout--masonry-col-1 spectra-image-gallery__layout--masonry-col-tab-1 spectra-image-gallery__layout--masonry-col-mob-1\">\n\t\t\t\t\t\t\t\t\t\t\t<div class='spectra-image-gallery__media-wrapper--isotope'>\n\t\t\t\t\t\t\t<div class='spectra-image-gallery__media-wrapper' data-spectra-gallery-image-id='7796' tabindex=\"0\">\n\t\t\t\t\t\t\t<div class=\"spectra-image-gallery__media spectra-image-gallery__media--masonry\">\n\t\t\t\t<picture>\n\t\t\t\t\t<source media=\"(min-width: 1024px)\" srcset=\"https:\/\/mairie-montataire.fr\/app\/uploads\/2026\/04\/Trombinoscope-2026-scaled.png\">\n\t\t\t\t\t<source media=\"(min-width: 768px)\" srcset=\"https:\/\/mairie-montataire.fr\/app\/uploads\/2026\/04\/Trombinoscope-2026-1024x724.png\">\n\t\t\t\t\t<img decoding=\"async\" class=\"spectra-image-gallery__media-thumbnail spectra-image-gallery__media-thumbnail--masonry\" src=\"https:\/\/mairie-montataire.fr\/app\/uploads\/2026\/04\/Trombinoscope-2026-300x212.png\" alt=\"\" loading=\"lazy\" \/>\n\t\t\t\t<\/picture>\n\t\t\t\t<div class=\"spectra-image-gallery__media-thumbnail-blurrer\"><\/div>\n\t\t\t\t\t\t\t\t\t\t\t<div class=\"spectra-image-gallery__media-thumbnail-caption-wrapper spectra-image-gallery__media-thumbnail-caption-wrapper--overlay\"><\/div>\n\t\t\t\t\t\t\t\t<\/div>\n\t\t\t\t\t\t<\/div>\n\t\t\t\t\t\t<\/div>\n\t\t\t\t\t\t\t\t\t\t<\/div>\n\t\t\t\t\t\t\t\t\t\t\t\t\t\t\t\t\t\t<\/div>\n\t\t\t\t\t\t\t\t\t\t\t<div class='spectra-image-gallery__control-lightbox' tabindex='0'>\n\t\t\t\t\t\t\t\t\t\t\t<div class=\"swiper spectra-image-gallery__control-lightbox--main\" dir=\"\">\n\t\t\t\t\t<div class=\"swiper-wrapper\">\n\t\t\t\t\t\t\t\t\t\t\t\t\t\n\t\t\t\t\t\t\t<div class=\"swiper-slide\">\n\t\t\t\t\t\t\t\t<img class=\"swiper-lazy\" data-src=\"https:\/\/mairie-montataire.fr\/app\/uploads\/2026\/04\/Trombinoscope-2026-scaled.png\" alt=\"\"\/>\n\t\t\t\t\t\t\t\t<div class=\"swiper-lazy-preloader swiper-lazy-preloader-white\"><\/div>\n\t\t\t\t\t\t\t\t\t\t\t\t\t\t\t<\/div>\n\t\t\t\t\t\t\t\t\t\t\t<\/div>\n\t\t\t\t\t<div class=\"swiper-button-next\"><\/div>\n\t\t\t\t\t<div class=\"swiper-button-prev\"><\/div>\n\t\t\t\t<\/div>\t\t\t\n\t\t\t\t\t\t\t\t\t\t\t\t\t\t\t\t\t\t\t\t\t\t\t\t\t\t\t\t\t\t\t\t<button class='spectra-image-gallery__control-lightbox--close' aria-label=\"Close\">\n\t\t\t\t\t\t\t\t\t\t\t\t\t<svg xmlns=\"https:\/\/www.w3.org\/2000\/svg\" viewbox= \"0 0 320 512\"><path d=\"M310.6 361.4c12.5 12.5 12.5 32.75 0 45.25C304.4 412.9 296.2 416 288 416s-16.38-3.125-22.62-9.375L160 301.3L54.63 406.6C48.38 412.9 40.19 416 32 416S15.63 412.9 9.375 406.6c-12.5-12.5-12.5-32.75 0-45.25l105.4-105.4L9.375 150.6c-12.5-12.5-12.5-32.75 0-45.25s32.75-12.5 45.25 0L160 210.8l105.4-105.4c12.5-12.5 32.75-12.5 45.25 0s12.5 32.75 0 45.25l-105.4 105.4L310.6 361.4z\"><\/path><\/svg>\n\t\t\t\t\t\t\t\t\t\t\t\t<\/button>\n\t\t\t\t\t\t\t\t\t\t\t\t\t<\/div>\n\t\t\t\t\t\t\t\t\t\n\n\n<p>Die Liste \u00abCitoyen.ne.s rassembl\u00e9.e.s pour Montataire\u00bb gewann bei den letzten Wahlen im M\u00e4rz 2026 mit 77.59 % die absolute Mehrheit der Stimmen. Damit erhielt sie drei\u00dfig von dreiunddrei\u00dfig Sitzen, w\u00e4hrend die drei Sitze an die Liste \u00abMONTATAIRE EN COMMUN\u00bb gehen. Am Samstag, den 21. M\u00e4rz, w\u00e4hlte der Stadtrat den B\u00fcrgermeister von Montataire, Jean-Pierre Bosino, sowie seine Stellvertreter.<\/p>\n\n\n\n<h2 class=\"wp-block-heading\">Liste der verschiedenen B\u00fcrgermeister der Stadt :<\/h2>\n\n\n\n<figure class=\"wp-block-table is-style-stripes\"><table class=\"has-fixed-layout\"><thead><tr><th class=\"has-text-align-center\" data-align=\"center\">B\u00fcrgermeister<\/th><th class=\"has-text-align-center\" data-align=\"center\">Beginn der Amtszeit<\/th><th class=\"has-text-align-center\" data-align=\"center\">Ende der Amtszeit<\/th><th class=\"has-text-align-center\" data-align=\"center\">Politische Richtung<\/th><th>Berufe<\/th><\/tr><\/thead><tbody><tr><td class=\"has-text-align-center\" data-align=\"center\">Jean-Pierre Bosino<\/td><td class=\"has-text-align-center\" data-align=\"center\">M\u00e4rz 1994<\/td><td class=\"has-text-align-center\" data-align=\"center\">In Arbeit<\/td><td class=\"has-text-align-center\" data-align=\"center\"><br>PCF<\/td><td><br>- Vizepr\u00e4sident der ACSO&nbsp;<em>(seit 2017)<\/em><br>- Mitglied des Departementsrats von Montataire&nbsp;<em>(seit 2017)<\/em><br>- Vizepr\u00e4sident der Communaut\u00e9 de l'agglom\u00e9ration creilloise (Gemeinschaft der Agglomeration Creille)&nbsp;<em>(bis 2016)<\/em><br>- Senatorin des Departements Oise&nbsp;<em>(von Mai 2014 bis Juni 2017)<\/em><br>\u2013 <em>Wiedergew\u00e4hlt f\u00fcr die Amtszeit 2026-2032<\/em><br>- Arbeiter bei Chausson, Gewerkschaftsaktivist,<\/td><\/tr><tr><td class=\"has-text-align-center\" data-align=\"center\">Maurice Bambier<\/td><td class=\"has-text-align-center\" data-align=\"center\">M\u00e4rz 1983<\/td><td class=\"has-text-align-center\" data-align=\"center\">M\u00e4rz 1994<\/td><td class=\"has-text-align-center\" data-align=\"center\"><br>PCF<\/td><td>- Generalrat von Montataire&nbsp;<em>(von 1976 bis 1994)<\/em><br>- F\u00f6deraler Sekret\u00e4r der Kommunistischen Partei Frankreichs<br>- Gewerkschaftsaktivist<br><br><em>Im Amt verstorben<\/em><\/td><\/tr><tr><td class=\"has-text-align-center\" data-align=\"center\">Robert Trin<\/td><td class=\"has-text-align-center\" data-align=\"center\">Juni 1966<\/td><td class=\"has-text-align-center\" data-align=\"center\">M\u00e4rz 1983<\/td><td class=\"has-text-align-center\" data-align=\"center\"><br>PCF<\/td><td><\/td><\/tr><tr><td class=\"has-text-align-center\" data-align=\"center\">Marcel Coene<\/td><td class=\"has-text-align-center\" data-align=\"center\">1945<\/td><td class=\"has-text-align-center\" data-align=\"center\">Juni 1966<\/td><td class=\"has-text-align-center\" data-align=\"center\"><br>PCF<\/td><td>Gewerkschaftsaktivist, Widerstandsk\u00e4mpfer <\/td><\/tr><tr><td class=\"has-text-align-center\" data-align=\"center\">Fernand Fournier<\/td><td class=\"has-text-align-center\" data-align=\"center\">1938<\/td><td class=\"has-text-align-center\" data-align=\"center\">1945<\/td><td class=\"has-text-align-center\" data-align=\"center\">SFIO<\/td><td>- Generalrat von Montataire <em>(von 1973 bis 1976)<\/em><br>- Generalrat von Creil <em>(von 1945 bis 1973)<\/em><br>- Kaufmann<\/td><\/tr><tr><td class=\"has-text-align-center\" data-align=\"center\">August Genie<\/td><td class=\"has-text-align-center\" data-align=\"center\"><br>1919<\/td><td class=\"has-text-align-center\" data-align=\"center\">1938<\/td><td class=\"has-text-align-center\" data-align=\"center\">SFIO<\/td><td>Metallarbeiter und Gewerkschaftsaktivist<\/td><\/tr><tr><td class=\"has-text-align-center\" data-align=\"center\">Jules Daussin<\/td><td class=\"has-text-align-center\" data-align=\"center\">1904<\/td><td class=\"has-text-align-center\" data-align=\"center\">1919<\/td><td class=\"has-text-align-center\" data-align=\"center\">Radikale Partei<\/td><td>Generalrat von Creil <em>(von 1910 bis 1919)<\/em><\/td><\/tr><tr><td class=\"has-text-align-center\" data-align=\"center\">Dominique Faur\u00e9-H\u00e9rouard<\/td><td class=\"has-text-align-center\" data-align=\"center\"><br>1895<\/td><td class=\"has-text-align-center\" data-align=\"center\"><br>1904<\/td><td class=\"has-text-align-center\" data-align=\"center\">Radikale Partei<\/td><td>Bezirksrat<\/td><\/tr><tr><td class=\"has-text-align-center\" data-align=\"center\">\u00c9mile Cu\u00e9nin<\/td><td class=\"has-text-align-center\" data-align=\"center\">1892<\/td><td class=\"has-text-align-center\" data-align=\"center\">1895<\/td><td class=\"has-text-align-center\" data-align=\"center\">Radikale Partei<\/td><td>Apotheker<\/td><\/tr><tr><td class=\"has-text-align-center\" data-align=\"center\">Maxime Barbier<\/td><td class=\"has-text-align-center\" data-align=\"center\">1886<\/td><td class=\"has-text-align-center\" data-align=\"center\">1892<\/td><td class=\"has-text-align-center\" data-align=\"center\">Radikale Partei<\/td><td><\/td><\/tr><tr><td class=\"has-text-align-center\" data-align=\"center\">C\u00e9lestin Marcel H\u00e9rouard<\/td><td class=\"has-text-align-center\" data-align=\"center\">1878<\/td><td class=\"has-text-align-center\" data-align=\"center\">1886<\/td><td class=\"has-text-align-center\" data-align=\"center\">Radikale Partei<\/td><td><\/td><\/tr><tr><td class=\"has-text-align-center\" data-align=\"center\">Georges Ferdinand de Cond\u00e9<\/td><td class=\"has-text-align-center\" data-align=\"center\">1870<\/td><td class=\"has-text-align-center\" data-align=\"center\">1878<\/td><td class=\"has-text-align-center\" data-align=\"center\"><\/td><td>- Generalrat von Creil <em>(von 1868 bis 1878)<\/em><br>- Besitzer des Schlosses von Montataire<br>- Generalinspektor der Eisenbahnen<br>- Staatsrat<br>- Baron de Cond\u00e9<\/td><\/tr><\/tbody><\/table><\/figure>","protected":false},"excerpt":{"rendered":"<p>Le Conseil municipal de Montataire, \u00e9lu le 15 mars 2026 lors des \u00e9lections municipales pour le mandat de 2026 \u00e0 2032, est compos\u00e9 de 33 conseillers. La liste \u00ab&nbsp;Citoyen.ne.s rassembl\u00e9.e.s pour Montataire&nbsp;\u00bb a remport\u00e9 la majorit\u00e9 absolue des voix avec 77.59 % lors des derni\u00e8res \u00e9lections en mars 2026. Elle s\u2019est ainsi vue attribuer trente [&hellip;]<\/p>\n","protected":false},"author":1,"featured_media":1113,"parent":36,"menu_order":56,"comment_status":"closed","ping_status":"closed","template":"","meta":{"_acf_changed":false,"_uag_custom_page_level_css":"","footnotes":""},"class_list":["post-70","page","type-page","status-publish","has-post-thumbnail","hentry"],"acf":[],"uagb_featured_image_src":{"full":["https:\/\/mairie-montataire.fr\/app\/uploads\/2024\/07\/3.1_le-maire-et-les-elu.e.s.jpg",490,327,false],"thumbnail":["https:\/\/mairie-montataire.fr\/app\/uploads\/2024\/07\/3.1_le-maire-et-les-elu.e.s-150x150.jpg",150,150,true],"medium":["https:\/\/mairie-montataire.fr\/app\/uploads\/2024\/07\/3.1_le-maire-et-les-elu.e.s-300x200.jpg",300,200,true],"medium_large":["https:\/\/mairie-montataire.fr\/app\/uploads\/2024\/07\/3.1_le-maire-et-les-elu.e.s.jpg",490,327,false],"large":["https:\/\/mairie-montataire.fr\/app\/uploads\/2024\/07\/3.1_le-maire-et-les-elu.e.s.jpg",490,327,false],"1536x1536":["https:\/\/mairie-montataire.fr\/app\/uploads\/2024\/07\/3.1_le-maire-et-les-elu.e.s.jpg",490,327,false],"2048x2048":["https:\/\/mairie-montataire.fr\/app\/uploads\/2024\/07\/3.1_le-maire-et-les-elu.e.s.jpg",490,327,false],"trp-custom-language-flag":["https:\/\/mairie-montataire.fr\/app\/uploads\/2024\/07\/3.1_le-maire-et-les-elu.e.s.jpg",18,12,false],"gform-image-choice-sm":["https:\/\/mairie-montataire.fr\/app\/uploads\/2024\/07\/3.1_le-maire-et-les-elu.e.s.jpg",300,200,false],"gform-image-choice-md":["https:\/\/mairie-montataire.fr\/app\/uploads\/2024\/07\/3.1_le-maire-et-les-elu.e.s.jpg",400,267,false],"gform-image-choice-lg":["https:\/\/mairie-montataire.fr\/app\/uploads\/2024\/07\/3.1_le-maire-et-les-elu.e.s.jpg",490,327,false]},"uagb_author_info":{"display_name":"mentalworks","author_link":"https:\/\/mairie-montataire.fr\/de\/actualites\/author\/mentalworks\/"},"uagb_comment_info":0,"uagb_excerpt":"Le Conseil municipal de Montataire, \u00e9lu le 15 mars 2026 lors des \u00e9lections municipales pour le mandat de 2026 \u00e0 2032, est compos\u00e9 de 33 conseillers. La liste \u00ab&nbsp;Citoyen.ne.s rassembl\u00e9.e.s pour Montataire&nbsp;\u00bb a remport\u00e9 la majorit\u00e9 absolue des voix avec 77.59 % lors des derni\u00e8res \u00e9lections en mars 2026. Elle s\u2019est ainsi vue attribuer trente&hellip;","_links":{"self":[{"href":"https:\/\/mairie-montataire.fr\/de\/wp-json\/wp\/v2\/pages\/70","targetHints":{"allow":["GET"]}}],"collection":[{"href":"https:\/\/mairie-montataire.fr\/de\/wp-json\/wp\/v2\/pages"}],"about":[{"href":"https:\/\/mairie-montataire.fr\/de\/wp-json\/wp\/v2\/types\/page"}],"author":[{"embeddable":true,"href":"https:\/\/mairie-montataire.fr\/de\/wp-json\/wp\/v2\/users\/1"}],"replies":[{"embeddable":true,"href":"https:\/\/mairie-montataire.fr\/de\/wp-json\/wp\/v2\/comments?post=70"}],"version-history":[{"count":33,"href":"https:\/\/mairie-montataire.fr\/de\/wp-json\/wp\/v2\/pages\/70\/revisions"}],"predecessor-version":[{"id":7797,"href":"https:\/\/mairie-montataire.fr\/de\/wp-json\/wp\/v2\/pages\/70\/revisions\/7797"}],"up":[{"embeddable":true,"href":"https:\/\/mairie-montataire.fr\/de\/wp-json\/wp\/v2\/pages\/36"}],"wp:featuredmedia":[{"embeddable":true,"href":"https:\/\/mairie-montataire.fr\/de\/wp-json\/wp\/v2\/media\/1113"}],"wp:attachment":[{"href":"https:\/\/mairie-montataire.fr\/de\/wp-json\/wp\/v2\/media?parent=70"}],"curies":[{"name":"wp","href":"https:\/\/api.w.org\/{rel}","templated":true}]}}

Der Bürgermeister &amp; die gewählten Vertreter

<p><strong><strong>Der Gemeinderat von Montataire wurde am 15. März 2026 bei den Kommunalwahlen für die Amtszeit von 2026 bis 2032 gewählt und besteht aus 33 Ratsmitgliedern.</strong></strong></p>


					<div
						class="wp-block-uagb-image-gallery uagb-block-57b63d9a"
						style=""
					>
											<div class="spectra-image-gallery spectra-image-gallery__layout--masonry spectra-image-gallery__layout--masonry-col-1 spectra-image-gallery__layout--masonry-col-tab-1 spectra-image-gallery__layout--masonry-col-mob-1">
											<div class='spectra-image-gallery__media-wrapper--isotope'>
							<div class='spectra-image-gallery__media-wrapper' data-spectra-gallery-image-id='7796' tabindex="0">
							<div class="spectra-image-gallery__media spectra-image-gallery__media--masonry">
				<picture>
					<source media="(min-width: 1024px)" srcset="https://mairie-montataire.fr/app/uploads/2026/04/Trombinoscope-2026-scaled.png">
					<source media="(min-width: 768px)" srcset="https://mairie-montataire.fr/app/uploads/2026/04/Trombinoscope-2026-1024x724.png">
					<img decoding="async" class="spectra-image-gallery__media-thumbnail spectra-image-gallery__media-thumbnail--masonry" src="https://mairie-montataire.fr/app/uploads/2026/04/Trombinoscope-2026-300x212.png" alt="" loading="lazy" />
				</picture>
				<div class="spectra-image-gallery__media-thumbnail-blurrer"></div>
											<div class="spectra-image-gallery__media-thumbnail-caption-wrapper spectra-image-gallery__media-thumbnail-caption-wrapper--overlay"></div>
								</div>
						</div>
						</div>
										</div>
																		</div>
											<div class='spectra-image-gallery__control-lightbox' tabindex='0'>
											<div class="swiper spectra-image-gallery__control-lightbox--main" dir="">
					<div class="swiper-wrapper">
													
							<div class="swiper-slide">
								<img class="swiper-lazy" data-src="https://mairie-montataire.fr/app/uploads/2026/04/Trombinoscope-2026-scaled.png" alt=""/>
								<div class="swiper-lazy-preloader swiper-lazy-preloader-white"></div>
															</div>
											</div>
					<div class="swiper-button-next"></div>
					<div class="swiper-button-prev"></div>
				</div>			
																																<button class='spectra-image-gallery__control-lightbox--close' aria-label="Close">
													<svg xmlns="https://www.w3.org/2000/svg" viewbox= "0 0 320 512"><path d="M310.6 361.4c12.5 12.5 12.5 32.75 0 45.25C304.4 412.9 296.2 416 288 416s-16.38-3.125-22.62-9.375L160 301.3L54.63 406.6C48.38 412.9 40.19 416 32 416S15.63 412.9 9.375 406.6c-12.5-12.5-12.5-32.75 0-45.25l105.4-105.4L9.375 150.6c-12.5-12.5-12.5-32.75 0-45.25s32.75-12.5 45.25 0L160 210.8l105.4-105.4c12.5-12.5 32.75-12.5 45.25 0s12.5 32.75 0 45.25l-105.4 105.4L310.6 361.4z"></path></svg>
												</button>
													</div>
									


<p>Die Liste «Citoyen.ne.s rassemblé.e.s pour Montataire» gewann bei den letzten Wahlen im März 2026 mit 77.59 % die absolute Mehrheit der Stimmen. Damit erhielt sie dreißig von dreiunddreißig Sitzen, während die drei Sitze an die Liste «MONTATAIRE EN COMMUN» gehen. Am Samstag, den 21. März, wählte der Stadtrat den Bürgermeister von Montataire, Jean-Pierre Bosino, sowie seine Stellvertreter.</p>



<h2 class="wp-block-heading">Liste der verschiedenen Bürgermeister der Stadt :</h2>



<figure class="wp-block-table is-style-stripes"><table class="has-fixed-layout"><thead><tr><th class="has-text-align-center" data-align="center">Bürgermeister</th><th class="has-text-align-center" data-align="center">Beginn der Amtszeit</th><th class="has-text-align-center" data-align="center">Ende der Amtszeit</th><th class="has-text-align-center" data-align="center">Politische Richtung</th><th>Berufe</th></tr></thead><tbody><tr><td class="has-text-align-center" data-align="center">Jean-Pierre Bosino</td><td class="has-text-align-center" data-align="center">März 1994</td><td class="has-text-align-center" data-align="center">In Arbeit</td><td class="has-text-align-center" data-align="center"><br>PCF</td><td><br>- Vizepräsident der ACSO&nbsp;<em>(seit 2017)</em><br>- Mitglied des Departementsrats von Montataire&nbsp;<em>(seit 2017)</em><br>- Vizepräsident der Communauté de l'agglomération creilloise (Gemeinschaft der Agglomeration Creille)&nbsp;<em>(bis 2016)</em><br>- Senatorin des Departements Oise&nbsp;<em>(von Mai 2014 bis Juni 2017)</em><br>– <em>Wiedergewählt für die Amtszeit 2026-2032</em><br>- Arbeiter bei Chausson, Gewerkschaftsaktivist,</td></tr><tr><td class="has-text-align-center" data-align="center">Maurice Bambier</td><td class="has-text-align-center" data-align="center">März 1983</td><td class="has-text-align-center" data-align="center">März 1994</td><td class="has-text-align-center" data-align="center"><br>PCF</td><td>- Generalrat von Montataire&nbsp;<em>(von 1976 bis 1994)</em><br>- Föderaler Sekretär der Kommunistischen Partei Frankreichs<br>- Gewerkschaftsaktivist<br><br><em>Im Amt verstorben</em></td></tr><tr><td class="has-text-align-center" data-align="center">Robert Trin</td><td class="has-text-align-center" data-align="center">Juni 1966</td><td class="has-text-align-center" data-align="center">März 1983</td><td class="has-text-align-center" data-align="center"><br>PCF</td><td></td></tr><tr><td class="has-text-align-center" data-align="center">Marcel Coene</td><td class="has-text-align-center" data-align="center">1945</td><td class="has-text-align-center" data-align="center">Juni 1966</td><td class="has-text-align-center" data-align="center"><br>PCF</td><td>Gewerkschaftsaktivist, Widerstandskämpfer </td></tr><tr><td class="has-text-align-center" data-align="center">Fernand Fournier</td><td class="has-text-align-center" data-align="center">1938</td><td class="has-text-align-center" data-align="center">1945</td><td class="has-text-align-center" data-align="center">SFIO</td><td>- Generalrat von Montataire <em>(von 1973 bis 1976)</em><br>- Generalrat von Creil <em>(von 1945 bis 1973)</em><br>- Kaufmann</td></tr><tr><td class="has-text-align-center" data-align="center">August Genie</td><td class="has-text-align-center" data-align="center"><br>1919</td><td class="has-text-align-center" data-align="center">1938</td><td class="has-text-align-center" data-align="center">SFIO</td><td>Metallarbeiter und Gewerkschaftsaktivist</td></tr><tr><td class="has-text-align-center" data-align="center">Jules Daussin</td><td class="has-text-align-center" data-align="center">1904</td><td class="has-text-align-center" data-align="center">1919</td><td class="has-text-align-center" data-align="center">Radikale Partei</td><td>Generalrat von Creil <em>(von 1910 bis 1919)</em></td></tr><tr><td class="has-text-align-center" data-align="center">Dominique Fauré-Hérouard</td><td class="has-text-align-center" data-align="center"><br>1895</td><td class="has-text-align-center" data-align="center"><br>1904</td><td class="has-text-align-center" data-align="center">Radikale Partei</td><td>Bezirksrat</td></tr><tr><td class="has-text-align-center" data-align="center">Émile Cuénin</td><td class="has-text-align-center" data-align="center">1892</td><td class="has-text-align-center" data-align="center">1895</td><td class="has-text-align-center" data-align="center">Radikale Partei</td><td>Apotheker</td></tr><tr><td class="has-text-align-center" data-align="center">Maxime Barbier</td><td class="has-text-align-center" data-align="center">1886</td><td class="has-text-align-center" data-align="center">1892</td><td class="has-text-align-center" data-align="center">Radikale Partei</td><td></td></tr><tr><td class="has-text-align-center" data-align="center">Célestin Marcel Hérouard</td><td class="has-text-align-center" data-align="center">1878</td><td class="has-text-align-center" data-align="center">1886</td><td class="has-text-align-center" data-align="center">Radikale Partei</td><td></td></tr><tr><td class="has-text-align-center" data-align="center">Georges Ferdinand de Condé</td><td class="has-text-align-center" data-align="center">1870</td><td class="has-text-align-center" data-align="center">1878</td><td class="has-text-align-center" data-align="center"></td><td>- Generalrat von Creil <em>(von 1868 bis 1878)</em><br>- Besitzer des Schlosses von Montataire<br>- Generalinspektor der Eisenbahnen<br>- Staatsrat<br>- Baron de Condé</td></tr></tbody></table></figure>

<p>Le Conseil municipal de Montataire, élu le 15 mars 2026 lors des élections municipales pour le mandat de 2026 à 2032, est composé de 33 conseillers. La liste «&nbsp;Citoyen.ne.s rassemblé.e.s pour Montataire&nbsp;» a remporté la majorité absolue des voix avec 77.59 % lors des dernières élections en mars 2026. Elle s’est ainsi vue attribuer trente [&hellip;]</p>

Le Conseil municipal de Montataire, élu le 15 mars 2026 lors des élections municipales pour le mandat de 2026 à 2032, est composé de 33 conseillers. La liste «&nbsp;Citoyen.ne.s rassemblé.e.s pour Montataire&nbsp;» a remporté la majorité absolue des voix avec 77.59 % lors des dernières élections en mars 2026. Elle s’est ainsi vue attribuer trente&hellip;
