{"id":68,"date":"2024-05-03T09:15:07","date_gmt":"2024-05-03T09:15:07","guid":{"rendered":"https:\/\/montataire.local\/?page_id=68"},"modified":"2025-08-19T09:49:01","modified_gmt":"2025-08-19T09:49:01","slug":"praktische-infos","status":"publish","type":"page","link":"https:\/\/mairie-montataire.fr\/de\/s-epanouir\/le-palace\/infos-pratiques\/","title":{"rendered":"Praktische Infos"},"content":{"rendered":"<div class=\"wp-block-uagb-separator uagb-block-1a0c7cbc\"><div class=\"wp-block-uagb-separator__inner\" style=\"--my-background-image:\"><\/div><\/div>\n\n\n\n<h2 class=\"wp-block-heading\">Tarife<\/h2>\n\n\n\n<h3 class=\"wp-block-heading\">Unsere Preise pro Auff\u00fchrung und Person<\/h3>\n\n\n\n<div class=\"wp-block-columns is-layout-flex wp-container-core-columns-is-layout-9d6595d7 wp-block-columns-is-layout-flex\">\n<div class=\"wp-block-column is-layout-flow wp-block-column-is-layout-flow\">\n<div class=\"wp-block-uagb-counter uagb-block-bbf58b2d wp-block-uagb-counter--number\"><div class=\"wp-block-uagb-counter__number\"><span class=\"uagb-counter-block-number\" data-duration=\"0.001\" data-to-value=\"10\" data-from-value=\"0\" data-delimiter=\",\"><\/span><span class=\"uagb-counter-block-suffix\"> \u20ac<\/span><\/div><div class=\"wp-block-uagb-counter__title\"><strong>VOLLER TARIF<\/strong><\/div><\/div>\n\n\n\n<p class=\"has-text-align-center\"><strong>TARIF A<\/strong><\/p>\n<\/div>\n\n\n\n<div class=\"wp-block-column is-layout-flow wp-block-column-is-layout-flow\">\n<div class=\"wp-block-uagb-counter uagb-block-7f1a9da1 wp-block-uagb-counter--number\"><div class=\"wp-block-uagb-counter__number\"><span class=\"uagb-counter-block-number\" data-duration=\"0.001\" data-to-value=\"4\" data-from-value=\"0\" data-delimiter=\",\"><\/span><span class=\"uagb-counter-block-suffix\"> \u20ac<\/span><\/div><div class=\"wp-block-uagb-counter__title\"><strong>ERM\u00c4SSIGTER TARIF<\/strong>*<\/div><\/div>\n\n\n\n<p class=\"has-text-align-center\"><strong>TARIF A*<\/strong><br><strong>TARIF B<\/strong><\/p>\n<\/div>\n\n\n\n<div class=\"wp-block-column is-layout-flow wp-block-column-is-layout-flow\">\n<div class=\"wp-block-uagb-counter uagb-block-43c6c7d5 wp-block-uagb-counter--number\"><div class=\"wp-block-uagb-counter__number\"><span class=\"uagb-counter-block-number\" data-duration=\"0.001\" data-to-value=\"2.5\" data-from-value=\"0\" data-delimiter=\",\"><\/span><span class=\"uagb-counter-block-suffix\"> \u20ac<\/span><\/div><div class=\"wp-block-uagb-counter__title\"><strong>GROUP TARIF<\/strong><\/div><\/div>\n\n\n\n<p class=\"has-text-align-center\"><strong>AB 10 PERSONEN<br>(SCHULEN, VEREINE...)<\/strong><\/p>\n<\/div>\n<\/div>\n\n\n\n<p>*<em>Der erm\u00e4\u00dfigte Tarif wird gegen Vorlage eines Nachweises angeboten: f\u00fcr Personen, die eine Mobilit\u00e4tskarte f\u00fcr Behinderte (CMI) oder einen Studentenausweis besitzen, als Arbeitssuchender registriert sind, das aktive Solidarit\u00e4tseinkommen (RSA) beziehen, unter 20 Jahre alt sind oder in Rente sind.<\/em><\/p>\n\n\n\n<p><strong>Bei Auff\u00fchrungen mit Reservierung rufen Sie uns bitte unter 03 44 24 69 97 an oder schicken Sie uns eine E-Mail.<\/strong><\/p>\n\n\n\n<h3 class=\"wp-block-heading\">Unsere Abonnementpreise pro Vorstellung und pro Person ab 4 Vorstellungen in der Saison<\/h3>\n\n\n\n<div class=\"wp-block-columns is-layout-flex wp-container-core-columns-is-layout-9d6595d7 wp-block-columns-is-layout-flex\">\n<div class=\"wp-block-column is-layout-flow wp-block-column-is-layout-flow\">\n<div class=\"wp-block-uagb-counter uagb-block-a88b4baf wp-block-uagb-counter--number\"><div class=\"wp-block-uagb-counter__number\"><span class=\"uagb-counter-block-number\" data-duration=\"0.001\" data-to-value=\"7\" data-from-value=\"0\" data-delimiter=\",\"><\/span><span class=\"uagb-counter-block-suffix\"> \u20ac<\/span><\/div><div class=\"wp-block-uagb-counter__title\"><strong>VOLLER TARIF<\/strong><\/div><\/div>\n\n\n\n<p class=\"has-text-align-center\"><strong>TARIF A<\/strong><\/p>\n<\/div>\n\n\n\n<div class=\"wp-block-column is-layout-flow wp-block-column-is-layout-flow\">\n<div class=\"wp-block-uagb-counter uagb-block-99f76f46 wp-block-uagb-counter--number\"><div class=\"wp-block-uagb-counter__number\"><span class=\"uagb-counter-block-number\" data-duration=\"0.001\" data-to-value=\"3\" data-from-value=\"0\" data-delimiter=\",\"><\/span><span class=\"uagb-counter-block-suffix\"> \u20ac<\/span><\/div><div class=\"wp-block-uagb-counter__title\"><strong>ERM\u00c4SSIGTER TARIF*<\/strong><\/div><\/div>\n\n\n\n<p class=\"has-text-align-center\"><strong>TARIF A*<\/strong><br><strong>TARIF B<\/strong><\/p>\n<\/div>\n<\/div>\n\n\n\n<p>*<em>Der erm\u00e4\u00dfigte Tarif wird gegen Vorlage eines Nachweises angeboten: f\u00fcr Personen, die eine Mobilit\u00e4tskarte f\u00fcr Behinderte (CMI) oder einen Studentenausweis besitzen, als Arbeitssuchender registriert sind, das aktive Solidarit\u00e4tseinkommen (RSA) beziehen, unter 20 Jahre alt sind oder in Rente gehen. Bei Abonnements ist es m\u00f6glich, bis zu maximal 3 Mal zu bezahlen.<\/em><\/p>\n\n\n\n<h2 class=\"wp-block-heading\">Einen Platz kaufen...<\/h2>\n\n\n\n<h3 class=\"wp-block-heading\">...vor Ort<\/h3>\n\n\n\n<p>30 Minuten vor jeder Vorstellung oder w\u00e4hrend der \u00d6ffnungszeiten des Palace.<\/p>\n\n\n\n<h3 class=\"wp-block-heading\">...auf dem Postweg<\/h3>\n\n\n\n<p>Indem Sie uns Ihr Formular und Ihren Scheck, ausgestellt auf das Finanzamt, per Post schicken an&nbsp;<strong>Mairie - Service Culturel BP 50209 - 60762 Montataire Cedex<\/strong>&nbsp;oder indem Sie es an der Rezeption des Palace abgeben. Abonnieren Sie ab 4 Auff\u00fchrungen, Zahlung bis zu 3 Mal m\u00f6glich.<\/p>\n\n\n\n<div style=\"height:24px\" aria-hidden=\"true\" class=\"wp-block-spacer\"><\/div>\n\n\n\n<h3 class=\"wp-block-heading\">Zahlungsmittel<\/h3>\n\n\n\n<div class=\"wp-block-columns is-layout-flex wp-container-core-columns-is-layout-9d6595d7 wp-block-columns-is-layout-flex\">\n<div class=\"wp-block-column is-layout-flow wp-block-column-is-layout-flow\">\n<p class=\"has-text-align-center\">\u274c Bankkarte&nbsp;<\/p>\n<\/div>\n\n\n\n<div class=\"wp-block-column is-layout-flow wp-block-column-is-layout-flow\">\n<p class=\"has-text-align-center\">\u2705 Scheck<\/p>\n<\/div>\n\n\n\n<div class=\"wp-block-column is-layout-flow wp-block-column-is-layout-flow\">\n<p class=\"has-text-align-center\">\u2705 Art<\/p>\n<\/div>\n<\/div>\n\n\n\n<div class=\"wp-block-columns are-vertically-aligned-center is-layout-flex wp-container-core-columns-is-layout-9d6595d7 wp-block-columns-is-layout-flex\">\n<div class=\"wp-block-column is-vertically-aligned-center is-layout-flow wp-block-column-is-layout-flow\">\n<p class=\"has-text-align-center\">\u2705 Kulturpass&nbsp;&nbsp;<\/p>\n<\/div>\n\n\n\n<div class=\"wp-block-column is-vertically-aligned-center is-layout-flow wp-block-column-is-layout-flow\">\n<p class=\"has-text-align-center\">\u2705 Kulturschecks<\/p>\n<\/div>\n<\/div>\n\n\n\n<h2 class=\"wp-block-heading\">Zugang<\/h2>\n\n\n\n<div class=\"wp-block-columns is-layout-flex wp-container-core-columns-is-layout-9d6595d7 wp-block-columns-is-layout-flex\">\n<div class=\"wp-block-column is-layout-flow wp-block-column-is-layout-flow\">\n<h3 class=\"wp-block-heading\">Mit dem Bus<\/h3>\n\n\n\n<p>Linien A \/ S3 \/ S5 \/ S6&nbsp;<strong>Halt Deportierte<\/strong><br><a href=\"https:\/\/www.oise-mobilite.fr\/horaires-arret\/41706\" target=\"_blank\" rel=\"noreferrer noopener\"><strong>Oise Mobilit\u00e4t<\/strong><\/a><\/p>\n<\/div>\n\n\n\n<div class=\"wp-block-column is-layout-flow wp-block-column-is-layout-flow\">\n<h3 class=\"wp-block-heading\">Mit dem Auto<\/h3>\n\n\n\n<ul class=\"wp-block-list\">\n<li style=\"font-style:normal;font-weight:400\">12 Min. von Creil entfernt<\/li>\n\n\n\n<li style=\"font-style:normal;font-weight:400\">40 Min. von Compi\u00e8gne und Beauvais entfernt<\/li>\n\n\n\n<li style=\"font-style:normal;font-weight:400\">1h15 von Amiens und Paris entfernt<\/li>\n<\/ul>\n<\/div>\n\n\n\n<div class=\"wp-block-column is-layout-flow wp-block-column-is-layout-flow\">\n<h3 class=\"wp-block-heading\">Parken in der N\u00e4he<\/h3>\n\n\n\n<ul class=\"wp-block-list\">\n<li style=\"font-style:normal;font-weight:400\">Kostenloser Parkplatz Le Palace<\/li>\n\n\n\n<li style=\"font-style:normal;font-weight:400\">Kostenlose Parkpl\u00e4tze Rathaus (2 Minuten zu Fu\u00df entfernt)<\/li>\n\n\n\n<li style=\"font-style:normal;font-weight:400\">Kostenloser Parkplatz Ambroise Croizat (5 Minuten zu Fu\u00df entfernt)<\/li>\n<\/ul>\n<\/div>\n<\/div>","protected":false},"excerpt":{"rendered":"<p>Tarifs Nos tarifs par spectacle et par personne TARIF A TARIF A*TARIF B \u00c0 PARTIR DE 10 PERSONNES(SCOLAIRES, ASSOCIATIONS\u2026) *Le tarif r\u00e9duit est propos\u00e9 sur pr\u00e9sentation d\u2019un justificatif : aux personnes titulaires d\u2019une carte mobilit\u00e9 inclusion (CMI) ou d\u2019une carte \u00e9tudiant, inscrit comme demandeur d\u2019emploi, b\u00e9n\u00e9ficiaire du revenu de solidarit\u00e9 active (RSA), aux personnes de [&hellip;]<\/p>\n","protected":false},"author":1,"featured_media":6743,"parent":48,"menu_order":46,"comment_status":"closed","ping_status":"closed","template":"","meta":{"_acf_changed":false,"_uag_custom_page_level_css":"","footnotes":""},"class_list":["post-68","page","type-page","status-publish","has-post-thumbnail","hentry"],"acf":[],"uagb_featured_image_src":{"full":["https:\/\/mairie-montataire.fr\/app\/uploads\/2025\/08\/2.1.6_InfosPratiques25-26.jpg",500,350,false],"thumbnail":["https:\/\/mairie-montataire.fr\/app\/uploads\/2025\/08\/2.1.6_InfosPratiques25-26-150x150.jpg",150,150,true],"medium":["https:\/\/mairie-montataire.fr\/app\/uploads\/2025\/08\/2.1.6_InfosPratiques25-26-300x210.jpg",300,210,true],"medium_large":["https:\/\/mairie-montataire.fr\/app\/uploads\/2025\/08\/2.1.6_InfosPratiques25-26.jpg",500,350,false],"large":["https:\/\/mairie-montataire.fr\/app\/uploads\/2025\/08\/2.1.6_InfosPratiques25-26.jpg",500,350,false],"1536x1536":["https:\/\/mairie-montataire.fr\/app\/uploads\/2025\/08\/2.1.6_InfosPratiques25-26.jpg",500,350,false],"2048x2048":["https:\/\/mairie-montataire.fr\/app\/uploads\/2025\/08\/2.1.6_InfosPratiques25-26.jpg",500,350,false],"trp-custom-language-flag":["https:\/\/mairie-montataire.fr\/app\/uploads\/2025\/08\/2.1.6_InfosPratiques25-26-18x12.jpg",18,12,true],"gform-image-choice-sm":["https:\/\/mairie-montataire.fr\/app\/uploads\/2025\/08\/2.1.6_InfosPratiques25-26.jpg",300,210,false],"gform-image-choice-md":["https:\/\/mairie-montataire.fr\/app\/uploads\/2025\/08\/2.1.6_InfosPratiques25-26.jpg",400,280,false],"gform-image-choice-lg":["https:\/\/mairie-montataire.fr\/app\/uploads\/2025\/08\/2.1.6_InfosPratiques25-26.jpg",500,350,false]},"uagb_author_info":{"display_name":"mentalworks","author_link":"https:\/\/mairie-montataire.fr\/de\/actualites\/author\/mentalworks\/"},"uagb_comment_info":0,"uagb_excerpt":"Tarifs Nos tarifs par spectacle et par personne TARIF A TARIF A*TARIF B \u00c0 PARTIR DE 10 PERSONNES(SCOLAIRES, ASSOCIATIONS\u2026) *Le tarif r\u00e9duit est propos\u00e9 sur pr\u00e9sentation d\u2019un justificatif : aux personnes titulaires d\u2019une carte mobilit\u00e9 inclusion (CMI) ou d\u2019une carte \u00e9tudiant, inscrit comme demandeur d\u2019emploi, b\u00e9n\u00e9ficiaire du revenu de solidarit\u00e9 active (RSA), aux personnes de&hellip;","_links":{"self":[{"href":"https:\/\/mairie-montataire.fr\/de\/wp-json\/wp\/v2\/pages\/68","targetHints":{"allow":["GET"]}}],"collection":[{"href":"https:\/\/mairie-montataire.fr\/de\/wp-json\/wp\/v2\/pages"}],"about":[{"href":"https:\/\/mairie-montataire.fr\/de\/wp-json\/wp\/v2\/types\/page"}],"author":[{"embeddable":true,"href":"https:\/\/mairie-montataire.fr\/de\/wp-json\/wp\/v2\/users\/1"}],"replies":[{"embeddable":true,"href":"https:\/\/mairie-montataire.fr\/de\/wp-json\/wp\/v2\/comments?post=68"}],"version-history":[{"count":25,"href":"https:\/\/mairie-montataire.fr\/de\/wp-json\/wp\/v2\/pages\/68\/revisions"}],"predecessor-version":[{"id":6772,"href":"https:\/\/mairie-montataire.fr\/de\/wp-json\/wp\/v2\/pages\/68\/revisions\/6772"}],"up":[{"embeddable":true,"href":"https:\/\/mairie-montataire.fr\/de\/wp-json\/wp\/v2\/pages\/48"}],"wp:featuredmedia":[{"embeddable":true,"href":"https:\/\/mairie-montataire.fr\/de\/wp-json\/wp\/v2\/media\/6743"}],"wp:attachment":[{"href":"https:\/\/mairie-montataire.fr\/de\/wp-json\/wp\/v2\/media?parent=68"}],"curies":[{"name":"wp","href":"https:\/\/api.w.org\/{rel}","templated":true}]}}

<div class="wp-block-uagb-separator uagb-block-1a0c7cbc"><div class="wp-block-uagb-separator__inner" style="--my-background-image:"></div></div>



<h2 class="wp-block-heading">Tarife</h2>



<h3 class="wp-block-heading">Unsere Preise pro Aufführung und Person</h3>



<div class="wp-block-columns is-layout-flex wp-container-core-columns-is-layout-9d6595d7 wp-block-columns-is-layout-flex">
<div class="wp-block-column is-layout-flow wp-block-column-is-layout-flow">
<div class="wp-block-uagb-counter uagb-block-bbf58b2d wp-block-uagb-counter--number"><div class="wp-block-uagb-counter__number"><span class="uagb-counter-block-number" data-duration="0.001" data-to-value="10" data-from-value="0" data-delimiter=","></span><span class="uagb-counter-block-suffix"> €</span></div><div class="wp-block-uagb-counter__title"><strong>VOLLER TARIF</strong></div></div>



<p class="has-text-align-center"><strong>TARIF A</strong></p>
</div>



<div class="wp-block-column is-layout-flow wp-block-column-is-layout-flow">
<div class="wp-block-uagb-counter uagb-block-7f1a9da1 wp-block-uagb-counter--number"><div class="wp-block-uagb-counter__number"><span class="uagb-counter-block-number" data-duration="0.001" data-to-value="4" data-from-value="0" data-delimiter=","></span><span class="uagb-counter-block-suffix"> €</span></div><div class="wp-block-uagb-counter__title"><strong>ERMÄSSIGTER TARIF</strong>*</div></div>



<p class="has-text-align-center"><strong>TARIF A*</strong><br><strong>TARIF B</strong></p>
</div>



<div class="wp-block-column is-layout-flow wp-block-column-is-layout-flow">
<div class="wp-block-uagb-counter uagb-block-43c6c7d5 wp-block-uagb-counter--number"><div class="wp-block-uagb-counter__number"><span class="uagb-counter-block-number" data-duration="0.001" data-to-value="2.5" data-from-value="0" data-delimiter=","></span><span class="uagb-counter-block-suffix"> €</span></div><div class="wp-block-uagb-counter__title"><strong>GROUP TARIF</strong></div></div>



<p class="has-text-align-center"><strong>AB 10 PERSONEN<br>(SCHULEN, VEREINE...)</strong></p>
</div>
</div>



<p>*<em>Der ermäßigte Tarif wird gegen Vorlage eines Nachweises angeboten: für Personen, die eine Mobilitätskarte für Behinderte (CMI) oder einen Studentenausweis besitzen, als Arbeitssuchender registriert sind, das aktive Solidaritätseinkommen (RSA) beziehen, unter 20 Jahre alt sind oder in Rente sind.</em></p>



<p><strong>Bei Aufführungen mit Reservierung rufen Sie uns bitte unter 03 44 24 69 97 an oder schicken Sie uns eine E-Mail.</strong></p>



<h3 class="wp-block-heading">Unsere Abonnementpreise pro Vorstellung und pro Person ab 4 Vorstellungen in der Saison</h3>



<div class="wp-block-columns is-layout-flex wp-container-core-columns-is-layout-9d6595d7 wp-block-columns-is-layout-flex">
<div class="wp-block-column is-layout-flow wp-block-column-is-layout-flow">
<div class="wp-block-uagb-counter uagb-block-a88b4baf wp-block-uagb-counter--number"><div class="wp-block-uagb-counter__number"><span class="uagb-counter-block-number" data-duration="0.001" data-to-value="7" data-from-value="0" data-delimiter=","></span><span class="uagb-counter-block-suffix"> €</span></div><div class="wp-block-uagb-counter__title"><strong>VOLLER TARIF</strong></div></div>



<p class="has-text-align-center"><strong>TARIF A</strong></p>
</div>



<div class="wp-block-column is-layout-flow wp-block-column-is-layout-flow">
<div class="wp-block-uagb-counter uagb-block-99f76f46 wp-block-uagb-counter--number"><div class="wp-block-uagb-counter__number"><span class="uagb-counter-block-number" data-duration="0.001" data-to-value="3" data-from-value="0" data-delimiter=","></span><span class="uagb-counter-block-suffix"> €</span></div><div class="wp-block-uagb-counter__title"><strong>ERMÄSSIGTER TARIF*</strong></div></div>



<p class="has-text-align-center"><strong>TARIF A*</strong><br><strong>TARIF B</strong></p>
</div>
</div>



<p>*<em>Der ermäßigte Tarif wird gegen Vorlage eines Nachweises angeboten: für Personen, die eine Mobilitätskarte für Behinderte (CMI) oder einen Studentenausweis besitzen, als Arbeitssuchender registriert sind, das aktive Solidaritätseinkommen (RSA) beziehen, unter 20 Jahre alt sind oder in Rente gehen. Bei Abonnements ist es möglich, bis zu maximal 3 Mal zu bezahlen.</em></p>



<h2 class="wp-block-heading">Einen Platz kaufen...</h2>



<h3 class="wp-block-heading">...vor Ort</h3>



<p>30 Minuten vor jeder Vorstellung oder während der Öffnungszeiten des Palace.</p>



<h3 class="wp-block-heading">...auf dem Postweg</h3>



<p>Indem Sie uns Ihr Formular und Ihren Scheck, ausgestellt auf das Finanzamt, per Post schicken an&nbsp;<strong>Mairie - Service Culturel BP 50209 - 60762 Montataire Cedex</strong>&nbsp;oder indem Sie es an der Rezeption des Palace abgeben. Abonnieren Sie ab 4 Aufführungen, Zahlung bis zu 3 Mal möglich.</p>



<div style="height:24px" aria-hidden="true" class="wp-block-spacer"></div>



<h3 class="wp-block-heading">Zahlungsmittel</h3>



<div class="wp-block-columns is-layout-flex wp-container-core-columns-is-layout-9d6595d7 wp-block-columns-is-layout-flex">
<div class="wp-block-column is-layout-flow wp-block-column-is-layout-flow">
<p class="has-text-align-center">❌ Bankkarte&nbsp;</p>
</div>



<div class="wp-block-column is-layout-flow wp-block-column-is-layout-flow">
<p class="has-text-align-center">✅ Scheck</p>
</div>



<div class="wp-block-column is-layout-flow wp-block-column-is-layout-flow">
<p class="has-text-align-center">✅ Art</p>
</div>
</div>



<div class="wp-block-columns are-vertically-aligned-center is-layout-flex wp-container-core-columns-is-layout-9d6595d7 wp-block-columns-is-layout-flex">
<div class="wp-block-column is-vertically-aligned-center is-layout-flow wp-block-column-is-layout-flow">
<p class="has-text-align-center">✅ Kulturpass&nbsp;&nbsp;</p>
</div>



<div class="wp-block-column is-vertically-aligned-center is-layout-flow wp-block-column-is-layout-flow">
<p class="has-text-align-center">✅ Kulturschecks</p>
</div>
</div>



<h2 class="wp-block-heading">Zugang</h2>



<div class="wp-block-columns is-layout-flex wp-container-core-columns-is-layout-9d6595d7 wp-block-columns-is-layout-flex">
<div class="wp-block-column is-layout-flow wp-block-column-is-layout-flow">
<h3 class="wp-block-heading">Mit dem Bus</h3>



<p>Linien A / S3 / S5 / S6&nbsp;<strong>Halt Deportierte</strong><br><a href="https://www.oise-mobilite.fr/horaires-arret/41706" target="_blank" rel="noreferrer noopener"><strong>Oise Mobilität</strong></a></p>
</div>



<div class="wp-block-column is-layout-flow wp-block-column-is-layout-flow">
<h3 class="wp-block-heading">Mit dem Auto</h3>



<ul class="wp-block-list">
<li style="font-style:normal;font-weight:400">12 Min. von Creil entfernt</li>



<li style="font-style:normal;font-weight:400">40 Min. von Compiègne und Beauvais entfernt</li>



<li style="font-style:normal;font-weight:400">1h15 von Amiens und Paris entfernt</li>
</ul>
</div>



<div class="wp-block-column is-layout-flow wp-block-column-is-layout-flow">
<h3 class="wp-block-heading">Parken in der Nähe</h3>



<ul class="wp-block-list">
<li style="font-style:normal;font-weight:400">Kostenloser Parkplatz Le Palace</li>



<li style="font-style:normal;font-weight:400">Kostenlose Parkplätze Rathaus (2 Minuten zu Fuß entfernt)</li>



<li style="font-style:normal;font-weight:400">Kostenloser Parkplatz Ambroise Croizat (5 Minuten zu Fuß entfernt)</li>
</ul>
</div>
</div>

<p>Tarifs Nos tarifs par spectacle et par personne TARIF A TARIF A*TARIF B À PARTIR DE 10 PERSONNES(SCOLAIRES, ASSOCIATIONS…) *Le tarif réduit est proposé sur présentation d’un justificatif : aux personnes titulaires d’une carte mobilité inclusion (CMI) ou d’une carte étudiant, inscrit comme demandeur d’emploi, bénéficiaire du revenu de solidarité active (RSA), aux personnes de [&hellip;]</p>

Tarifs Nos tarifs par spectacle et par personne TARIF A TARIF A*TARIF B À PARTIR DE 10 PERSONNES(SCOLAIRES, ASSOCIATIONS…) *Le tarif réduit est proposé sur présentation d’un justificatif : aux personnes titulaires d’une carte mobilité inclusion (CMI) ou d’une carte étudiant, inscrit comme demandeur d’emploi, bénéficiaire du revenu de solidarité active (RSA), aux personnes de&hellip;
