{"id":66,"date":"2024-05-03T09:14:42","date_gmt":"2024-05-03T09:14:42","guid":{"rendered":"https:\/\/montataire.local\/?page_id=66"},"modified":"2025-09-16T08:00:02","modified_gmt":"2025-09-16T08:00:02","slug":"schulprogramm","status":"publish","type":"page","link":"https:\/\/mairie-montataire.fr\/de\/s-epanouir\/le-palace\/programmation-scolaire\/","title":{"rendered":"Schulprogrammierung"},"content":{"rendered":"<p><strong>Die Gemeinde bietet eine kostenlose Auff\u00fchrung f\u00fcr Kinderg\u00e4rten und zwei kostenlose Auff\u00fchrungen f\u00fcr Grundschulen an. F\u00fcr weitere Auff\u00fchrungen und f\u00fcr Schulklassen der Mittel- und Oberstufe betr\u00e4gt der Preis 2,50\u20ac pro Sch\u00fcler (Bezahlung mit dem ADAGE-Kulturpass m\u00f6glich).<\/strong><\/p>\n\n\n\n<div class=\"wp-block-uagb-separator uagb-block-1a0c7cbc\"><div class=\"wp-block-uagb-separator__inner\" style=\"--my-background-image:\"><\/div><\/div>\n\n\n\n<h2 class=\"wp-block-heading\">Was wir Ihnen anbieten<\/h2>\n\n\n\n<p>Le Palace bietet Ihnen Auff\u00fchrungen an, die auf den Zyklus 1 (Kindergarten), den Zyklus 2 (Grundschule) und den Zyklus 3 (Mittelschule und Gymnasium) ausgerichtet sind. Zu einigen Auff\u00fchrungen sind p\u00e4dagogische Dossiers erh\u00e4ltlich, die Ihnen Denkanst\u00f6\u00dfe geben, einen Workshop in der Klasse vorbereiten und die Sch\u00fcler f\u00fcr das jeweilige Thema sensibilisieren k\u00f6nnen...&nbsp;<\/p>\n\n\n<div class=\"highlight\">\n                <div class=\"highlight__description\"><p style=\"text-align: center;\"><strong>Die Zeitnischen werden Ihnen von der Kulturabteilung vorgeschlagen.<\/strong><\/p>\n<p>F\u00fcr die Grundschulen und Kinderg\u00e4rten der Stadt stehen Ihnen nach Erhalt der Best\u00e4tigung folgende M\u00f6glichkeiten zur Verf\u00fcgung <strong>15 Tage<\/strong> um Ihren Busantrag bei der Kulturabteilung zu stellen.<\/p>\n<\/div>\n    <\/div>\n\n\n<p>Das Palace kann Vorstellungen, bei denen noch Pl\u00e4tze frei sind, f\u00fcr die breite \u00d6ffentlichkeit zug\u00e4nglich machen.<\/p>\n\n\n\n<h2 class=\"wp-block-heading\">Stufe Begleiter\/in<\/h2>\n\n\n\n<p>F\u00fcr eine Kindergartenklasse werden drei Begleitpersonen ben\u00f6tigt, f\u00fcr eine Grundschulklasse zwei. Sie werden an den Enden der Reihen aufgestellt. Wenn diese Zahl \u00fcberschritten wird, werden die Begleitpersonen am Ende des Saals platziert.<\/p>\n\n\n\n<h2 class=\"wp-block-heading\">Die Anleitung zum Anschauen einer Auff\u00fchrung<\/h2>\n\n\n\n<p style=\"padding-right:var(--wp--preset--spacing--70);padding-left:var(--wp--preset--spacing--70)\">\u2705 Ich komme 15 Minuten vor der Vorstellung an.<\/p>\n\n\n\n<p style=\"padding-right:var(--wp--preset--spacing--70);padding-left:var(--wp--preset--spacing--70)\">\u2705 Ich gehe vor Beginn der Vorstellung auf die Toilette oder lasse mich begleiten.&nbsp;<\/p>\n\n\n\n<p style=\"padding-right:var(--wp--preset--spacing--70);padding-left:var(--wp--preset--spacing--70)\">\u2705 Ich bin aufmerksam, fast still...&nbsp;<\/p>\n\n\n\n<p style=\"padding-right:var(--wp--preset--spacing--70);padding-left:var(--wp--preset--spacing--70)\">\u2705 Ich kann danach mit meinen Freundinnen und Freunden, meiner Lehrerin\/meinem Lehrer, meiner Familie ... diskutieren.<\/p>\n\n\n\n<p style=\"padding-right:var(--wp--preset--spacing--70);padding-left:var(--wp--preset--spacing--70)\">\u274c Ich schalte mein Handy aus.<\/p>\n\n\n\n<p style=\"padding-right:var(--wp--preset--spacing--70);padding-left:var(--wp--preset--spacing--70)\">\u274c Ich fotografiere\/filme nicht.<\/p>\n\n\n\n<p style=\"padding-right:var(--wp--preset--spacing--70);padding-left:var(--wp--preset--spacing--70)\">\u274c Ich bewege mich nicht.&nbsp;<\/p>\n\n\n\n<p style=\"padding-right:var(--wp--preset--spacing--70);padding-left:var(--wp--preset--spacing--70)\">\u274c Ich rauche\/dampfe nicht.<\/p>\n\n\n\n<h2 class=\"wp-block-heading\">Der CL\u00c9A<\/h2>\n\n\n\n<p>Der Contrat Local d'Education Artistique (CL\u00c9A) ist ein von den Ministerien f\u00fcr Kultur und Bildung sowie der Gebietsk\u00f6rperschaft getragenes Instrument zur Vermittlung von Kunst und Kultur. Es wird in der Agglomeration Creil Sud Oise (ACSO) in Partnerschaft mit der Direction R\u00e9gionale des Affaires Culturelles (DRAC) der Region Hauts-de-France und der Direction des Services D\u00e9partementaux de l'\u00c9ducation Nationale (DSDEN) der Region Oise umgesetzt.<\/p>\n\n\n\n<p><br>Um ein CL\u00c9A zu starten, k\u00f6nnen Sie sich an folgende Adresse wenden <a href=\"https:\/\/www.creilsudoise.fr\/mon-quotidien\/loisirs\/culture\/le-contrat-local-deducation-artistique-clea\/#:~:text=Le%20Contrat%20Local%20d'Education%20Artistique%20(CLEA)%20est%20un,%C3%89ducation%20nationale%20et%20la%20collectivit%C3%A9.)\" target=\"_blank\" rel=\"noreferrer noopener\">die Projektausschreibung auf der ACSO-Website<\/a><\/p>\n\n\n\n<p>Das Kulturteam des Palace kann Sie auch begleiten, um Ihr Projekt in Verbindung mit seinem Programm f\u00fcr ein junges Publikum, den K\u00fcnstlern in Residenz oder den Partnern aufzubauen, zu erfinden oder sich vorzustellen.<\/p>","protected":false},"excerpt":{"rendered":"<p>La municipalit\u00e9 offre un spectacle gratuit pour les maternelles et deux spectacles pour les \u00e9l\u00e9mentaires. Pour plus de spectacles et pour les classes du coll\u00e8ge et lyc\u00e9e, les tarifs sont de 2,50\u20ac par \u00e9l\u00e8ve (paiement possible avec le pass culturel ADAGE). Ce que l\u2019on vous propose Le Palace vous propose des spectacles cibler pour le [&hellip;]<\/p>\n","protected":false},"author":1,"featured_media":6746,"parent":48,"menu_order":44,"comment_status":"closed","ping_status":"closed","template":"","meta":{"_acf_changed":false,"_uag_custom_page_level_css":"","footnotes":""},"class_list":["post-66","page","type-page","status-publish","has-post-thumbnail","hentry"],"acf":[],"uagb_featured_image_src":{"full":["https:\/\/mairie-montataire.fr\/app\/uploads\/2025\/08\/2.1.4_ProgScolaire25-26.jpg",500,350,false],"thumbnail":["https:\/\/mairie-montataire.fr\/app\/uploads\/2025\/08\/2.1.4_ProgScolaire25-26-150x150.jpg",150,150,true],"medium":["https:\/\/mairie-montataire.fr\/app\/uploads\/2025\/08\/2.1.4_ProgScolaire25-26-300x210.jpg",300,210,true],"medium_large":["https:\/\/mairie-montataire.fr\/app\/uploads\/2025\/08\/2.1.4_ProgScolaire25-26.jpg",500,350,false],"large":["https:\/\/mairie-montataire.fr\/app\/uploads\/2025\/08\/2.1.4_ProgScolaire25-26.jpg",500,350,false],"1536x1536":["https:\/\/mairie-montataire.fr\/app\/uploads\/2025\/08\/2.1.4_ProgScolaire25-26.jpg",500,350,false],"2048x2048":["https:\/\/mairie-montataire.fr\/app\/uploads\/2025\/08\/2.1.4_ProgScolaire25-26.jpg",500,350,false],"trp-custom-language-flag":["https:\/\/mairie-montataire.fr\/app\/uploads\/2025\/08\/2.1.4_ProgScolaire25-26-18x12.jpg",18,12,true],"gform-image-choice-sm":["https:\/\/mairie-montataire.fr\/app\/uploads\/2025\/08\/2.1.4_ProgScolaire25-26.jpg",300,210,false],"gform-image-choice-md":["https:\/\/mairie-montataire.fr\/app\/uploads\/2025\/08\/2.1.4_ProgScolaire25-26.jpg",400,280,false],"gform-image-choice-lg":["https:\/\/mairie-montataire.fr\/app\/uploads\/2025\/08\/2.1.4_ProgScolaire25-26.jpg",500,350,false]},"uagb_author_info":{"display_name":"mentalworks","author_link":"https:\/\/mairie-montataire.fr\/de\/actualites\/author\/mentalworks\/"},"uagb_comment_info":0,"uagb_excerpt":"La municipalit\u00e9 offre un spectacle gratuit pour les maternelles et deux spectacles pour les \u00e9l\u00e9mentaires. Pour plus de spectacles et pour les classes du coll\u00e8ge et lyc\u00e9e, les tarifs sont de 2,50\u20ac par \u00e9l\u00e8ve (paiement possible avec le pass culturel ADAGE). Ce que l\u2019on vous propose Le Palace vous propose des spectacles cibler pour le&hellip;","_links":{"self":[{"href":"https:\/\/mairie-montataire.fr\/de\/wp-json\/wp\/v2\/pages\/66","targetHints":{"allow":["GET"]}}],"collection":[{"href":"https:\/\/mairie-montataire.fr\/de\/wp-json\/wp\/v2\/pages"}],"about":[{"href":"https:\/\/mairie-montataire.fr\/de\/wp-json\/wp\/v2\/types\/page"}],"author":[{"embeddable":true,"href":"https:\/\/mairie-montataire.fr\/de\/wp-json\/wp\/v2\/users\/1"}],"replies":[{"embeddable":true,"href":"https:\/\/mairie-montataire.fr\/de\/wp-json\/wp\/v2\/comments?post=66"}],"version-history":[{"count":14,"href":"https:\/\/mairie-montataire.fr\/de\/wp-json\/wp\/v2\/pages\/66\/revisions"}],"predecessor-version":[{"id":6833,"href":"https:\/\/mairie-montataire.fr\/de\/wp-json\/wp\/v2\/pages\/66\/revisions\/6833"}],"up":[{"embeddable":true,"href":"https:\/\/mairie-montataire.fr\/de\/wp-json\/wp\/v2\/pages\/48"}],"wp:featuredmedia":[{"embeddable":true,"href":"https:\/\/mairie-montataire.fr\/de\/wp-json\/wp\/v2\/media\/6746"}],"wp:attachment":[{"href":"https:\/\/mairie-montataire.fr\/de\/wp-json\/wp\/v2\/media?parent=66"}],"curies":[{"name":"wp","href":"https:\/\/api.w.org\/{rel}","templated":true}]}}

<p><strong>Die Gemeinde bietet eine kostenlose Aufführung für Kindergärten und zwei kostenlose Aufführungen für Grundschulen an. Für weitere Aufführungen und für Schulklassen der Mittel- und Oberstufe beträgt der Preis 2,50€ pro Schüler (Bezahlung mit dem ADAGE-Kulturpass möglich).</strong></p>



<div class="wp-block-uagb-separator uagb-block-1a0c7cbc"><div class="wp-block-uagb-separator__inner" style="--my-background-image:"></div></div>



<h2 class="wp-block-heading">Was wir Ihnen anbieten</h2>



<p>Le Palace bietet Ihnen Aufführungen an, die auf den Zyklus 1 (Kindergarten), den Zyklus 2 (Grundschule) und den Zyklus 3 (Mittelschule und Gymnasium) ausgerichtet sind. Zu einigen Aufführungen sind pädagogische Dossiers erhältlich, die Ihnen Denkanstöße geben, einen Workshop in der Klasse vorbereiten und die Schüler für das jeweilige Thema sensibilisieren können...&nbsp;</p>


<div class="highlight">
                <div class="highlight__description"><p style="text-align: center;"><strong>Die Zeitnischen werden Ihnen von der Kulturabteilung vorgeschlagen.</strong></p>
<p>Für die Grundschulen und Kindergärten der Stadt stehen Ihnen nach Erhalt der Bestätigung folgende Möglichkeiten zur Verfügung <strong>15 Tage</strong> um Ihren Busantrag bei der Kulturabteilung zu stellen.</p>
</div>
    </div>


<p>Das Palace kann Vorstellungen, bei denen noch Plätze frei sind, für die breite Öffentlichkeit zugänglich machen.</p>



<h2 class="wp-block-heading">Stufe Begleiter/in</h2>



<p>Für eine Kindergartenklasse werden drei Begleitpersonen benötigt, für eine Grundschulklasse zwei. Sie werden an den Enden der Reihen aufgestellt. Wenn diese Zahl überschritten wird, werden die Begleitpersonen am Ende des Saals platziert.</p>



<h2 class="wp-block-heading">Die Anleitung zum Anschauen einer Aufführung</h2>



<p style="padding-right:var(--wp--preset--spacing--70);padding-left:var(--wp--preset--spacing--70)">✅ Ich komme 15 Minuten vor der Vorstellung an.</p>



<p style="padding-right:var(--wp--preset--spacing--70);padding-left:var(--wp--preset--spacing--70)">✅ Ich gehe vor Beginn der Vorstellung auf die Toilette oder lasse mich begleiten.&nbsp;</p>



<p style="padding-right:var(--wp--preset--spacing--70);padding-left:var(--wp--preset--spacing--70)">✅ Ich bin aufmerksam, fast still...&nbsp;</p>



<p style="padding-right:var(--wp--preset--spacing--70);padding-left:var(--wp--preset--spacing--70)">✅ Ich kann danach mit meinen Freundinnen und Freunden, meiner Lehrerin/meinem Lehrer, meiner Familie ... diskutieren.</p>



<p style="padding-right:var(--wp--preset--spacing--70);padding-left:var(--wp--preset--spacing--70)">❌ Ich schalte mein Handy aus.</p>



<p style="padding-right:var(--wp--preset--spacing--70);padding-left:var(--wp--preset--spacing--70)">❌ Ich fotografiere/filme nicht.</p>



<p style="padding-right:var(--wp--preset--spacing--70);padding-left:var(--wp--preset--spacing--70)">❌ Ich bewege mich nicht.&nbsp;</p>



<p style="padding-right:var(--wp--preset--spacing--70);padding-left:var(--wp--preset--spacing--70)">❌ Ich rauche/dampfe nicht.</p>



<h2 class="wp-block-heading">Der CLÉA</h2>



<p>Der Contrat Local d'Education Artistique (CLÉA) ist ein von den Ministerien für Kultur und Bildung sowie der Gebietskörperschaft getragenes Instrument zur Vermittlung von Kunst und Kultur. Es wird in der Agglomeration Creil Sud Oise (ACSO) in Partnerschaft mit der Direction Régionale des Affaires Culturelles (DRAC) der Region Hauts-de-France und der Direction des Services Départementaux de l'Éducation Nationale (DSDEN) der Region Oise umgesetzt.</p>



<p><br>Um ein CLÉA zu starten, können Sie sich an folgende Adresse wenden <a href="https://www.creilsudoise.fr/mon-quotidien/loisirs/culture/le-contrat-local-deducation-artistique-clea/#:~:text=Le%20Contrat%20Local%20d'Education%20Artistique%20(CLEA)%20est%20un,%C3%89ducation%20nationale%20et%20la%20collectivit%C3%A9.)" target="_blank" rel="noreferrer noopener">die Projektausschreibung auf der ACSO-Website</a></p>



<p>Das Kulturteam des Palace kann Sie auch begleiten, um Ihr Projekt in Verbindung mit seinem Programm für ein junges Publikum, den Künstlern in Residenz oder den Partnern aufzubauen, zu erfinden oder sich vorzustellen.</p>

<p>La municipalité offre un spectacle gratuit pour les maternelles et deux spectacles pour les élémentaires. Pour plus de spectacles et pour les classes du collège et lycée, les tarifs sont de 2,50€ par élève (paiement possible avec le pass culturel ADAGE). Ce que l’on vous propose Le Palace vous propose des spectacles cibler pour le [&hellip;]</p>

La municipalité offre un spectacle gratuit pour les maternelles et deux spectacles pour les élémentaires. Pour plus de spectacles et pour les classes du collège et lycée, les tarifs sont de 2,50€ par élève (paiement possible avec le pass culturel ADAGE). Ce que l’on vous propose Le Palace vous propose des spectacles cibler pour le&hellip;
