{"id":52,"date":"2024-05-03T09:12:52","date_gmt":"2024-05-03T09:12:52","guid":{"rendered":"https:\/\/montataire.local\/?page_id=52"},"modified":"2024-09-05T08:11:58","modified_gmt":"2024-09-05T08:11:58","slug":"amem","status":"publish","type":"page","link":"https:\/\/mairie-montataire.fr\/de\/s-epanouir\/amem\/","title":{"rendered":"AMEM"},"content":{"rendered":"<p><strong>Seit 1989 unterrichtet die AMEM (Association Municipale d'Enseignement et d'\u00c9ducation Musicale) im Kulturzentrum Halle Perret Musik, Tanz und bildende Kunst ab dem Alter von 5 Jahren. Sie ist auch Initiatorin zahlreicher Konzerte und des Festivals \"Les Clochers\".<\/strong><\/p>\n\n\n\n<figure class=\"wp-block-image size-large is-resized\"><img loading=\"lazy\" decoding=\"async\" width=\"1024\" height=\"490\" src=\"https:\/\/mairie-montataire.fr\/app\/uploads\/2024\/08\/2024-07-04-Halle-Perret-5-1024x490.jpg\" alt=\"\" class=\"wp-image-2596\" style=\"width:1004px;height:auto\" srcset=\"https:\/\/mairie-montataire.fr\/app\/uploads\/2024\/08\/2024-07-04-Halle-Perret-5-1024x490.jpg 1024w, https:\/\/mairie-montataire.fr\/app\/uploads\/2024\/08\/2024-07-04-Halle-Perret-5-300x143.jpg 300w, https:\/\/mairie-montataire.fr\/app\/uploads\/2024\/08\/2024-07-04-Halle-Perret-5-768x367.jpg 768w, https:\/\/mairie-montataire.fr\/app\/uploads\/2024\/08\/2024-07-04-Halle-Perret-5-1536x734.jpg 1536w, https:\/\/mairie-montataire.fr\/app\/uploads\/2024\/08\/2024-07-04-Halle-Perret-5-2048x979.jpg 2048w\" sizes=\"auto, (max-width: 1024px) 100vw, 1024px\" \/><\/figure>\n\n\n\n<h2 class=\"wp-block-heading\"><strong>Die Kurse<\/strong><\/h2>\n\n\n\n<p>AMEM bringt eine sehr eklektische k\u00fcnstlerische Bildung und Erziehung mit sich:<\/p>\n\n\n\n<ul style=\"padding-right:var(--wp--preset--spacing--70);padding-left:var(--wp--preset--spacing--70);font-style:normal;font-weight:400\" class=\"wp-block-list\">\n<li style=\"font-style:normal;font-weight:400\">Einzelunterricht (ab 7 Jahren oder 2. Klasse)<\/li>\n\n\n\n<li style=\"font-style:normal;font-weight:400\">Gruppenkurse: Musikgarten, Atelier d'expression musicale Orff, Musikausbildung Jugendliche\/Erwachsene, Kinderchor, Gospelchor, Klassischer Tanz, Modern'Jazz, Tahitianischer Tanz<\/li>\n\n\n\n<li style=\"font-style:normal;font-weight:400\">Bl\u00e4ser-, Querfl\u00f6ten-, Klarinetten-, Harfen- und Gitarrenensembles<\/li>\n\n\n\n<li style=\"font-style:normal;font-weight:400\">Streichorchester alle Niveaus, Blasorchester, Jazz-Bigband<\/li>\n\n\n\n<li style=\"font-style:normal;font-weight:400\">Improvisationsworkshop, Workshop Jazz, Blues, Ryhtm &amp; Blues, Workshop Blues &amp; Rock, Workshop Jazz Kinder, Workshop Djembe, Workshop Batucada, Workshop Zeichnen und plastische Kunst, Workshop Alte Musik<\/li>\n<\/ul>\n\n\n\n<div style=\"height:15px\" aria-hidden=\"true\" class=\"wp-block-spacer\"><\/div>\n\n\n\n<p><a href=\"https:\/\/www.a-m-e-m.fr\/informations-pratiques\/tarifs\/\" data-type=\"link\" data-id=\"https:\/\/www.a-m-e-m.fr\/informations-pratiques\/tarifs\/\" target=\"_blank\" rel=\"noreferrer noopener\">Finden Sie die Preise auf ihrer Website.<\/a><\/p>\n\n\n\n<h2 class=\"wp-block-heading\"><strong>Das Mont'Le Son-Studio<\/strong><\/h2>\n\n\n\n<p>Dieses Studio ist ein Raum, der dem musikalischen Schaffen gewidmet ist, mit modernster Ausr\u00fcstung ausgestattet ist und zum Teil von der Regionaldirektion f\u00fcr kulturelle Angelegenheiten der Region Hauts-de-France subventioniert wird.<\/p>\n\n\n\n<p>Das Aufnahmestudio steht allen offen, wobei die Einwohner der Stadt und des Ballungsraums Creil Sud Oise Vorzugspreise erhalten.<\/p>\n\n\n\n<p><a href=\"https:\/\/www.a-m-e-m.fr\/studios-mont-le-son\/\" data-type=\"link\" data-id=\"https:\/\/www.a-m-e-m.fr\/studios-mont-le-son\/\" target=\"_blank\" rel=\"noreferrer noopener\">Die Preise und den Buchungsplan finden Sie auf ihrer Website.<\/a><\/p>\n\n\n\n<figure class=\"wp-block-image aligncenter size-large is-resized\"><img loading=\"lazy\" decoding=\"async\" width=\"1024\" height=\"683\" src=\"https:\/\/mairie-montataire.fr\/app\/uploads\/2024\/09\/2024-09-03-Studios-AMEM-9-Studio-denregistrement-1024x683.jpg\" alt=\"\" class=\"wp-image-4390\" style=\"width:621px;height:auto\" srcset=\"https:\/\/mairie-montataire.fr\/app\/uploads\/2024\/09\/2024-09-03-Studios-AMEM-9-Studio-denregistrement-1024x683.jpg 1024w, https:\/\/mairie-montataire.fr\/app\/uploads\/2024\/09\/2024-09-03-Studios-AMEM-9-Studio-denregistrement-300x200.jpg 300w, https:\/\/mairie-montataire.fr\/app\/uploads\/2024\/09\/2024-09-03-Studios-AMEM-9-Studio-denregistrement-768x512.jpg 768w, https:\/\/mairie-montataire.fr\/app\/uploads\/2024\/09\/2024-09-03-Studios-AMEM-9-Studio-denregistrement-1536x1025.jpg 1536w, https:\/\/mairie-montataire.fr\/app\/uploads\/2024\/09\/2024-09-03-Studios-AMEM-9-Studio-denregistrement-2048x1366.jpg 2048w, https:\/\/mairie-montataire.fr\/app\/uploads\/2024\/09\/2024-09-03-Studios-AMEM-9-Studio-denregistrement-18x12.jpg 18w\" sizes=\"auto, (max-width: 1024px) 100vw, 1024px\" \/><\/figure>\n\n\n\n<h2 class=\"wp-block-heading\"><strong>Die Perret-Halle<\/strong><\/h2>\n\n\n\n<p>Mit ihrer Architektur aus dem Jahr 1919 wollte die Stadt dieses Erbe bewahren, indem sie den rechten Fl\u00fcgel des Geb\u00e4udes sanierte. Seit ihrer Einweihung im Januar 2018 hat die Halle Perret den Preis f\u00fcr Architektur und Europ\u00e4ische Bauherren 2019 (AMO) gewonnen.<\/p>\n\n\n\n<div class=\"wp-block-uagb-container uagb-block-537e63fd alignfull uagb-is-root-container\"><div class=\"uagb-container-inner-blocks-wrap\">\n<div class=\"wp-block-uagb-blockquote uagb-block-1d0dd472 uagb-blockquote__skin-border uagb-blockquote__stack-img-none\"><blockquote class=\"uagb-blockquote\"><div class=\"uagb-blockquote__content\">\"Der Kulturpol ist ein perfektes Beispiel f\u00fcr die F\u00e4higkeit, die Architektur zur Umsetzung des menschlichen, politischen und historischen Austauschs zu machen, auf dem sie beruht. Die Halle Perret ist aufgrund ihres kollaborativen Ansatzes eine beispielhafte Translation von einem durch die Industrie- und Metallkrise gesch\u00e4digten Gebiet zu einem Kulturzentrum. Dieses Projekt bietet eine bereicherte Lesart von verp\u00f6nten \u00dcberresten\".<\/div><footer><div class=\"uagb-blockquote__author-wrap uagb-blockquote__author-at-left\"><cite class=\"uagb-blockquote__author\">\u00dcberpr\u00fcfung des AMO-Preises\u00a0<\/cite><\/div><\/footer><\/blockquote><\/div>\n<\/div><\/div>\n\n\n\n<div style=\"height:27px\" aria-hidden=\"true\" class=\"wp-block-spacer\"><\/div>\n\n\n\n<p>Die Halle Perret symbolisiert die Kontinuit\u00e4t zwischen der lokalen Industriegeschichte und der Kultur. Ihr Geb\u00e4ude ist im Generalinventar des Kulturerbes der Region Hauts-de-France verzeichnet. Ihre Sanierung wurde vom Conseil d\u00e9partemental de l'Oise, dem Conseil r\u00e9gional de Picardie und dem Staat finanziell unterst\u00fctzt. Das Projekt wurde au\u00dferdem von der Europ\u00e4ischen Union kofinanziert.<\/p>\n\n\n\n<figure class=\"wp-block-image size-large is-resized\"><img loading=\"lazy\" decoding=\"async\" width=\"1024\" height=\"204\" src=\"https:\/\/mairie-montataire.fr\/app\/uploads\/2024\/08\/ReabilitationHallePerret-1-1024x204.jpg\" alt=\"\" class=\"wp-image-2597\" style=\"width:1163px;height:auto\" srcset=\"https:\/\/mairie-montataire.fr\/app\/uploads\/2024\/08\/ReabilitationHallePerret-1-1024x204.jpg 1024w, https:\/\/mairie-montataire.fr\/app\/uploads\/2024\/08\/ReabilitationHallePerret-1-300x60.jpg 300w, https:\/\/mairie-montataire.fr\/app\/uploads\/2024\/08\/ReabilitationHallePerret-1-768x153.jpg 768w, https:\/\/mairie-montataire.fr\/app\/uploads\/2024\/08\/ReabilitationHallePerret-1.jpg 1379w\" sizes=\"auto, (max-width: 1024px) 100vw, 1024px\" \/><\/figure>","protected":false},"excerpt":{"rendered":"<p>Depuis 1989, l&rsquo;AMEM (Association Municipale d\u2019Enseignement et d\u2019\u00c9ducation Musicale) enseigne la musique, la danse et les arts plastiques d\u00e8s l&rsquo;\u00e2ge de 5 ans au p\u00f4le culturel la Halle Perret. Elle est \u00e9galement \u00e0 l&rsquo;initiative de nombreux concerts et du festival des Clochers. Les cours L\u2019AMEM apporte un enseignement et une \u00e9ducation&nbsp;artistique tr\u00e8s \u00e9clectique&nbsp;: Retrouvez les [&hellip;]<\/p>\n","protected":false},"author":1,"featured_media":1076,"parent":34,"menu_order":48,"comment_status":"closed","ping_status":"closed","template":"","meta":{"_acf_changed":false,"_uag_custom_page_level_css":"","footnotes":""},"class_list":["post-52","page","type-page","status-publish","has-post-thumbnail","hentry"],"acf":[],"uagb_featured_image_src":{"full":["https:\/\/mairie-montataire.fr\/app\/uploads\/2024\/07\/2.3_amem-1.jpg",500,333,false],"thumbnail":["https:\/\/mairie-montataire.fr\/app\/uploads\/2024\/07\/2.3_amem-1-150x150.jpg",150,150,true],"medium":["https:\/\/mairie-montataire.fr\/app\/uploads\/2024\/07\/2.3_amem-1-300x200.jpg",300,200,true],"medium_large":["https:\/\/mairie-montataire.fr\/app\/uploads\/2024\/07\/2.3_amem-1.jpg",500,333,false],"large":["https:\/\/mairie-montataire.fr\/app\/uploads\/2024\/07\/2.3_amem-1.jpg",500,333,false],"1536x1536":["https:\/\/mairie-montataire.fr\/app\/uploads\/2024\/07\/2.3_amem-1.jpg",500,333,false],"2048x2048":["https:\/\/mairie-montataire.fr\/app\/uploads\/2024\/07\/2.3_amem-1.jpg",500,333,false],"trp-custom-language-flag":["https:\/\/mairie-montataire.fr\/app\/uploads\/2024\/07\/2.3_amem-1.jpg",18,12,false],"gform-image-choice-sm":["https:\/\/mairie-montataire.fr\/app\/uploads\/2024\/07\/2.3_amem-1.jpg",300,200,false],"gform-image-choice-md":["https:\/\/mairie-montataire.fr\/app\/uploads\/2024\/07\/2.3_amem-1.jpg",400,266,false],"gform-image-choice-lg":["https:\/\/mairie-montataire.fr\/app\/uploads\/2024\/07\/2.3_amem-1.jpg",500,333,false]},"uagb_author_info":{"display_name":"mentalworks","author_link":"https:\/\/mairie-montataire.fr\/de\/actualites\/author\/mentalworks\/"},"uagb_comment_info":0,"uagb_excerpt":"Depuis 1989, l&rsquo;AMEM (Association Municipale d\u2019Enseignement et d\u2019\u00c9ducation Musicale) enseigne la musique, la danse et les arts plastiques d\u00e8s l&rsquo;\u00e2ge de 5 ans au p\u00f4le culturel la Halle Perret. Elle est \u00e9galement \u00e0 l&rsquo;initiative de nombreux concerts et du festival des Clochers. Les cours L\u2019AMEM apporte un enseignement et une \u00e9ducation&nbsp;artistique tr\u00e8s \u00e9clectique&nbsp;: Retrouvez les&hellip;","_links":{"self":[{"href":"https:\/\/mairie-montataire.fr\/de\/wp-json\/wp\/v2\/pages\/52","targetHints":{"allow":["GET"]}}],"collection":[{"href":"https:\/\/mairie-montataire.fr\/de\/wp-json\/wp\/v2\/pages"}],"about":[{"href":"https:\/\/mairie-montataire.fr\/de\/wp-json\/wp\/v2\/types\/page"}],"author":[{"embeddable":true,"href":"https:\/\/mairie-montataire.fr\/de\/wp-json\/wp\/v2\/users\/1"}],"replies":[{"embeddable":true,"href":"https:\/\/mairie-montataire.fr\/de\/wp-json\/wp\/v2\/comments?post=52"}],"version-history":[{"count":19,"href":"https:\/\/mairie-montataire.fr\/de\/wp-json\/wp\/v2\/pages\/52\/revisions"}],"predecessor-version":[{"id":4396,"href":"https:\/\/mairie-montataire.fr\/de\/wp-json\/wp\/v2\/pages\/52\/revisions\/4396"}],"up":[{"embeddable":true,"href":"https:\/\/mairie-montataire.fr\/de\/wp-json\/wp\/v2\/pages\/34"}],"wp:featuredmedia":[{"embeddable":true,"href":"https:\/\/mairie-montataire.fr\/de\/wp-json\/wp\/v2\/media\/1076"}],"wp:attachment":[{"href":"https:\/\/mairie-montataire.fr\/de\/wp-json\/wp\/v2\/media?parent=52"}],"curies":[{"name":"wp","href":"https:\/\/api.w.org\/{rel}","templated":true}]}}

<p><strong>Seit 1989 unterrichtet die AMEM (Association Municipale d'Enseignement et d'Éducation Musicale) im Kulturzentrum Halle Perret Musik, Tanz und bildende Kunst ab dem Alter von 5 Jahren. Sie ist auch Initiatorin zahlreicher Konzerte und des Festivals "Les Clochers".</strong></p>



<figure class="wp-block-image size-large is-resized"><img loading="lazy" decoding="async" width="1024" height="490" src="https://mairie-montataire.fr/app/uploads/2024/08/2024-07-04-Halle-Perret-5-1024x490.jpg" alt="" class="wp-image-2596" style="width:1004px;height:auto" srcset="https://mairie-montataire.fr/app/uploads/2024/08/2024-07-04-Halle-Perret-5-1024x490.jpg 1024w, https://mairie-montataire.fr/app/uploads/2024/08/2024-07-04-Halle-Perret-5-300x143.jpg 300w, https://mairie-montataire.fr/app/uploads/2024/08/2024-07-04-Halle-Perret-5-768x367.jpg 768w, https://mairie-montataire.fr/app/uploads/2024/08/2024-07-04-Halle-Perret-5-1536x734.jpg 1536w, https://mairie-montataire.fr/app/uploads/2024/08/2024-07-04-Halle-Perret-5-2048x979.jpg 2048w" sizes="auto, (max-width: 1024px) 100vw, 1024px" /></figure>



<h2 class="wp-block-heading"><strong>Die Kurse</strong></h2>



<p>AMEM bringt eine sehr eklektische künstlerische Bildung und Erziehung mit sich:</p>



<ul style="padding-right:var(--wp--preset--spacing--70);padding-left:var(--wp--preset--spacing--70);font-style:normal;font-weight:400" class="wp-block-list">
<li style="font-style:normal;font-weight:400">Einzelunterricht (ab 7 Jahren oder 2. Klasse)</li>



<li style="font-style:normal;font-weight:400">Gruppenkurse: Musikgarten, Atelier d'expression musicale Orff, Musikausbildung Jugendliche/Erwachsene, Kinderchor, Gospelchor, Klassischer Tanz, Modern'Jazz, Tahitianischer Tanz</li>



<li style="font-style:normal;font-weight:400">Bläser-, Querflöten-, Klarinetten-, Harfen- und Gitarrenensembles</li>



<li style="font-style:normal;font-weight:400">Streichorchester alle Niveaus, Blasorchester, Jazz-Bigband</li>



<li style="font-style:normal;font-weight:400">Improvisationsworkshop, Workshop Jazz, Blues, Ryhtm &amp; Blues, Workshop Blues &amp; Rock, Workshop Jazz Kinder, Workshop Djembe, Workshop Batucada, Workshop Zeichnen und plastische Kunst, Workshop Alte Musik</li>
</ul>



<div style="height:15px" aria-hidden="true" class="wp-block-spacer"></div>



<p><a href="https://www.a-m-e-m.fr/informations-pratiques/tarifs/" data-type="link" data-id="https://www.a-m-e-m.fr/informations-pratiques/tarifs/" target="_blank" rel="noreferrer noopener">Finden Sie die Preise auf ihrer Website.</a></p>



<h2 class="wp-block-heading"><strong>Das Mont'Le Son-Studio</strong></h2>



<p>Dieses Studio ist ein Raum, der dem musikalischen Schaffen gewidmet ist, mit modernster Ausrüstung ausgestattet ist und zum Teil von der Regionaldirektion für kulturelle Angelegenheiten der Region Hauts-de-France subventioniert wird.</p>



<p>Das Aufnahmestudio steht allen offen, wobei die Einwohner der Stadt und des Ballungsraums Creil Sud Oise Vorzugspreise erhalten.</p>



<p><a href="https://www.a-m-e-m.fr/studios-mont-le-son/" data-type="link" data-id="https://www.a-m-e-m.fr/studios-mont-le-son/" target="_blank" rel="noreferrer noopener">Die Preise und den Buchungsplan finden Sie auf ihrer Website.</a></p>



<figure class="wp-block-image aligncenter size-large is-resized"><img loading="lazy" decoding="async" width="1024" height="683" src="https://mairie-montataire.fr/app/uploads/2024/09/2024-09-03-Studios-AMEM-9-Studio-denregistrement-1024x683.jpg" alt="" class="wp-image-4390" style="width:621px;height:auto" srcset="https://mairie-montataire.fr/app/uploads/2024/09/2024-09-03-Studios-AMEM-9-Studio-denregistrement-1024x683.jpg 1024w, https://mairie-montataire.fr/app/uploads/2024/09/2024-09-03-Studios-AMEM-9-Studio-denregistrement-300x200.jpg 300w, https://mairie-montataire.fr/app/uploads/2024/09/2024-09-03-Studios-AMEM-9-Studio-denregistrement-768x512.jpg 768w, https://mairie-montataire.fr/app/uploads/2024/09/2024-09-03-Studios-AMEM-9-Studio-denregistrement-1536x1025.jpg 1536w, https://mairie-montataire.fr/app/uploads/2024/09/2024-09-03-Studios-AMEM-9-Studio-denregistrement-2048x1366.jpg 2048w, https://mairie-montataire.fr/app/uploads/2024/09/2024-09-03-Studios-AMEM-9-Studio-denregistrement-18x12.jpg 18w" sizes="auto, (max-width: 1024px) 100vw, 1024px" /></figure>



<h2 class="wp-block-heading"><strong>Die Perret-Halle</strong></h2>



<p>Mit ihrer Architektur aus dem Jahr 1919 wollte die Stadt dieses Erbe bewahren, indem sie den rechten Flügel des Gebäudes sanierte. Seit ihrer Einweihung im Januar 2018 hat die Halle Perret den Preis für Architektur und Europäische Bauherren 2019 (AMO) gewonnen.</p>



<div class="wp-block-uagb-container uagb-block-537e63fd alignfull uagb-is-root-container"><div class="uagb-container-inner-blocks-wrap">
<div class="wp-block-uagb-blockquote uagb-block-1d0dd472 uagb-blockquote__skin-border uagb-blockquote__stack-img-none"><blockquote class="uagb-blockquote"><div class="uagb-blockquote__content">"Der Kulturpol ist ein perfektes Beispiel für die Fähigkeit, die Architektur zur Umsetzung des menschlichen, politischen und historischen Austauschs zu machen, auf dem sie beruht. Die Halle Perret ist aufgrund ihres kollaborativen Ansatzes eine beispielhafte Translation von einem durch die Industrie- und Metallkrise geschädigten Gebiet zu einem Kulturzentrum. Dieses Projekt bietet eine bereicherte Lesart von verpönten Überresten".</div><footer><div class="uagb-blockquote__author-wrap uagb-blockquote__author-at-left"><cite class="uagb-blockquote__author">Überprüfung des AMO-Preises </cite></div></footer></blockquote></div>
</div></div>



<div style="height:27px" aria-hidden="true" class="wp-block-spacer"></div>



<p>Die Halle Perret symbolisiert die Kontinuität zwischen der lokalen Industriegeschichte und der Kultur. Ihr Gebäude ist im Generalinventar des Kulturerbes der Region Hauts-de-France verzeichnet. Ihre Sanierung wurde vom Conseil départemental de l'Oise, dem Conseil régional de Picardie und dem Staat finanziell unterstützt. Das Projekt wurde außerdem von der Europäischen Union kofinanziert.</p>



<figure class="wp-block-image size-large is-resized"><img loading="lazy" decoding="async" width="1024" height="204" src="https://mairie-montataire.fr/app/uploads/2024/08/ReabilitationHallePerret-1-1024x204.jpg" alt="" class="wp-image-2597" style="width:1163px;height:auto" srcset="https://mairie-montataire.fr/app/uploads/2024/08/ReabilitationHallePerret-1-1024x204.jpg 1024w, https://mairie-montataire.fr/app/uploads/2024/08/ReabilitationHallePerret-1-300x60.jpg 300w, https://mairie-montataire.fr/app/uploads/2024/08/ReabilitationHallePerret-1-768x153.jpg 768w, https://mairie-montataire.fr/app/uploads/2024/08/ReabilitationHallePerret-1.jpg 1379w" sizes="auto, (max-width: 1024px) 100vw, 1024px" /></figure>

<p>Depuis 1989, l&rsquo;AMEM (Association Municipale d’Enseignement et d’Éducation Musicale) enseigne la musique, la danse et les arts plastiques dès l&rsquo;âge de 5 ans au pôle culturel la Halle Perret. Elle est également à l&rsquo;initiative de nombreux concerts et du festival des Clochers. Les cours L’AMEM apporte un enseignement et une éducation&nbsp;artistique très éclectique&nbsp;: Retrouvez les [&hellip;]</p>

Depuis 1989, l&rsquo;AMEM (Association Municipale d’Enseignement et d’Éducation Musicale) enseigne la musique, la danse et les arts plastiques dès l&rsquo;âge de 5 ans au pôle culturel la Halle Perret. Elle est également à l&rsquo;initiative de nombreux concerts et du festival des Clochers. Les cours L’AMEM apporte un enseignement et une éducation&nbsp;artistique très éclectique&nbsp;: Retrouvez les&hellip;
