{"id":433,"date":"2024-05-20T10:01:45","date_gmt":"2024-05-20T10:01:45","guid":{"rendered":"https:\/\/montataire.mentalworks.me\/?page_id=433"},"modified":"2024-09-03T08:46:56","modified_gmt":"2024-09-03T08:46:56","slug":"programm-fur-bildungserfolg","status":"publish","type":"page","link":"https:\/\/mairie-montataire.fr\/de\/habiter\/jeunesse\/programme-de-reussite-educative\/","title":{"rendered":"Programm f\u00fcr Bildungserfolg (Programme de R\u00e9ussite \u00c9ducative - PRE)"},"content":{"rendered":"<p><strong>Das PRE wurde 2005 eingef\u00fchrt, um auf verschiedene Schwierigkeiten von Kindern und Jugendlichen im Alter von 2 bis 16 Jahren zu reagieren. In Zusammenarbeit mit den Schulen bietet das Programm eine individuelle Betreuung und verpflichtet das Kind und seine Eltern zu einem Weg, der den Bildungserfolg des Kindes f\u00f6rdern soll.<\/strong><\/p>\n\n\n\n<p>Ziel ist es, einen Ansatz anzubieten, der alle Aspekte der Situation eines Kindes oder Jugendlichen mit Anzeichen von Fragilit\u00e4t ber\u00fccksichtigt. Dieser Ansatz umfasst ihre k\u00f6rperliche und geistige Gesundheit, ihr emotionales Wohlbefinden sowie ihr soziales und famili\u00e4res Umfeld. Die Eltern sind als erste Erzieher ihrer Kinder ein integraler Bestandteil dieses Konzepts. Der Familie wird ein individueller Weg mit individuellen oder kollektiven Ma\u00dfnahmen vorgeschlagen, um den Erfolg und die Entwicklung des Kindes zu f\u00f6rdern. Es ist wichtig zu beachten, dass das PRE nicht an die Stelle des allgemeinen Rechts treten soll. Die Dauer dieses Parcours kann variieren, bleibt jedoch zeitlich begrenzt.<\/p>\n\n\n<div class=\"highlight\">\n                <div class=\"highlight__description\"><p style=\"text-align: center;\"><strong>Der Weg zum Bildungserfolg wird von einem multidisziplin\u00e4ren Unterst\u00fctzungsteam validiert.<\/strong><\/p>\n<p style=\"text-align: center;\"><strong>Die Erkennung von Kindern und Jugendlichen erfolgt in der \u00fcberwiegenden Mehrheit der Situationen durch die Bildungsteams der Schulen.<\/strong><\/p>\n<\/div>\n    <\/div>\n\n\n<p>Weitere Informationen \u00fcber <a href=\"https:\/\/agence-cohesion-territoires.gouv.fr\/programme-de-reussite-educative-pre-81\" data-type=\"link\" data-id=\"https:\/\/agence-cohesion-territoires.gouv.fr\/programme-de-reussite-educative-pre-81\" target=\"_blank\" rel=\"noreferrer noopener\">die Website der nationalen Agentur f\u00fcr den Zusammenhalt der Gebiete<\/a><\/p>","protected":false},"excerpt":{"rendered":"<p>Le PRE a \u00e9t\u00e9 instaur\u00e9 en 2005 dans le but de r\u00e9pondre \u00e0 diverses difficult\u00e9s rencontr\u00e9es par les enfants et les jeunes \u00e2g\u00e9s de 2 \u00e0 16 ans. En collaboration avec les \u00e9tablissements scolaires, ce programme propose un suivi personnalis\u00e9 et engage ainsi l&rsquo;enfant et ses parents dans un parcours visant \u00e0 favoriser la r\u00e9ussite [&hellip;]<\/p>\n","protected":false},"author":1,"featured_media":4192,"parent":114,"menu_order":19,"comment_status":"closed","ping_status":"closed","template":"","meta":{"_acf_changed":false,"_uag_custom_page_level_css":"","footnotes":""},"class_list":["post-433","page","type-page","status-publish","has-post-thumbnail","hentry"],"acf":[],"uagb_featured_image_src":{"full":["https:\/\/mairie-montataire.fr\/app\/uploads\/2024\/09\/1.3.1_ProgReussiteEduc.jpg",500,350,false],"thumbnail":["https:\/\/mairie-montataire.fr\/app\/uploads\/2024\/09\/1.3.1_ProgReussiteEduc-150x150.jpg",150,150,true],"medium":["https:\/\/mairie-montataire.fr\/app\/uploads\/2024\/09\/1.3.1_ProgReussiteEduc-300x210.jpg",300,210,true],"medium_large":["https:\/\/mairie-montataire.fr\/app\/uploads\/2024\/09\/1.3.1_ProgReussiteEduc.jpg",500,350,false],"large":["https:\/\/mairie-montataire.fr\/app\/uploads\/2024\/09\/1.3.1_ProgReussiteEduc.jpg",500,350,false],"1536x1536":["https:\/\/mairie-montataire.fr\/app\/uploads\/2024\/09\/1.3.1_ProgReussiteEduc.jpg",500,350,false],"2048x2048":["https:\/\/mairie-montataire.fr\/app\/uploads\/2024\/09\/1.3.1_ProgReussiteEduc.jpg",500,350,false],"trp-custom-language-flag":["https:\/\/mairie-montataire.fr\/app\/uploads\/2024\/09\/1.3.1_ProgReussiteEduc-18x12.jpg",18,12,true],"gform-image-choice-sm":["https:\/\/mairie-montataire.fr\/app\/uploads\/2024\/09\/1.3.1_ProgReussiteEduc.jpg",300,210,false],"gform-image-choice-md":["https:\/\/mairie-montataire.fr\/app\/uploads\/2024\/09\/1.3.1_ProgReussiteEduc.jpg",400,280,false],"gform-image-choice-lg":["https:\/\/mairie-montataire.fr\/app\/uploads\/2024\/09\/1.3.1_ProgReussiteEduc.jpg",500,350,false]},"uagb_author_info":{"display_name":"mentalworks","author_link":"https:\/\/mairie-montataire.fr\/de\/actualites\/author\/mentalworks\/"},"uagb_comment_info":0,"uagb_excerpt":"Le PRE a \u00e9t\u00e9 instaur\u00e9 en 2005 dans le but de r\u00e9pondre \u00e0 diverses difficult\u00e9s rencontr\u00e9es par les enfants et les jeunes \u00e2g\u00e9s de 2 \u00e0 16 ans. En collaboration avec les \u00e9tablissements scolaires, ce programme propose un suivi personnalis\u00e9 et engage ainsi l&rsquo;enfant et ses parents dans un parcours visant \u00e0 favoriser la r\u00e9ussite&hellip;","_links":{"self":[{"href":"https:\/\/mairie-montataire.fr\/de\/wp-json\/wp\/v2\/pages\/433","targetHints":{"allow":["GET"]}}],"collection":[{"href":"https:\/\/mairie-montataire.fr\/de\/wp-json\/wp\/v2\/pages"}],"about":[{"href":"https:\/\/mairie-montataire.fr\/de\/wp-json\/wp\/v2\/types\/page"}],"author":[{"embeddable":true,"href":"https:\/\/mairie-montataire.fr\/de\/wp-json\/wp\/v2\/users\/1"}],"replies":[{"embeddable":true,"href":"https:\/\/mairie-montataire.fr\/de\/wp-json\/wp\/v2\/comments?post=433"}],"version-history":[{"count":10,"href":"https:\/\/mairie-montataire.fr\/de\/wp-json\/wp\/v2\/pages\/433\/revisions"}],"predecessor-version":[{"id":2991,"href":"https:\/\/mairie-montataire.fr\/de\/wp-json\/wp\/v2\/pages\/433\/revisions\/2991"}],"up":[{"embeddable":true,"href":"https:\/\/mairie-montataire.fr\/de\/wp-json\/wp\/v2\/pages\/114"}],"wp:featuredmedia":[{"embeddable":true,"href":"https:\/\/mairie-montataire.fr\/de\/wp-json\/wp\/v2\/media\/4192"}],"wp:attachment":[{"href":"https:\/\/mairie-montataire.fr\/de\/wp-json\/wp\/v2\/media?parent=433"}],"curies":[{"name":"wp","href":"https:\/\/api.w.org\/{rel}","templated":true}]}}

Programm für Bildungserfolg (Programme de Réussite Éducative - PRE)

<p><strong>Das PRE wurde 2005 eingeführt, um auf verschiedene Schwierigkeiten von Kindern und Jugendlichen im Alter von 2 bis 16 Jahren zu reagieren. In Zusammenarbeit mit den Schulen bietet das Programm eine individuelle Betreuung und verpflichtet das Kind und seine Eltern zu einem Weg, der den Bildungserfolg des Kindes fördern soll.</strong></p>



<p>Ziel ist es, einen Ansatz anzubieten, der alle Aspekte der Situation eines Kindes oder Jugendlichen mit Anzeichen von Fragilität berücksichtigt. Dieser Ansatz umfasst ihre körperliche und geistige Gesundheit, ihr emotionales Wohlbefinden sowie ihr soziales und familiäres Umfeld. Die Eltern sind als erste Erzieher ihrer Kinder ein integraler Bestandteil dieses Konzepts. Der Familie wird ein individueller Weg mit individuellen oder kollektiven Maßnahmen vorgeschlagen, um den Erfolg und die Entwicklung des Kindes zu fördern. Es ist wichtig zu beachten, dass das PRE nicht an die Stelle des allgemeinen Rechts treten soll. Die Dauer dieses Parcours kann variieren, bleibt jedoch zeitlich begrenzt.</p>


<div class="highlight">
                <div class="highlight__description"><p style="text-align: center;"><strong>Der Weg zum Bildungserfolg wird von einem multidisziplinären Unterstützungsteam validiert.</strong></p>
<p style="text-align: center;"><strong>Die Erkennung von Kindern und Jugendlichen erfolgt in der überwiegenden Mehrheit der Situationen durch die Bildungsteams der Schulen.</strong></p>
</div>
    </div>


<p>Weitere Informationen über <a href="https://agence-cohesion-territoires.gouv.fr/programme-de-reussite-educative-pre-81" data-type="link" data-id="https://agence-cohesion-territoires.gouv.fr/programme-de-reussite-educative-pre-81" target="_blank" rel="noreferrer noopener">die Website der nationalen Agentur für den Zusammenhalt der Gebiete</a></p>

<p>Le PRE a été instauré en 2005 dans le but de répondre à diverses difficultés rencontrées par les enfants et les jeunes âgés de 2 à 16 ans. En collaboration avec les établissements scolaires, ce programme propose un suivi personnalisé et engage ainsi l&rsquo;enfant et ses parents dans un parcours visant à favoriser la réussite [&hellip;]</p>

Le PRE a été instauré en 2005 dans le but de répondre à diverses difficultés rencontrées par les enfants et les jeunes âgés de 2 à 16 ans. En collaboration avec les établissements scolaires, ce programme propose un suivi personnalisé et engage ainsi l&rsquo;enfant et ses parents dans un parcours visant à favoriser la réussite&hellip;
