{"id":421,"date":"2024-05-20T09:49:54","date_gmt":"2024-05-20T09:49:54","guid":{"rendered":"https:\/\/montataire.mentalworks.me\/?page_id=421"},"modified":"2024-08-14T10:03:26","modified_gmt":"2024-08-14T10:03:26","slug":"stadtische-sportschule","status":"publish","type":"page","link":"https:\/\/mairie-montataire.fr\/de\/s-epanouir\/sports-loisirs\/ecole-municipale-des-sports\/","title":{"rendered":"St\u00e4dtische Sportschule"},"content":{"rendered":"<p><strong>Die Stadt Montataire m\u00f6chte m\u00f6glichst vielen Menschen den Zugang zu sportlichen Aktivit\u00e4ten erm\u00f6glichen. Dies geschieht sowohl durch die Bereitstellung von st\u00e4dtischen Sportlehrern w\u00e4hrend der schulischen und au\u00dferschulischen Zeit als auch durch die Bereitstellung von Sportanlagen.<\/strong><\/p>\n\n\n\n<p>Jeden Mittwochmorgen haben Kinder im Alter von 3 bis 11 Jahren die M\u00f6glichkeit, in eine Welt voller spielerischer und sportlicher Aktivit\u00e4ten einzutauchen. Von Gymnastik \u00fcber Radfahren und Leichtathletik bis hin zu Tennis, Tischtennis und Billard bietet dieses Programm eine Vielzahl von Optionen, um den Interessen jedes Einzelnen gerecht zu werden. Die angebotenen Mannschaftssportarten erm\u00f6glichen es den Kindern au\u00dferdem, ihren Teamgeist und ihre Koordinationsf\u00e4higkeit zu entwickeln und dabei Spa\u00df zu haben.<\/p>\n\n\n\n<h2 class=\"wp-block-heading\"><strong>Die Sportstrukturen<\/strong><\/h2>\n\n\n\n<p>In der ganzen Stadt findet man eine gro\u00dfe Anzahl an Sporteinrichtungen, die die Aus\u00fcbung verschiedener Sportarten erm\u00f6glichen.<\/p>\n\n\n\n<div style=\"height:44px\" aria-hidden=\"true\" class=\"wp-block-spacer\"><\/div>\n\n\n\n<div class=\"wp-block-uagb-buttons uagb-buttons__outer-wrap uagb-btn__default-btn uagb-btn-tablet__default-btn uagb-btn-mobile__default-btn uagb-block-880ff14b\"><div class=\"uagb-buttons__wrap uagb-buttons-layout-wrap\">\n<div class=\"wp-block-uagb-buttons-child uagb-buttons__outer-wrap uagb-block-892171ac wp-block-button\"><div class=\"uagb-button__wrapper\"><a class=\"uagb-buttons-repeater wp-block-button__link\" aria-label=\"\" href=\"https:\/\/mairie-montataire.fr\/de\/verzeichnisse\/?categorie=structures-sportives&amp;ordre=a-z\" rel=\"follow noopener\" target=\"_self\" role=\"button\"><div class=\"uagb-button__link\"><strong>Finden Sie sie im Verzeichnis<\/strong><\/div><span class=\"uagb-button__icon uagb-button__icon-position-after\"><svg xmlns=\"https:\/\/www.w3.org\/2000\/svg\" viewbox=\"0 0 448 512\" aria-hidden=\"true\" focussable=\"false\"><path d=\"M438.6 278.6l-160 160C272.4 444.9 264.2 448 256 448s-16.38-3.125-22.62-9.375c-12.5-12.5-12.5-32.75 0-45.25L338.8 288H32C14.33 288 .0016 273.7 .0016 256S14.33 224 32 224h306.8l-105.4-105.4c-12.5-12.5-12.5-32.75 0-45.25s32.75-12.5 45.25 0l160 160C451.1 245.9 451.1 266.1 438.6 278.6z\"><\/path><\/svg><\/span><\/a><\/div><\/div>\n<\/div><\/div>","protected":false},"excerpt":{"rendered":"<p>La ville de Montataire souhaite favoriser l&rsquo;acc\u00e8s au plus grand nombre \u00e0 l&rsquo;activit\u00e9 sportive. Cela passe aussi bien par la mise \u00e0 disposition des \u00e9ducateurs sportifs municipaux lors des temps scolaires et extra-scolaires et des\u00a0\u00e9quipements sportifs. Chaque mercredi matin, les enfants \u00e2g\u00e9s de 3 \u00e0 11 ans ont l&rsquo;opportunit\u00e9 de s&rsquo;immerger dans un monde d&rsquo;activit\u00e9s [&hellip;]<\/p>\n","protected":false},"author":1,"featured_media":3467,"parent":56,"menu_order":51,"comment_status":"closed","ping_status":"closed","template":"","meta":{"_acf_changed":false,"_uag_custom_page_level_css":"","footnotes":""},"class_list":["post-421","page","type-page","status-publish","has-post-thumbnail","hentry"],"acf":[],"uagb_featured_image_src":{"full":["https:\/\/mairie-montataire.fr\/app\/uploads\/2024\/08\/2.5.1_2021-07-23-Animations-dete-Stade-Marcel-Coene-2-scaled.jpg",2560,1706,false],"thumbnail":["https:\/\/mairie-montataire.fr\/app\/uploads\/2024\/08\/2.5.1_2021-07-23-Animations-dete-Stade-Marcel-Coene-2-150x150.jpg",150,150,true],"medium":["https:\/\/mairie-montataire.fr\/app\/uploads\/2024\/08\/2.5.1_2021-07-23-Animations-dete-Stade-Marcel-Coene-2-300x200.jpg",300,200,true],"medium_large":["https:\/\/mairie-montataire.fr\/app\/uploads\/2024\/08\/2.5.1_2021-07-23-Animations-dete-Stade-Marcel-Coene-2-768x512.jpg",768,512,true],"large":["https:\/\/mairie-montataire.fr\/app\/uploads\/2024\/08\/2.5.1_2021-07-23-Animations-dete-Stade-Marcel-Coene-2-1024x683.jpg",1024,683,true],"1536x1536":["https:\/\/mairie-montataire.fr\/app\/uploads\/2024\/08\/2.5.1_2021-07-23-Animations-dete-Stade-Marcel-Coene-2-1536x1024.jpg",1536,1024,true],"2048x2048":["https:\/\/mairie-montataire.fr\/app\/uploads\/2024\/08\/2.5.1_2021-07-23-Animations-dete-Stade-Marcel-Coene-2-2048x1365.jpg",2048,1365,true],"trp-custom-language-flag":["https:\/\/mairie-montataire.fr\/app\/uploads\/2024\/08\/2.5.1_2021-07-23-Animations-dete-Stade-Marcel-Coene-2-18x12.jpg",18,12,true],"gform-image-choice-sm":["https:\/\/mairie-montataire.fr\/app\/uploads\/2024\/08\/2.5.1_2021-07-23-Animations-dete-Stade-Marcel-Coene-2-scaled.jpg",300,200,false],"gform-image-choice-md":["https:\/\/mairie-montataire.fr\/app\/uploads\/2024\/08\/2.5.1_2021-07-23-Animations-dete-Stade-Marcel-Coene-2-scaled.jpg",400,267,false],"gform-image-choice-lg":["https:\/\/mairie-montataire.fr\/app\/uploads\/2024\/08\/2.5.1_2021-07-23-Animations-dete-Stade-Marcel-Coene-2-scaled.jpg",600,400,false]},"uagb_author_info":{"display_name":"mentalworks","author_link":"https:\/\/mairie-montataire.fr\/de\/actualites\/author\/mentalworks\/"},"uagb_comment_info":0,"uagb_excerpt":"La ville de Montataire souhaite favoriser l&rsquo;acc\u00e8s au plus grand nombre \u00e0 l&rsquo;activit\u00e9 sportive. Cela passe aussi bien par la mise \u00e0 disposition des \u00e9ducateurs sportifs municipaux lors des temps scolaires et extra-scolaires et des\u00a0\u00e9quipements sportifs. Chaque mercredi matin, les enfants \u00e2g\u00e9s de 3 \u00e0 11 ans ont l&rsquo;opportunit\u00e9 de s&rsquo;immerger dans un monde d&rsquo;activit\u00e9s&hellip;","_links":{"self":[{"href":"https:\/\/mairie-montataire.fr\/de\/wp-json\/wp\/v2\/pages\/421","targetHints":{"allow":["GET"]}}],"collection":[{"href":"https:\/\/mairie-montataire.fr\/de\/wp-json\/wp\/v2\/pages"}],"about":[{"href":"https:\/\/mairie-montataire.fr\/de\/wp-json\/wp\/v2\/types\/page"}],"author":[{"embeddable":true,"href":"https:\/\/mairie-montataire.fr\/de\/wp-json\/wp\/v2\/users\/1"}],"replies":[{"embeddable":true,"href":"https:\/\/mairie-montataire.fr\/de\/wp-json\/wp\/v2\/comments?post=421"}],"version-history":[{"count":3,"href":"https:\/\/mairie-montataire.fr\/de\/wp-json\/wp\/v2\/pages\/421\/revisions"}],"predecessor-version":[{"id":3426,"href":"https:\/\/mairie-montataire.fr\/de\/wp-json\/wp\/v2\/pages\/421\/revisions\/3426"}],"up":[{"embeddable":true,"href":"https:\/\/mairie-montataire.fr\/de\/wp-json\/wp\/v2\/pages\/56"}],"wp:featuredmedia":[{"embeddable":true,"href":"https:\/\/mairie-montataire.fr\/de\/wp-json\/wp\/v2\/media\/3467"}],"wp:attachment":[{"href":"https:\/\/mairie-montataire.fr\/de\/wp-json\/wp\/v2\/media?parent=421"}],"curies":[{"name":"wp","href":"https:\/\/api.w.org\/{rel}","templated":true}]}}

Städtische Sportschule

<p><strong>Die Stadt Montataire möchte möglichst vielen Menschen den Zugang zu sportlichen Aktivitäten ermöglichen. Dies geschieht sowohl durch die Bereitstellung von städtischen Sportlehrern während der schulischen und außerschulischen Zeit als auch durch die Bereitstellung von Sportanlagen.</strong></p>



<p>Jeden Mittwochmorgen haben Kinder im Alter von 3 bis 11 Jahren die Möglichkeit, in eine Welt voller spielerischer und sportlicher Aktivitäten einzutauchen. Von Gymnastik über Radfahren und Leichtathletik bis hin zu Tennis, Tischtennis und Billard bietet dieses Programm eine Vielzahl von Optionen, um den Interessen jedes Einzelnen gerecht zu werden. Die angebotenen Mannschaftssportarten ermöglichen es den Kindern außerdem, ihren Teamgeist und ihre Koordinationsfähigkeit zu entwickeln und dabei Spaß zu haben.</p>



<h2 class="wp-block-heading"><strong>Die Sportstrukturen</strong></h2>



<p>In der ganzen Stadt findet man eine große Anzahl an Sporteinrichtungen, die die Ausübung verschiedener Sportarten ermöglichen.</p>



<div style="height:44px" aria-hidden="true" class="wp-block-spacer"></div>



<div class="wp-block-uagb-buttons uagb-buttons__outer-wrap uagb-btn__default-btn uagb-btn-tablet__default-btn uagb-btn-mobile__default-btn uagb-block-880ff14b"><div class="uagb-buttons__wrap uagb-buttons-layout-wrap">
<div class="wp-block-uagb-buttons-child uagb-buttons__outer-wrap uagb-block-892171ac wp-block-button"><div class="uagb-button__wrapper"><a class="uagb-buttons-repeater wp-block-button__link" aria-label="" href="https://mairie-montataire.fr/de/verzeichnisse/?categorie=structures-sportives&amp;ordre=a-z" rel="follow noopener" target="_self" role="button"><div class="uagb-button__link"><strong>Finden Sie sie im Verzeichnis</strong></div><span class="uagb-button__icon uagb-button__icon-position-after"><svg xmlns="https://www.w3.org/2000/svg" viewbox="0 0 448 512" aria-hidden="true" focussable="false"><path d="M438.6 278.6l-160 160C272.4 444.9 264.2 448 256 448s-16.38-3.125-22.62-9.375c-12.5-12.5-12.5-32.75 0-45.25L338.8 288H32C14.33 288 .0016 273.7 .0016 256S14.33 224 32 224h306.8l-105.4-105.4c-12.5-12.5-12.5-32.75 0-45.25s32.75-12.5 45.25 0l160 160C451.1 245.9 451.1 266.1 438.6 278.6z"></path></svg></span></a></div></div>
</div></div>

<p>La ville de Montataire souhaite favoriser l&rsquo;accès au plus grand nombre à l&rsquo;activité sportive. Cela passe aussi bien par la mise à disposition des éducateurs sportifs municipaux lors des temps scolaires et extra-scolaires et des équipements sportifs. Chaque mercredi matin, les enfants âgés de 3 à 11 ans ont l&rsquo;opportunité de s&rsquo;immerger dans un monde d&rsquo;activités [&hellip;]</p>

La ville de Montataire souhaite favoriser l&rsquo;accès au plus grand nombre à l&rsquo;activité sportive. Cela passe aussi bien par la mise à disposition des éducateurs sportifs municipaux lors des temps scolaires et extra-scolaires et des équipements sportifs. Chaque mercredi matin, les enfants âgés de 3 à 11 ans ont l&rsquo;opportunité de s&rsquo;immerger dans un monde d&rsquo;activités&hellip;
