{"id":164,"date":"2024-05-03T09:32:06","date_gmt":"2024-05-03T09:32:06","guid":{"rendered":"https:\/\/montataire.local\/?page_id=164"},"modified":"2025-11-21T10:48:15","modified_gmt":"2025-11-21T10:48:15","slug":"transport","status":"publish","type":"page","link":"https:\/\/mairie-montataire.fr\/de\/habiter\/cadre-de-vie\/transport\/","title":{"rendered":"Transporte"},"content":{"rendered":"<p><strong>Alles, was Sie wissen m\u00fcssen, um sich in Montataire fortzubewegen.<\/strong><\/p>\n\n\n\n<div style=\"height:46px\" aria-hidden=\"true\" class=\"wp-block-spacer\"><\/div>\n\n\n\n<div class=\"wp-block-columns are-vertically-aligned-top is-not-stacked-on-mobile is-layout-flex wp-container-core-columns-is-layout-a31ce547 wp-block-columns-is-layout-flex\" style=\"margin-top:0;margin-bottom:0;padding-top:0;padding-right:0;padding-bottom:0;padding-left:0\">\n<div class=\"wp-block-column is-vertically-aligned-top is-layout-constrained wp-container-core-column-is-layout-dbf2e5f7 wp-block-column-is-layout-constrained\" style=\"flex-basis:3%\">\t\t\t\t\t<div\n\t\t\t\t\t\tclass=\"wp-block-uagb-image-gallery uagb-block-20b0b701\"\n\t\t\t\t\t\tstyle=\"\"\n\t\t\t\t\t>\n\t\t\t\t\t\t\t\t\t\t\t<div class=\"spectra-image-gallery spectra-image-gallery__layout--grid spectra-image-gallery__layout--grid-col-1 spectra-image-gallery__layout--grid-col-tab-1 spectra-image-gallery__layout--grid-col-mob-1\">\n\t\t\t\t\t\t\t\t\t\t\t<div class='spectra-image-gallery__media-wrapper' data-spectra-gallery-image-id='3202' tabindex=\"0\">\n\t\t\t\t\t\t\t<div class=\"spectra-image-gallery__media spectra-image-gallery__media--grid\">\n\t\t\t\t<picture>\n\t\t\t\t\t<source media=\"(min-width: 1024px)\" srcset=\"https:\/\/mairie-montataire.fr\/app\/uploads\/2024\/08\/bus_jaune.png\">\n\t\t\t\t\t<source media=\"(min-width: 768px)\" srcset=\"https:\/\/mairie-montataire.fr\/app\/uploads\/2024\/08\/bus_jaune.png\">\n\t\t\t\t\t<img decoding=\"async\" class=\"spectra-image-gallery__media-thumbnail spectra-image-gallery__media-thumbnail--grid\" src=\"https:\/\/mairie-montataire.fr\/app\/uploads\/2024\/08\/bus_jaune-296x300.png\" alt=\"\" loading=\"lazy\" \/>\n\t\t\t\t<\/picture>\n\t\t\t\t<div class=\"spectra-image-gallery__media-thumbnail-blurrer\"><\/div>\n\t\t\t\t\t\t\t\t\t\t\t<div class=\"spectra-image-gallery__media-thumbnail-caption-wrapper spectra-image-gallery__media-thumbnail-caption-wrapper--overlay\"><\/div>\n\t\t\t\t\t\t\t\t<\/div>\n\t\t\t\t\t\t<\/div>\n\t\t\t\t\t\t\t\t\t\t<\/div>\n\t\t\t\t\t\t\t\t\t\t\t\t\t\t\t\t\t\t<\/div>\n\t\t\t\t\t\t\t\t\t<\/div>\n\n\n\n<div class=\"wp-block-column is-vertically-aligned-top is-layout-flow wp-block-column-is-layout-flow\" style=\"flex-basis:66.66%\">\n<h2 class=\"wp-block-heading\">Mit dem Bus<\/h2>\n<\/div>\n<\/div>\n\n\n\n<p><a href=\"https:\/\/www.creilsudoise.fr\/mon-quotidien\/deplacements\/transports-urbains-axo\/\" data-type=\"link\" data-id=\"https:\/\/www.creilsudoise.fr\/mon-quotidien\/deplacements\/transports-urbains-axo\/\" target=\"_blank\" rel=\"noreferrer noopener\">Das AXO-Transportnetz<\/a>Der Bus, der von der Agglomeration Creil Sud Oise verwaltet wird, bedient die 11 Gemeinden der Region. Sieben Buslinien bedienen Montataire von Montag bis Sonntag, von morgens bis abends.<\/p>\n\n\n\n<p>Sie k\u00f6nnen sich <a href=\"https:\/\/www.creilsudoise.fr\/mon-quotidien\/deplacements\/transports-urbains-axo\/horaires-et-carte-du-reseau-axo\/\" data-type=\"link\" data-id=\"https:\/\/www.creilsudoise.fr\/mon-quotidien\/deplacements\/transports-urbains-axo\/horaires-et-carte-du-reseau-axo\/\" target=\"_blank\" rel=\"noreferrer noopener\">die Fahrpl\u00e4ne und den Netzplan des st\u00e4dtischen Nahverkehrs online.<\/a><\/p>\n\n\n\n<p>Sie k\u00f6nnen auch eine <a href=\"https:\/\/www.creilsudoise.fr\/recherche-ditineraire\/\" data-type=\"link\" data-id=\"https:\/\/www.creilsudoise.fr\/recherche-ditineraire\/\" target=\"_blank\" rel=\"noreferrer noopener\">Routensuche hier<\/a>. <\/p>\n\n\n\n<p>Es gibt auch einen <a href=\"https:\/\/www.creilsudoise.fr\/mon-quotidien\/deplacements\/transports-urbains-axo\/transport-a-la-demande-tad-axo\/\">Transport auf Abruf (TAD) AXO+<\/a>  der von 4 Uhr morgens bis 1 Uhr nachts festgelegte Haltestellen im gesamten Gebiet von Creil Sud Oise miteinander verbindet.<\/p>\n\n\n\n<div style=\"height:46px\" aria-hidden=\"true\" class=\"wp-block-spacer\"><\/div>\n\n\n\n<div class=\"wp-block-columns are-vertically-aligned-top is-not-stacked-on-mobile is-layout-flex wp-container-core-columns-is-layout-2edb0647 wp-block-columns-is-layout-flex\" style=\"margin-top:0;margin-bottom:0\">\n<div class=\"wp-block-column is-vertically-aligned-top is-layout-constrained wp-container-core-column-is-layout-dbf2e5f7 wp-block-column-is-layout-constrained\" style=\"flex-basis:3%\">\t\t\t\t\t<div\n\t\t\t\t\t\tclass=\"wp-block-uagb-image-gallery uagb-block-57a27d11\"\n\t\t\t\t\t\tstyle=\"\"\n\t\t\t\t\t>\n\t\t\t\t\t\t\t\t\t\t\t<div class=\"spectra-image-gallery spectra-image-gallery__layout--grid spectra-image-gallery__layout--grid-col-1 spectra-image-gallery__layout--grid-col-tab-1 spectra-image-gallery__layout--grid-col-mob-1\">\n\t\t\t\t\t\t\t\t\t\t\t<div class='spectra-image-gallery__media-wrapper' data-spectra-gallery-image-id='3204' tabindex=\"0\">\n\t\t\t\t\t\t\t<div class=\"spectra-image-gallery__media spectra-image-gallery__media--grid\">\n\t\t\t\t<picture>\n\t\t\t\t\t<source media=\"(min-width: 1024px)\" srcset=\"https:\/\/mairie-montataire.fr\/app\/uploads\/2024\/08\/cycliste_jaune.png\">\n\t\t\t\t\t<source media=\"(min-width: 768px)\" srcset=\"https:\/\/mairie-montataire.fr\/app\/uploads\/2024\/08\/cycliste_jaune.png\">\n\t\t\t\t\t<img decoding=\"async\" class=\"spectra-image-gallery__media-thumbnail spectra-image-gallery__media-thumbnail--grid\" src=\"https:\/\/mairie-montataire.fr\/app\/uploads\/2024\/08\/cycliste_jaune-295x300.png\" alt=\"\" loading=\"lazy\" \/>\n\t\t\t\t<\/picture>\n\t\t\t\t<div class=\"spectra-image-gallery__media-thumbnail-blurrer\"><\/div>\n\t\t\t\t\t\t\t\t\t\t\t<div class=\"spectra-image-gallery__media-thumbnail-caption-wrapper spectra-image-gallery__media-thumbnail-caption-wrapper--overlay\"><\/div>\n\t\t\t\t\t\t\t\t<\/div>\n\t\t\t\t\t\t<\/div>\n\t\t\t\t\t\t\t\t\t\t<\/div>\n\t\t\t\t\t\t\t\t\t\t\t\t\t\t\t\t\t\t<\/div>\n\t\t\t\t\t\t\t\t\t<\/div>\n\n\n\n<div class=\"wp-block-column is-vertically-aligned-top is-layout-flow wp-block-column-is-layout-flow\" style=\"flex-basis:66.66%\">\n<h2 class=\"wp-block-heading has-text-align-left\">Mit dem Fahrrad<\/h2>\n<\/div>\n<\/div>\n\n\n\n<p class=\"has-text-align-left\">Ein Fahrrad f\u00fcr die t\u00e4glichen Fahrten zu nehmen, ist eine gesunde und umweltfreundliche Wahl. Indem es die k\u00f6rperliche Aktivit\u00e4t f\u00f6rdert und gleichzeitig die Umweltverschmutzung und den CO2-Aussto\u00df verringert, bietet das Fahrrad eine praktische und flexible Alternative zum Auto.&nbsp;<\/p>\n\n\n\n<p class=\"has-text-align-left\">Sie k\u00f6nnen ein Fahrrad mieten in <a href=\"https:\/\/www.creilsudoise.fr\/service-de-location-de-velos-a-assistance-electrique\/\" target=\"_blank\" rel=\"noreferrer noopener\">elektrische Unterst\u00fctzung AXO<\/a>&nbsp;! <\/p>\n\n\n\n<div style=\"height:46px\" aria-hidden=\"true\" class=\"wp-block-spacer\"><\/div>\n\n\n\n<div class=\"wp-block-columns are-vertically-aligned-top is-not-stacked-on-mobile is-layout-flex wp-container-core-columns-is-layout-2edb0647 wp-block-columns-is-layout-flex\" style=\"margin-top:0;margin-bottom:0\">\n<div class=\"wp-block-column is-vertically-aligned-top is-layout-constrained wp-container-core-column-is-layout-dbf2e5f7 wp-block-column-is-layout-constrained\" style=\"flex-basis:3%\">\t\t\t\t\t<div\n\t\t\t\t\t\tclass=\"wp-block-uagb-image-gallery uagb-block-33df4f46\"\n\t\t\t\t\t\tstyle=\"\"\n\t\t\t\t\t>\n\t\t\t\t\t\t\t\t\t\t\t<div class=\"spectra-image-gallery spectra-image-gallery__layout--grid spectra-image-gallery__layout--grid-col-1 spectra-image-gallery__layout--grid-col-tab-1 spectra-image-gallery__layout--grid-col-mob-1\">\n\t\t\t\t\t\t\t\t\t\t\t<div class='spectra-image-gallery__media-wrapper' data-spectra-gallery-image-id='3214' tabindex=\"0\">\n\t\t\t\t\t\t\t<div class=\"spectra-image-gallery__media spectra-image-gallery__media--grid\">\n\t\t\t\t<picture>\n\t\t\t\t\t<source media=\"(min-width: 1024px)\" srcset=\"https:\/\/mairie-montataire.fr\/app\/uploads\/2024\/08\/pieton_jaune-2.png\">\n\t\t\t\t\t<source media=\"(min-width: 768px)\" srcset=\"https:\/\/mairie-montataire.fr\/app\/uploads\/2024\/08\/pieton_jaune-2.png\">\n\t\t\t\t\t<img decoding=\"async\" class=\"spectra-image-gallery__media-thumbnail spectra-image-gallery__media-thumbnail--grid\" src=\"https:\/\/mairie-montataire.fr\/app\/uploads\/2024\/08\/pieton_jaune-2-295x300.png\" alt=\"\" loading=\"lazy\" \/>\n\t\t\t\t<\/picture>\n\t\t\t\t<div class=\"spectra-image-gallery__media-thumbnail-blurrer\"><\/div>\n\t\t\t\t\t\t\t\t\t\t\t<div class=\"spectra-image-gallery__media-thumbnail-caption-wrapper spectra-image-gallery__media-thumbnail-caption-wrapper--overlay\"><\/div>\n\t\t\t\t\t\t\t\t<\/div>\n\t\t\t\t\t\t<\/div>\n\t\t\t\t\t\t\t\t\t\t<\/div>\n\t\t\t\t\t\t\t\t\t\t\t\t\t\t\t\t\t\t<\/div>\n\t\t\t\t\t\t\t\t\t<\/div>\n\n\n\n<div class=\"wp-block-column is-vertically-aligned-top is-layout-flow wp-block-column-is-layout-flow\" style=\"flex-basis:66.66%\">\n<h2 class=\"wp-block-heading\">Zu Fu\u00df<\/h2>\n<\/div>\n<\/div>\n\n\n\n<p>Gehen ist eine einfache und leicht zug\u00e4ngliche Aktivit\u00e4t, die zahlreiche Vorteile f\u00fcr die k\u00f6rperliche und geistige Gesundheit bietet. Die Integration des Gehens in die t\u00e4gliche Routine ist daher eine effektive und angenehme M\u00f6glichkeit, etwas f\u00fcr das eigene Wohlbefinden zu tun.<br><\/p>","protected":false},"excerpt":{"rendered":"<p>Tout savoir pour se d\u00e9placer \u00e0 Montataire. En bus Le r\u00e9seau de transport AXO, g\u00e9r\u00e9 par l\u2019Agglom\u00e9ration Creil Sud Oise, dessert les 11 communes de la r\u00e9gion. Sept lignes de bus desservent Montataire du lundi au dimanche, du matin au soir. Vous pouvez consulter les horaires et le plan du r\u00e9seau de transports urbains en [&hellip;]<\/p>\n","protected":false},"author":1,"featured_media":1037,"parent":120,"menu_order":38,"comment_status":"closed","ping_status":"closed","template":"","meta":{"_acf_changed":false,"_uag_custom_page_level_css":"","footnotes":""},"class_list":["post-164","page","type-page","status-publish","has-post-thumbnail","hentry"],"acf":[],"uagb_featured_image_src":{"full":["https:\/\/mairie-montataire.fr\/app\/uploads\/2024\/07\/1.6.5_transports.jpg",495,330,false],"thumbnail":["https:\/\/mairie-montataire.fr\/app\/uploads\/2024\/07\/1.6.5_transports-150x150.jpg",150,150,true],"medium":["https:\/\/mairie-montataire.fr\/app\/uploads\/2024\/07\/1.6.5_transports-300x200.jpg",300,200,true],"medium_large":["https:\/\/mairie-montataire.fr\/app\/uploads\/2024\/07\/1.6.5_transports.jpg",495,330,false],"large":["https:\/\/mairie-montataire.fr\/app\/uploads\/2024\/07\/1.6.5_transports.jpg",495,330,false],"1536x1536":["https:\/\/mairie-montataire.fr\/app\/uploads\/2024\/07\/1.6.5_transports.jpg",495,330,false],"2048x2048":["https:\/\/mairie-montataire.fr\/app\/uploads\/2024\/07\/1.6.5_transports.jpg",495,330,false],"trp-custom-language-flag":["https:\/\/mairie-montataire.fr\/app\/uploads\/2024\/07\/1.6.5_transports.jpg",18,12,false],"gform-image-choice-sm":["https:\/\/mairie-montataire.fr\/app\/uploads\/2024\/07\/1.6.5_transports.jpg",300,200,false],"gform-image-choice-md":["https:\/\/mairie-montataire.fr\/app\/uploads\/2024\/07\/1.6.5_transports.jpg",400,267,false],"gform-image-choice-lg":["https:\/\/mairie-montataire.fr\/app\/uploads\/2024\/07\/1.6.5_transports.jpg",495,330,false]},"uagb_author_info":{"display_name":"mentalworks","author_link":"https:\/\/mairie-montataire.fr\/de\/actualites\/author\/mentalworks\/"},"uagb_comment_info":0,"uagb_excerpt":"Tout savoir pour se d\u00e9placer \u00e0 Montataire. En bus Le r\u00e9seau de transport AXO, g\u00e9r\u00e9 par l\u2019Agglom\u00e9ration Creil Sud Oise, dessert les 11 communes de la r\u00e9gion. Sept lignes de bus desservent Montataire du lundi au dimanche, du matin au soir. Vous pouvez consulter les horaires et le plan du r\u00e9seau de transports urbains en&hellip;","_links":{"self":[{"href":"https:\/\/mairie-montataire.fr\/de\/wp-json\/wp\/v2\/pages\/164","targetHints":{"allow":["GET"]}}],"collection":[{"href":"https:\/\/mairie-montataire.fr\/de\/wp-json\/wp\/v2\/pages"}],"about":[{"href":"https:\/\/mairie-montataire.fr\/de\/wp-json\/wp\/v2\/types\/page"}],"author":[{"embeddable":true,"href":"https:\/\/mairie-montataire.fr\/de\/wp-json\/wp\/v2\/users\/1"}],"replies":[{"embeddable":true,"href":"https:\/\/mairie-montataire.fr\/de\/wp-json\/wp\/v2\/comments?post=164"}],"version-history":[{"count":32,"href":"https:\/\/mairie-montataire.fr\/de\/wp-json\/wp\/v2\/pages\/164\/revisions"}],"predecessor-version":[{"id":7224,"href":"https:\/\/mairie-montataire.fr\/de\/wp-json\/wp\/v2\/pages\/164\/revisions\/7224"}],"up":[{"embeddable":true,"href":"https:\/\/mairie-montataire.fr\/de\/wp-json\/wp\/v2\/pages\/120"}],"wp:featuredmedia":[{"embeddable":true,"href":"https:\/\/mairie-montataire.fr\/de\/wp-json\/wp\/v2\/media\/1037"}],"wp:attachment":[{"href":"https:\/\/mairie-montataire.fr\/de\/wp-json\/wp\/v2\/media?parent=164"}],"curies":[{"name":"wp","href":"https:\/\/api.w.org\/{rel}","templated":true}]}}

<p><strong>Alles, was Sie wissen müssen, um sich in Montataire fortzubewegen.</strong></p>



<div style="height:46px" aria-hidden="true" class="wp-block-spacer"></div>



<div class="wp-block-columns are-vertically-aligned-top is-not-stacked-on-mobile is-layout-flex wp-container-core-columns-is-layout-a31ce547 wp-block-columns-is-layout-flex" style="margin-top:0;margin-bottom:0;padding-top:0;padding-right:0;padding-bottom:0;padding-left:0">
<div class="wp-block-column is-vertically-aligned-top is-layout-constrained wp-container-core-column-is-layout-dbf2e5f7 wp-block-column-is-layout-constrained" style="flex-basis:3%">					<div
						class="wp-block-uagb-image-gallery uagb-block-20b0b701"
						style=""
					>
											<div class="spectra-image-gallery spectra-image-gallery__layout--grid spectra-image-gallery__layout--grid-col-1 spectra-image-gallery__layout--grid-col-tab-1 spectra-image-gallery__layout--grid-col-mob-1">
											<div class='spectra-image-gallery__media-wrapper' data-spectra-gallery-image-id='3202' tabindex="0">
							<div class="spectra-image-gallery__media spectra-image-gallery__media--grid">
				<picture>
					<source media="(min-width: 1024px)" srcset="https://mairie-montataire.fr/app/uploads/2024/08/bus_jaune.png">
					<source media="(min-width: 768px)" srcset="https://mairie-montataire.fr/app/uploads/2024/08/bus_jaune.png">
					<img decoding="async" class="spectra-image-gallery__media-thumbnail spectra-image-gallery__media-thumbnail--grid" src="https://mairie-montataire.fr/app/uploads/2024/08/bus_jaune-296x300.png" alt="" loading="lazy" />
				</picture>
				<div class="spectra-image-gallery__media-thumbnail-blurrer"></div>
											<div class="spectra-image-gallery__media-thumbnail-caption-wrapper spectra-image-gallery__media-thumbnail-caption-wrapper--overlay"></div>
								</div>
						</div>
										</div>
																		</div>
									</div>



<div class="wp-block-column is-vertically-aligned-top is-layout-flow wp-block-column-is-layout-flow" style="flex-basis:66.66%">
<h2 class="wp-block-heading">Mit dem Bus</h2>
</div>
</div>



<p><a href="https://www.creilsudoise.fr/mon-quotidien/deplacements/transports-urbains-axo/" data-type="link" data-id="https://www.creilsudoise.fr/mon-quotidien/deplacements/transports-urbains-axo/" target="_blank" rel="noreferrer noopener">Das AXO-Transportnetz</a>Der Bus, der von der Agglomeration Creil Sud Oise verwaltet wird, bedient die 11 Gemeinden der Region. Sieben Buslinien bedienen Montataire von Montag bis Sonntag, von morgens bis abends.</p>



<p>Sie können sich <a href="https://www.creilsudoise.fr/mon-quotidien/deplacements/transports-urbains-axo/horaires-et-carte-du-reseau-axo/" data-type="link" data-id="https://www.creilsudoise.fr/mon-quotidien/deplacements/transports-urbains-axo/horaires-et-carte-du-reseau-axo/" target="_blank" rel="noreferrer noopener">die Fahrpläne und den Netzplan des städtischen Nahverkehrs online.</a></p>



<p>Sie können auch eine <a href="https://www.creilsudoise.fr/recherche-ditineraire/" data-type="link" data-id="https://www.creilsudoise.fr/recherche-ditineraire/" target="_blank" rel="noreferrer noopener">Routensuche hier</a>. </p>



<p>Es gibt auch einen <a href="https://www.creilsudoise.fr/mon-quotidien/deplacements/transports-urbains-axo/transport-a-la-demande-tad-axo/">Transport auf Abruf (TAD) AXO+</a>  der von 4 Uhr morgens bis 1 Uhr nachts festgelegte Haltestellen im gesamten Gebiet von Creil Sud Oise miteinander verbindet.</p>



<div style="height:46px" aria-hidden="true" class="wp-block-spacer"></div>



<div class="wp-block-columns are-vertically-aligned-top is-not-stacked-on-mobile is-layout-flex wp-container-core-columns-is-layout-2edb0647 wp-block-columns-is-layout-flex" style="margin-top:0;margin-bottom:0">
<div class="wp-block-column is-vertically-aligned-top is-layout-constrained wp-container-core-column-is-layout-dbf2e5f7 wp-block-column-is-layout-constrained" style="flex-basis:3%">					<div
						class="wp-block-uagb-image-gallery uagb-block-57a27d11"
						style=""
					>
											<div class="spectra-image-gallery spectra-image-gallery__layout--grid spectra-image-gallery__layout--grid-col-1 spectra-image-gallery__layout--grid-col-tab-1 spectra-image-gallery__layout--grid-col-mob-1">
											<div class='spectra-image-gallery__media-wrapper' data-spectra-gallery-image-id='3204' tabindex="0">
							<div class="spectra-image-gallery__media spectra-image-gallery__media--grid">
				<picture>
					<source media="(min-width: 1024px)" srcset="https://mairie-montataire.fr/app/uploads/2024/08/cycliste_jaune.png">
					<source media="(min-width: 768px)" srcset="https://mairie-montataire.fr/app/uploads/2024/08/cycliste_jaune.png">
					<img decoding="async" class="spectra-image-gallery__media-thumbnail spectra-image-gallery__media-thumbnail--grid" src="https://mairie-montataire.fr/app/uploads/2024/08/cycliste_jaune-295x300.png" alt="" loading="lazy" />
				</picture>
				<div class="spectra-image-gallery__media-thumbnail-blurrer"></div>
											<div class="spectra-image-gallery__media-thumbnail-caption-wrapper spectra-image-gallery__media-thumbnail-caption-wrapper--overlay"></div>
								</div>
						</div>
										</div>
																		</div>
									</div>



<div class="wp-block-column is-vertically-aligned-top is-layout-flow wp-block-column-is-layout-flow" style="flex-basis:66.66%">
<h2 class="wp-block-heading has-text-align-left">Mit dem Fahrrad</h2>
</div>
</div>



<p class="has-text-align-left">Ein Fahrrad für die täglichen Fahrten zu nehmen, ist eine gesunde und umweltfreundliche Wahl. Indem es die körperliche Aktivität fördert und gleichzeitig die Umweltverschmutzung und den CO2-Ausstoß verringert, bietet das Fahrrad eine praktische und flexible Alternative zum Auto.&nbsp;</p>



<p class="has-text-align-left">Sie können ein Fahrrad mieten in <a href="https://www.creilsudoise.fr/service-de-location-de-velos-a-assistance-electrique/" target="_blank" rel="noreferrer noopener">elektrische Unterstützung AXO</a>&nbsp;! </p>



<div style="height:46px" aria-hidden="true" class="wp-block-spacer"></div>



<div class="wp-block-columns are-vertically-aligned-top is-not-stacked-on-mobile is-layout-flex wp-container-core-columns-is-layout-2edb0647 wp-block-columns-is-layout-flex" style="margin-top:0;margin-bottom:0">
<div class="wp-block-column is-vertically-aligned-top is-layout-constrained wp-container-core-column-is-layout-dbf2e5f7 wp-block-column-is-layout-constrained" style="flex-basis:3%">					<div
						class="wp-block-uagb-image-gallery uagb-block-33df4f46"
						style=""
					>
											<div class="spectra-image-gallery spectra-image-gallery__layout--grid spectra-image-gallery__layout--grid-col-1 spectra-image-gallery__layout--grid-col-tab-1 spectra-image-gallery__layout--grid-col-mob-1">
											<div class='spectra-image-gallery__media-wrapper' data-spectra-gallery-image-id='3214' tabindex="0">
							<div class="spectra-image-gallery__media spectra-image-gallery__media--grid">
				<picture>
					<source media="(min-width: 1024px)" srcset="https://mairie-montataire.fr/app/uploads/2024/08/pieton_jaune-2.png">
					<source media="(min-width: 768px)" srcset="https://mairie-montataire.fr/app/uploads/2024/08/pieton_jaune-2.png">
					<img decoding="async" class="spectra-image-gallery__media-thumbnail spectra-image-gallery__media-thumbnail--grid" src="https://mairie-montataire.fr/app/uploads/2024/08/pieton_jaune-2-295x300.png" alt="" loading="lazy" />
				</picture>
				<div class="spectra-image-gallery__media-thumbnail-blurrer"></div>
											<div class="spectra-image-gallery__media-thumbnail-caption-wrapper spectra-image-gallery__media-thumbnail-caption-wrapper--overlay"></div>
								</div>
						</div>
										</div>
																		</div>
									</div>



<div class="wp-block-column is-vertically-aligned-top is-layout-flow wp-block-column-is-layout-flow" style="flex-basis:66.66%">
<h2 class="wp-block-heading">Zu Fuß</h2>
</div>
</div>



<p>Gehen ist eine einfache und leicht zugängliche Aktivität, die zahlreiche Vorteile für die körperliche und geistige Gesundheit bietet. Die Integration des Gehens in die tägliche Routine ist daher eine effektive und angenehme Möglichkeit, etwas für das eigene Wohlbefinden zu tun.<br></p>

<p>Tout savoir pour se déplacer à Montataire. En bus Le réseau de transport AXO, géré par l’Agglomération Creil Sud Oise, dessert les 11 communes de la région. Sept lignes de bus desservent Montataire du lundi au dimanche, du matin au soir. Vous pouvez consulter les horaires et le plan du réseau de transports urbains en [&hellip;]</p>

Tout savoir pour se déplacer à Montataire. En bus Le réseau de transport AXO, géré par l’Agglomération Creil Sud Oise, dessert les 11 communes de la région. Sept lignes de bus desservent Montataire du lundi au dimanche, du matin au soir. Vous pouvez consulter les horaires et le plan du réseau de transports urbains en&hellip;
