{"id":162,"date":"2024-05-03T09:31:50","date_gmt":"2024-05-03T09:31:50","guid":{"rendered":"https:\/\/montataire.local\/?page_id=162"},"modified":"2024-08-22T13:22:06","modified_gmt":"2024-08-22T13:22:06","slug":"rccem","status":"publish","type":"page","link":"https:\/\/mairie-montataire.fr\/de\/habiter\/cadre-de-vie\/rccem\/","title":{"rendered":"RCCEM"},"content":{"rendered":"<p><strong>Am 23. Mai 1921 wurde die RCCEM auf Initiative des Stadtrats mit dem Ziel gegr\u00fcndet, die Stadt zu elektrifizieren.<\/strong> <strong>Seitdem bietet sie den Einwohnerinnen und Einwohnern der Stadt kosteng\u00fcnstige, qualitativ hochwertige und b\u00fcrgernahe Dienstleistungen an. Im Auftrag der Stadtverwaltung erf\u00fcllt sie eine wesentliche Aufgabe im Bereich der \u00f6ffentlichen Dienstleistungen:<\/strong><\/p>\n\n\n\n<ul style=\"padding-right:var(--wp--preset--spacing--70);padding-left:var(--wp--preset--spacing--70)\" class=\"wp-block-list\">\n<li><strong>Strom zu den regulierten Verkaufstarifen an Montatairianer\/innen liefern,<\/strong><\/li>\n\n\n\n<li><strong>Bauen, betreiben und warten Sie das Stromverteilungsnetz,<\/strong><\/li>\n\n\n\n<li><strong>Herstellen und Instandhalten von Netzwerken f\u00fcr die \u00f6ffentliche Beleuchtung,<\/strong><\/li>\n\n\n\n<li><strong>Dienstleistungen im Rahmen der Energiewende vorschlagen und umsetzen.<\/strong><\/li>\n<\/ul>\n\n\n\n<h2 class=\"wp-block-heading\">Und im Vergleich zu den Geb\u00fchren?<\/h2>\n\n\n\n<p>Die von der RCCEM angewandten regulierten Tarife f\u00fcr den Stromverkauf sind identisch mit den landesweit geltenden Tarifen, da der Strompreis gesetzlich festgelegt ist.&nbsp;<\/p>\n\n\n\n<p>Dennoch sind einige der von den Stadtwerken praktizierten Preise g\u00fcnstiger. Dies ist auf die N\u00e4he und die besondere Beziehung zu ihren Kunden zur\u00fcckzuf\u00fchren.<\/p>\n\n\n\n<ul style=\"padding-right:var(--wp--preset--spacing--70);padding-left:var(--wp--preset--spacing--70)\" class=\"wp-block-list\">\n<li style=\"font-style:normal;font-weight:400\">Es wird nur das berechnet, was bei Auftritten notwendig ist.<\/li>\n\n\n\n<li style=\"font-style:normal;font-weight:400\">Die Bed\u00fcrfnisse werden mit dem Kunden abgesprochen. Die Fahrten zum Ort der Arbeiten sind kostenlos, um dann m\u00f6glichst genau abzurechnen.<\/li>\n<\/ul>\n\n\n\n<div style=\"height:20px\" aria-hidden=\"true\" class=\"wp-block-spacer\"><\/div>\n\n\n\n<p>Es sei darauf hingewiesen, dass die Gemeinde lange darum gek\u00e4mpft hat, die kommunale Stromsteuer nicht zu erheben, um die Rechnungen der Montatairianer\/innen zu senken. <br>Seit dem Finanzgesetz 2020 sah sie sich jedoch gezwungen, diese Steuer zu erheben.<\/p>\n\n\n<div class=\"highlight\">\n                <div class=\"highlight__description\"><p><!-- wp:paragraph --><\/p>\n<p style=\"text-align: center;\"><strong>Bei einem Ausfall der Stra\u00dfenbeleuchtung k\u00f6nnen Sie sich gerne direkt an die Stadtverwaltung wenden, die dann die notwendigen Schritte zur schnellen L\u00f6sung des Problems einleiten wird.<\/strong><\/p>\n<p style=\"text-align: center;\"><!-- \/wp:paragraph --><\/p>\n<\/div>\n    <\/div>\n\n\n<div class=\"wp-block-uagb-image alignleft uagb-block-470ff42c wp-block-uagb-image--layout-default wp-block-uagb-image--effect-static wp-block-uagb-image--align-left\"><figure class=\"wp-block-uagb-image__figure\"><img decoding=\"async\" srcset=\"https:\/\/mairie-montataire.fr\/app\/uploads\/2024\/08\/RCCEM-3-1024x683.jpg ,https:\/\/mairie-montataire.fr\/app\/uploads\/2024\/08\/RCCEM-3-scaled.jpg 780w, https:\/\/mairie-montataire.fr\/app\/uploads\/2024\/08\/RCCEM-3-scaled.jpg 360w\" sizes=\"auto, (max-width: 480px) 150px\" src=\"https:\/\/mairie-montataire.fr\/app\/uploads\/2024\/08\/RCCEM-3-1024x683.jpg\" alt=\"\" class=\"uag-image-2396\" width=\"5760\" height=\"3840\" title=\"RCCEM (3)\" loading=\"lazy\" role=\"img\"\/><\/figure><\/div>","protected":false},"excerpt":{"rendered":"<p>Le 23 mai 1921, la RCCEM a \u00e9t\u00e9 cr\u00e9\u00e9e \u00e0 l&rsquo;initiative du conseil municipal dans le but d&rsquo;\u00e9lectrifier la ville. Depuis, elle offre des services \u00e9conomiques, de qualit\u00e9 et de proximit\u00e9 aux habitant\u00b7e\u00b7s de la ville. Elle assure, pour le compte de la municipalit\u00e9, une mission de service public essentielle : Et par rapport aux [&hellip;]<\/p>\n","protected":false},"author":1,"featured_media":1055,"parent":120,"menu_order":37,"comment_status":"closed","ping_status":"closed","template":"","meta":{"_acf_changed":false,"_uag_custom_page_level_css":"","footnotes":""},"class_list":["post-162","page","type-page","status-publish","has-post-thumbnail","hentry"],"acf":[],"uagb_featured_image_src":{"full":["https:\/\/mairie-montataire.fr\/app\/uploads\/2024\/07\/1.6.4_RCCEM.jpg",490,384,false],"thumbnail":["https:\/\/mairie-montataire.fr\/app\/uploads\/2024\/07\/1.6.4_RCCEM-150x150.jpg",150,150,true],"medium":["https:\/\/mairie-montataire.fr\/app\/uploads\/2024\/07\/1.6.4_RCCEM-300x235.jpg",300,235,true],"medium_large":["https:\/\/mairie-montataire.fr\/app\/uploads\/2024\/07\/1.6.4_RCCEM.jpg",490,384,false],"large":["https:\/\/mairie-montataire.fr\/app\/uploads\/2024\/07\/1.6.4_RCCEM.jpg",490,384,false],"1536x1536":["https:\/\/mairie-montataire.fr\/app\/uploads\/2024\/07\/1.6.4_RCCEM.jpg",490,384,false],"2048x2048":["https:\/\/mairie-montataire.fr\/app\/uploads\/2024\/07\/1.6.4_RCCEM.jpg",490,384,false],"trp-custom-language-flag":["https:\/\/mairie-montataire.fr\/app\/uploads\/2024\/07\/1.6.4_RCCEM.jpg",15,12,false],"gform-image-choice-sm":["https:\/\/mairie-montataire.fr\/app\/uploads\/2024\/07\/1.6.4_RCCEM.jpg",300,235,false],"gform-image-choice-md":["https:\/\/mairie-montataire.fr\/app\/uploads\/2024\/07\/1.6.4_RCCEM.jpg",400,313,false],"gform-image-choice-lg":["https:\/\/mairie-montataire.fr\/app\/uploads\/2024\/07\/1.6.4_RCCEM.jpg",490,384,false]},"uagb_author_info":{"display_name":"mentalworks","author_link":"https:\/\/mairie-montataire.fr\/de\/actualites\/author\/mentalworks\/"},"uagb_comment_info":0,"uagb_excerpt":"Le 23 mai 1921, la RCCEM a \u00e9t\u00e9 cr\u00e9\u00e9e \u00e0 l&rsquo;initiative du conseil municipal dans le but d&rsquo;\u00e9lectrifier la ville. Depuis, elle offre des services \u00e9conomiques, de qualit\u00e9 et de proximit\u00e9 aux habitant\u00b7e\u00b7s de la ville. Elle assure, pour le compte de la municipalit\u00e9, une mission de service public essentielle : Et par rapport aux&hellip;","_links":{"self":[{"href":"https:\/\/mairie-montataire.fr\/de\/wp-json\/wp\/v2\/pages\/162","targetHints":{"allow":["GET"]}}],"collection":[{"href":"https:\/\/mairie-montataire.fr\/de\/wp-json\/wp\/v2\/pages"}],"about":[{"href":"https:\/\/mairie-montataire.fr\/de\/wp-json\/wp\/v2\/types\/page"}],"author":[{"embeddable":true,"href":"https:\/\/mairie-montataire.fr\/de\/wp-json\/wp\/v2\/users\/1"}],"replies":[{"embeddable":true,"href":"https:\/\/mairie-montataire.fr\/de\/wp-json\/wp\/v2\/comments?post=162"}],"version-history":[{"count":15,"href":"https:\/\/mairie-montataire.fr\/de\/wp-json\/wp\/v2\/pages\/162\/revisions"}],"predecessor-version":[{"id":4008,"href":"https:\/\/mairie-montataire.fr\/de\/wp-json\/wp\/v2\/pages\/162\/revisions\/4008"}],"up":[{"embeddable":true,"href":"https:\/\/mairie-montataire.fr\/de\/wp-json\/wp\/v2\/pages\/120"}],"wp:featuredmedia":[{"embeddable":true,"href":"https:\/\/mairie-montataire.fr\/de\/wp-json\/wp\/v2\/media\/1055"}],"wp:attachment":[{"href":"https:\/\/mairie-montataire.fr\/de\/wp-json\/wp\/v2\/media?parent=162"}],"curies":[{"name":"wp","href":"https:\/\/api.w.org\/{rel}","templated":true}]}}

<p><strong>Am 23. Mai 1921 wurde die RCCEM auf Initiative des Stadtrats mit dem Ziel gegründet, die Stadt zu elektrifizieren.</strong> <strong>Seitdem bietet sie den Einwohnerinnen und Einwohnern der Stadt kostengünstige, qualitativ hochwertige und bürgernahe Dienstleistungen an. Im Auftrag der Stadtverwaltung erfüllt sie eine wesentliche Aufgabe im Bereich der öffentlichen Dienstleistungen:</strong></p>



<ul style="padding-right:var(--wp--preset--spacing--70);padding-left:var(--wp--preset--spacing--70)" class="wp-block-list">
<li><strong>Strom zu den regulierten Verkaufstarifen an Montatairianer/innen liefern,</strong></li>



<li><strong>Bauen, betreiben und warten Sie das Stromverteilungsnetz,</strong></li>



<li><strong>Herstellen und Instandhalten von Netzwerken für die öffentliche Beleuchtung,</strong></li>



<li><strong>Dienstleistungen im Rahmen der Energiewende vorschlagen und umsetzen.</strong></li>
</ul>



<h2 class="wp-block-heading">Und im Vergleich zu den Gebühren?</h2>



<p>Die von der RCCEM angewandten regulierten Tarife für den Stromverkauf sind identisch mit den landesweit geltenden Tarifen, da der Strompreis gesetzlich festgelegt ist.&nbsp;</p>



<p>Dennoch sind einige der von den Stadtwerken praktizierten Preise günstiger. Dies ist auf die Nähe und die besondere Beziehung zu ihren Kunden zurückzuführen.</p>



<ul style="padding-right:var(--wp--preset--spacing--70);padding-left:var(--wp--preset--spacing--70)" class="wp-block-list">
<li style="font-style:normal;font-weight:400">Es wird nur das berechnet, was bei Auftritten notwendig ist.</li>



<li style="font-style:normal;font-weight:400">Die Bedürfnisse werden mit dem Kunden abgesprochen. Die Fahrten zum Ort der Arbeiten sind kostenlos, um dann möglichst genau abzurechnen.</li>
</ul>



<div style="height:20px" aria-hidden="true" class="wp-block-spacer"></div>



<p>Es sei darauf hingewiesen, dass die Gemeinde lange darum gekämpft hat, die kommunale Stromsteuer nicht zu erheben, um die Rechnungen der Montatairianer/innen zu senken. <br>Seit dem Finanzgesetz 2020 sah sie sich jedoch gezwungen, diese Steuer zu erheben.</p>


<div class="highlight">
                <div class="highlight__description"><p><!-- wp:paragraph --></p>
<p style="text-align: center;"><strong>Bei einem Ausfall der Straßenbeleuchtung können Sie sich gerne direkt an die Stadtverwaltung wenden, die dann die notwendigen Schritte zur schnellen Lösung des Problems einleiten wird.</strong></p>
<p style="text-align: center;"><!-- /wp:paragraph --></p>
</div>
    </div>


<div class="wp-block-uagb-image alignleft uagb-block-470ff42c wp-block-uagb-image--layout-default wp-block-uagb-image--effect-static wp-block-uagb-image--align-left"><figure class="wp-block-uagb-image__figure"><img decoding="async" srcset="https://mairie-montataire.fr/app/uploads/2024/08/RCCEM-3-1024x683.jpg ,https://mairie-montataire.fr/app/uploads/2024/08/RCCEM-3-scaled.jpg 780w, https://mairie-montataire.fr/app/uploads/2024/08/RCCEM-3-scaled.jpg 360w" sizes="auto, (max-width: 480px) 150px" src="https://mairie-montataire.fr/app/uploads/2024/08/RCCEM-3-1024x683.jpg" alt="" class="uag-image-2396" width="5760" height="3840" title="RCCEM (3)" loading="lazy" role="img"/></figure></div>

<p>Le 23 mai 1921, la RCCEM a été créée à l&rsquo;initiative du conseil municipal dans le but d&rsquo;électrifier la ville. Depuis, elle offre des services économiques, de qualité et de proximité aux habitant·e·s de la ville. Elle assure, pour le compte de la municipalité, une mission de service public essentielle : Et par rapport aux [&hellip;]</p>

Le 23 mai 1921, la RCCEM a été créée à l&rsquo;initiative du conseil municipal dans le but d&rsquo;électrifier la ville. Depuis, elle offre des services économiques, de qualité et de proximité aux habitant·e·s de la ville. Elle assure, pour le compte de la municipalité, une mission de service public essentielle : Et par rapport aux&hellip;
