{"id":158,"date":"2024-05-03T09:30:57","date_gmt":"2024-05-03T09:30:57","guid":{"rendered":"https:\/\/montataire.local\/?page_id=158"},"modified":"2025-12-16T10:49:33","modified_gmt":"2025-12-16T10:49:33","slug":"offentliche-ruhe","status":"publish","type":"page","link":"https:\/\/mairie-montataire.fr\/de\/habiter\/cadre-de-vie\/tranquillite-publique\/","title":{"rendered":"\u00d6ffentliche Ruhe"},"content":{"rendered":"<h2 class=\"wp-block-heading\">Dienststelle f\u00fcr B\u00fcrgerrechte, Pr\u00e4vention und Mediation (CPM)<\/h2>\n\n\n\n<p><strong>Seine Aufgabe ist es, die Bewohnerinnen und Bewohner im Alltag zu empfangen, ihnen zuzuh\u00f6ren, sie zu beraten und ihnen Orientierung zu geben. Er baut Spannungen ab und erleichtert den Dialog. Am Abend sorgt er f\u00fcr soziale Pr\u00e4senz im gesamten Stadtgebiet und tr\u00e4gt so dazu bei, Verbindungen zwischen den Einwohnern herzustellen und\/oder zu festigen. Er fungiert als Schnittstelle zwischen der \u00d6ffentlichkeit und den Institutionen und sensibilisiert die Bev\u00f6lkerung f\u00fcr die Begriffe Rechte und Pflichten. In Zusammenarbeit mit ihren Partnern f\u00fchrt sie Pr\u00e4ventionsma\u00dfnahmen gegen Gewalt, Suchtverhalten und Schulabsentismus durch.<\/strong><\/p>\n\n\n\n<h3 class=\"wp-block-heading\">Warum eine\/n Mediator\/in anfordern?<\/h3>\n\n\n\n<p>Sie sind mit einem Nachbarschaftsstreit, einer schwierigen Eltern-Kind-Beziehung oder mit Schulschw\u00e4nzen konfrontiert. Sie ben\u00f6tigen Informationen bei Ihren Schritten, haben Schwierigkeiten mit den Institutionen oder eines Ihrer Kinder bereitet Probleme (Schulschw\u00e4nzen, Verhalten...) und Sie wissen nicht, wie Sie diese l\u00f6sen k\u00f6nnen. Der CPM-Dienst kann Ihnen Unterst\u00fctzung bieten und Sie bei der L\u00f6sung Ihrer Situation begleiten.&nbsp;<br><a href=\"https:\/\/mairie-montataire.fr\/de\/online-antrage\/interventionsantrag\/\" data-type=\"link\" data-id=\"https:\/\/mairie-montataire.fr\/demarches-en-ligne\/demande-dintervention\/\">Wenn Sie sich in einer dieser Situationen befinden, wenden Sie sich bitte an ihn.<\/a><\/p>\n\n\n\n<h2 class=\"wp-block-heading\">St\u00e4dtische Polizei<\/h2>\n\n\n\n<figure class=\"wp-block-image size-large is-resized\"><img loading=\"lazy\" decoding=\"async\" width=\"1024\" height=\"726\" src=\"https:\/\/mairie-montataire.fr\/app\/uploads\/2024\/07\/2024-07-04-batiment-police-2-1024x726.jpg\" alt=\"\" class=\"wp-image-2346\" style=\"width:763px;height:auto\" srcset=\"https:\/\/mairie-montataire.fr\/app\/uploads\/2024\/07\/2024-07-04-batiment-police-2-1024x726.jpg 1024w, https:\/\/mairie-montataire.fr\/app\/uploads\/2024\/07\/2024-07-04-batiment-police-2-300x213.jpg 300w, https:\/\/mairie-montataire.fr\/app\/uploads\/2024\/07\/2024-07-04-batiment-police-2-768x545.jpg 768w, https:\/\/mairie-montataire.fr\/app\/uploads\/2024\/07\/2024-07-04-batiment-police-2-1536x1090.jpg 1536w, https:\/\/mairie-montataire.fr\/app\/uploads\/2024\/07\/2024-07-04-batiment-police-2-2048x1453.jpg 2048w\" sizes=\"auto, (max-width: 1024px) 100vw, 1024px\" \/><\/figure>\n\n\n\n<p><strong>Die Gemeindepolizei, die aus zwei Gemeindebeamten besteht, hat die Aufgabe, die gute Ordnung, die Sicherheit und die \u00f6ffentliche Gesundheit zu gew\u00e4hrleisten. Ihre Aufgaben sind vielf\u00e4ltig und ihre Arbeit ist eng mit der Bev\u00f6lkerung verbunden.<\/strong><\/p>\n\n\n\n<ul class=\"wp-block-list\">\n<li><strong>Was die Verwaltungsaufgaben betrifft, so fungiert sie als b\u00fcrgernahe Polizei, die f\u00fcr das Wohlergehen und die Sicherheit der Gemeindebewohner sorgt.<\/strong><\/li>\n\n\n\n<li><strong>Sie nimmt auch justizielle Aufgaben wahr, die darin bestehen, bestimmte Verst\u00f6\u00dfe zu verbieten.<\/strong><br><\/li>\n<\/ul>\n\n\n\n<div style=\"height:75px\" aria-hidden=\"true\" class=\"wp-block-spacer\"><\/div>\n\n\n\n<div class=\"wp-block-columns is-layout-flex wp-container-core-columns-is-layout-9d6595d7 wp-block-columns-is-layout-flex\">\n<div class=\"wp-block-column is-layout-flow wp-block-column-is-layout-flow\">\n<h3 class=\"wp-block-heading\">Nationale Polizei<\/h3>\n\n\n\n<p>17<\/p>\n\n\n\n<p><a href=\"https:\/\/www.police-nationale.interieur.gouv.fr\" target=\"_blank\" rel=\"noreferrer noopener\">polizei-national.interieur.gouv.fr<\/a><\/p>\n\n\n\n<p><a href=\"https:\/\/www.police-nationale.interieur.gouv.fr\/nous-rejoindre\/nos-metiers\/policier-en-police-secours\" target=\"_blank\" rel=\"noreferrer noopener\">police-nationale.interieur.gouv.fr\/unsere-berufe\/polizist-in-der-polizei-rettung<\/a><\/p>\n<\/div>\n\n\n\n<div class=\"wp-block-column is-layout-flow wp-block-column-is-layout-flow\">\n<h3 class=\"wp-block-heading\">Gendarmerie - Polizeirevier Creil<\/h3>\n\n\n\n<p style=\"font-style:normal;font-weight:400\">8 Rue Jules-Michelet&nbsp;<br>60100 Creil<\/p>\n\n\n\n<p style=\"font-style:normal;font-weight:400\">03 44 61 17 17<br>Im Notfall rufen Sie die Nummern 17 oder 112 an<br>Wenn Sie Schwierigkeiten beim Sprechen oder H\u00f6ren haben, senden Sie eine SMS an 114<\/p>\n\n\n\n<p style=\"font-style:normal;font-weight:400\"><a href=\"https:\/\/www.gendarmerie.interieur.gouv.fr\">gendarmerie.interieur.gouv.fr<\/a><\/p>\n<\/div>\n<\/div>\n\n\n\n<h2 class=\"wp-block-heading\">Andere Institutionen, die Ihnen helfen<\/h2>\n\n\n\n<div class=\"wp-block-columns is-layout-flex wp-container-core-columns-is-layout-9d6595d7 wp-block-columns-is-layout-flex\">\n<div class=\"wp-block-column is-layout-flow wp-block-column-is-layout-flow\">\n<h3 class=\"wp-block-heading\">Eine Sozialarbeiterin - Frau Fatima Boumeddane<\/h3>\n\n\n\n<p>Sie bietet kostenlose und vertrauliche Gespr\u00e4che an, um Ihnen Hilfe und Informationen zu geben. Sie empf\u00e4ngt Sie in der Polizeistation, 8, rue Jules Michelet in Creil oder im Maison de la Justice et du Droit in Creil nach Terminvereinbarung.<\/p>\n\n\n\n<p>03 44 64 75 89<br>03 44 64 17 77<br>06 74 67 72 02<\/p>\n\n\n\n<p><a href=\"mailto:f.boumeddane@creilsudoise.fr\">f.boumeddane@creilsudoise.fr<\/a><\/p>\n<\/div>\n\n\n\n<div class=\"wp-block-column is-layout-flow wp-block-column-is-layout-flow\">\n<h3 class=\"wp-block-heading\">Das Haus der Justiz und des Rechts (Maison de la Justice et du Droit, MJD)<\/h3>\n\n\n\n<p>Das MJD begleitet und leitet Sie bei Ihren rechtlichen Schritten und beim Zugang zum Recht, wobei Respekt, Kostenfreiheit und Vertraulichkeit gew\u00e4hrleistet sind.<\/p>\n\n\n\n<p>26, rue Voltaire<br>60100 - Creil<\/p>\n\n\n\n<p>03 44 64 46 70<\/p>\n\n\n\n<p>Montag von 14:00 bis 17:00 Uhr<br>Dienstag bis Freitag von 9 bis 12 Uhr und von 13.30 bis 17 Uhr<\/p>\n\n\n\n<p><a href=\"https:\/\/www.creilsudoise.fr\/acces-aux-droits\/maison-de-la-justice-et-du-droit\">creilsudoise.fr\/acces-aux-droits\/maison-de-la-justice-et-du-droit<\/a><\/p>\n<\/div>\n\n\n\n<div class=\"wp-block-column is-layout-flow wp-block-column-is-layout-flow\">\n<h3 class=\"wp-block-heading\">Hilfe f\u00fcr Opfer 60<\/h3>\n\n\n\n<p>Alle Personen, die sich als Opfer einer Handlung betrachten, die als Straftat eingestuft werden kann, sowie die Angeh\u00f6rigen des direkten Opfers, die direkt und pers\u00f6nlich unter den Folgen und Auswirkungen dieser Handlung leiden, k\u00f6nnen sich an die F\u00e9d\u00e9ration France Victimes wenden, um Hilfe zu erhalten.<\/p>\n\n\n\n<p><a href=\"https:\/\/aideauxvictimes.wordpress.com\">aideauxvictimes.wordpress.com<\/a><\/p>\n\n\n\n<p><a href=\"https:\/\/www.france-victimes.fr\/index.php\">france-victimes.de\/index.php<\/a><\/p>\n<\/div>\n<\/div>","protected":false},"excerpt":{"rendered":"<p>Service citoyennet\u00e9, pr\u00e9vention et m\u00e9diation (CPM) Son r\u00f4le est d&rsquo;accueillir, d&rsquo;\u00e9couter, de conseiller et d&rsquo;orienter les habitant\u00b7e\u00b7s au quotidien. Il apaise les tensions et facilite le dialogue. En soir\u00e9e, il assure une pr\u00e9sence sociale sur l&rsquo;ensemble du territoire de la ville, contribuant ainsi \u00e0 cr\u00e9er et\/ou \u00e0 consolider le lien entre les habitant\u00b7e\u00b7s. Il fait [&hellip;]<\/p>\n","protected":false},"author":1,"featured_media":1033,"parent":120,"menu_order":35,"comment_status":"closed","ping_status":"closed","template":"","meta":{"_acf_changed":false,"_uag_custom_page_level_css":"","footnotes":""},"class_list":["post-158","page","type-page","status-publish","has-post-thumbnail","hentry"],"acf":[],"uagb_featured_image_src":{"full":["https:\/\/mairie-montataire.fr\/app\/uploads\/2024\/07\/1.6.2_tranquilite_publique.jpg",490,348,false],"thumbnail":["https:\/\/mairie-montataire.fr\/app\/uploads\/2024\/07\/1.6.2_tranquilite_publique-150x150.jpg",150,150,true],"medium":["https:\/\/mairie-montataire.fr\/app\/uploads\/2024\/07\/1.6.2_tranquilite_publique-300x213.jpg",300,213,true],"medium_large":["https:\/\/mairie-montataire.fr\/app\/uploads\/2024\/07\/1.6.2_tranquilite_publique.jpg",490,348,false],"large":["https:\/\/mairie-montataire.fr\/app\/uploads\/2024\/07\/1.6.2_tranquilite_publique.jpg",490,348,false],"1536x1536":["https:\/\/mairie-montataire.fr\/app\/uploads\/2024\/07\/1.6.2_tranquilite_publique.jpg",490,348,false],"2048x2048":["https:\/\/mairie-montataire.fr\/app\/uploads\/2024\/07\/1.6.2_tranquilite_publique.jpg",490,348,false],"trp-custom-language-flag":["https:\/\/mairie-montataire.fr\/app\/uploads\/2024\/07\/1.6.2_tranquilite_publique.jpg",18,12,false],"gform-image-choice-sm":["https:\/\/mairie-montataire.fr\/app\/uploads\/2024\/07\/1.6.2_tranquilite_publique.jpg",300,213,false],"gform-image-choice-md":["https:\/\/mairie-montataire.fr\/app\/uploads\/2024\/07\/1.6.2_tranquilite_publique.jpg",400,284,false],"gform-image-choice-lg":["https:\/\/mairie-montataire.fr\/app\/uploads\/2024\/07\/1.6.2_tranquilite_publique.jpg",490,348,false]},"uagb_author_info":{"display_name":"mentalworks","author_link":"https:\/\/mairie-montataire.fr\/de\/actualites\/author\/mentalworks\/"},"uagb_comment_info":0,"uagb_excerpt":"Service citoyennet\u00e9, pr\u00e9vention et m\u00e9diation (CPM) Son r\u00f4le est d&rsquo;accueillir, d&rsquo;\u00e9couter, de conseiller et d&rsquo;orienter les habitant\u00b7e\u00b7s au quotidien. Il apaise les tensions et facilite le dialogue. En soir\u00e9e, il assure une pr\u00e9sence sociale sur l&rsquo;ensemble du territoire de la ville, contribuant ainsi \u00e0 cr\u00e9er et\/ou \u00e0 consolider le lien entre les habitant\u00b7e\u00b7s. Il fait&hellip;","_links":{"self":[{"href":"https:\/\/mairie-montataire.fr\/de\/wp-json\/wp\/v2\/pages\/158","targetHints":{"allow":["GET"]}}],"collection":[{"href":"https:\/\/mairie-montataire.fr\/de\/wp-json\/wp\/v2\/pages"}],"about":[{"href":"https:\/\/mairie-montataire.fr\/de\/wp-json\/wp\/v2\/types\/page"}],"author":[{"embeddable":true,"href":"https:\/\/mairie-montataire.fr\/de\/wp-json\/wp\/v2\/users\/1"}],"replies":[{"embeddable":true,"href":"https:\/\/mairie-montataire.fr\/de\/wp-json\/wp\/v2\/comments?post=158"}],"version-history":[{"count":18,"href":"https:\/\/mairie-montataire.fr\/de\/wp-json\/wp\/v2\/pages\/158\/revisions"}],"predecessor-version":[{"id":7351,"href":"https:\/\/mairie-montataire.fr\/de\/wp-json\/wp\/v2\/pages\/158\/revisions\/7351"}],"up":[{"embeddable":true,"href":"https:\/\/mairie-montataire.fr\/de\/wp-json\/wp\/v2\/pages\/120"}],"wp:featuredmedia":[{"embeddable":true,"href":"https:\/\/mairie-montataire.fr\/de\/wp-json\/wp\/v2\/media\/1033"}],"wp:attachment":[{"href":"https:\/\/mairie-montataire.fr\/de\/wp-json\/wp\/v2\/media?parent=158"}],"curies":[{"name":"wp","href":"https:\/\/api.w.org\/{rel}","templated":true}]}}

Öffentliche Ruhe

<h2 class="wp-block-heading">Dienststelle für Bürgerrechte, Prävention und Mediation (CPM)</h2>



<p><strong>Seine Aufgabe ist es, die Bewohnerinnen und Bewohner im Alltag zu empfangen, ihnen zuzuhören, sie zu beraten und ihnen Orientierung zu geben. Er baut Spannungen ab und erleichtert den Dialog. Am Abend sorgt er für soziale Präsenz im gesamten Stadtgebiet und trägt so dazu bei, Verbindungen zwischen den Einwohnern herzustellen und/oder zu festigen. Er fungiert als Schnittstelle zwischen der Öffentlichkeit und den Institutionen und sensibilisiert die Bevölkerung für die Begriffe Rechte und Pflichten. In Zusammenarbeit mit ihren Partnern führt sie Präventionsmaßnahmen gegen Gewalt, Suchtverhalten und Schulabsentismus durch.</strong></p>



<h3 class="wp-block-heading">Warum eine/n Mediator/in anfordern?</h3>



<p>Sie sind mit einem Nachbarschaftsstreit, einer schwierigen Eltern-Kind-Beziehung oder mit Schulschwänzen konfrontiert. Sie benötigen Informationen bei Ihren Schritten, haben Schwierigkeiten mit den Institutionen oder eines Ihrer Kinder bereitet Probleme (Schulschwänzen, Verhalten...) und Sie wissen nicht, wie Sie diese lösen können. Der CPM-Dienst kann Ihnen Unterstützung bieten und Sie bei der Lösung Ihrer Situation begleiten.&nbsp;<br><a href="https://mairie-montataire.fr/de/online-antrage/interventionsantrag/" data-type="link" data-id="https://mairie-montataire.fr/demarches-en-ligne/demande-dintervention/">Wenn Sie sich in einer dieser Situationen befinden, wenden Sie sich bitte an ihn.</a></p>



<h2 class="wp-block-heading">Städtische Polizei</h2>



<figure class="wp-block-image size-large is-resized"><img loading="lazy" decoding="async" width="1024" height="726" src="https://mairie-montataire.fr/app/uploads/2024/07/2024-07-04-batiment-police-2-1024x726.jpg" alt="" class="wp-image-2346" style="width:763px;height:auto" srcset="https://mairie-montataire.fr/app/uploads/2024/07/2024-07-04-batiment-police-2-1024x726.jpg 1024w, https://mairie-montataire.fr/app/uploads/2024/07/2024-07-04-batiment-police-2-300x213.jpg 300w, https://mairie-montataire.fr/app/uploads/2024/07/2024-07-04-batiment-police-2-768x545.jpg 768w, https://mairie-montataire.fr/app/uploads/2024/07/2024-07-04-batiment-police-2-1536x1090.jpg 1536w, https://mairie-montataire.fr/app/uploads/2024/07/2024-07-04-batiment-police-2-2048x1453.jpg 2048w" sizes="auto, (max-width: 1024px) 100vw, 1024px" /></figure>



<p><strong>Die Gemeindepolizei, die aus zwei Gemeindebeamten besteht, hat die Aufgabe, die gute Ordnung, die Sicherheit und die öffentliche Gesundheit zu gewährleisten. Ihre Aufgaben sind vielfältig und ihre Arbeit ist eng mit der Bevölkerung verbunden.</strong></p>



<ul class="wp-block-list">
<li><strong>Was die Verwaltungsaufgaben betrifft, so fungiert sie als bürgernahe Polizei, die für das Wohlergehen und die Sicherheit der Gemeindebewohner sorgt.</strong></li>



<li><strong>Sie nimmt auch justizielle Aufgaben wahr, die darin bestehen, bestimmte Verstöße zu verbieten.</strong><br></li>
</ul>



<div style="height:75px" aria-hidden="true" class="wp-block-spacer"></div>



<div class="wp-block-columns is-layout-flex wp-container-core-columns-is-layout-9d6595d7 wp-block-columns-is-layout-flex">
<div class="wp-block-column is-layout-flow wp-block-column-is-layout-flow">
<h3 class="wp-block-heading">Nationale Polizei</h3>



<p>17</p>



<p><a href="https://www.police-nationale.interieur.gouv.fr" target="_blank" rel="noreferrer noopener">polizei-national.interieur.gouv.fr</a></p>



<p><a href="https://www.police-nationale.interieur.gouv.fr/nous-rejoindre/nos-metiers/policier-en-police-secours" target="_blank" rel="noreferrer noopener">police-nationale.interieur.gouv.fr/unsere-berufe/polizist-in-der-polizei-rettung</a></p>
</div>



<div class="wp-block-column is-layout-flow wp-block-column-is-layout-flow">
<h3 class="wp-block-heading">Gendarmerie - Polizeirevier Creil</h3>



<p style="font-style:normal;font-weight:400">8 Rue Jules-Michelet&nbsp;<br>60100 Creil</p>



<p style="font-style:normal;font-weight:400">03 44 61 17 17<br>Im Notfall rufen Sie die Nummern 17 oder 112 an<br>Wenn Sie Schwierigkeiten beim Sprechen oder Hören haben, senden Sie eine SMS an 114</p>



<p style="font-style:normal;font-weight:400"><a href="https://www.gendarmerie.interieur.gouv.fr">gendarmerie.interieur.gouv.fr</a></p>
</div>
</div>



<h2 class="wp-block-heading">Andere Institutionen, die Ihnen helfen</h2>



<div class="wp-block-columns is-layout-flex wp-container-core-columns-is-layout-9d6595d7 wp-block-columns-is-layout-flex">
<div class="wp-block-column is-layout-flow wp-block-column-is-layout-flow">
<h3 class="wp-block-heading">Eine Sozialarbeiterin - Frau Fatima Boumeddane</h3>



<p>Sie bietet kostenlose und vertrauliche Gespräche an, um Ihnen Hilfe und Informationen zu geben. Sie empfängt Sie in der Polizeistation, 8, rue Jules Michelet in Creil oder im Maison de la Justice et du Droit in Creil nach Terminvereinbarung.</p>



<p>03 44 64 75 89<br>03 44 64 17 77<br>06 74 67 72 02</p>



<p><a href="mailto:f.boumeddane@creilsudoise.fr">f.boumeddane@creilsudoise.fr</a></p>
</div>



<div class="wp-block-column is-layout-flow wp-block-column-is-layout-flow">
<h3 class="wp-block-heading">Das Haus der Justiz und des Rechts (Maison de la Justice et du Droit, MJD)</h3>



<p>Das MJD begleitet und leitet Sie bei Ihren rechtlichen Schritten und beim Zugang zum Recht, wobei Respekt, Kostenfreiheit und Vertraulichkeit gewährleistet sind.</p>



<p>26, rue Voltaire<br>60100 - Creil</p>



<p>03 44 64 46 70</p>



<p>Montag von 14:00 bis 17:00 Uhr<br>Dienstag bis Freitag von 9 bis 12 Uhr und von 13.30 bis 17 Uhr</p>



<p><a href="https://www.creilsudoise.fr/acces-aux-droits/maison-de-la-justice-et-du-droit">creilsudoise.fr/acces-aux-droits/maison-de-la-justice-et-du-droit</a></p>
</div>



<div class="wp-block-column is-layout-flow wp-block-column-is-layout-flow">
<h3 class="wp-block-heading">Hilfe für Opfer 60</h3>



<p>Alle Personen, die sich als Opfer einer Handlung betrachten, die als Straftat eingestuft werden kann, sowie die Angehörigen des direkten Opfers, die direkt und persönlich unter den Folgen und Auswirkungen dieser Handlung leiden, können sich an die Fédération France Victimes wenden, um Hilfe zu erhalten.</p>



<p><a href="https://aideauxvictimes.wordpress.com">aideauxvictimes.wordpress.com</a></p>



<p><a href="https://www.france-victimes.fr/index.php">france-victimes.de/index.php</a></p>
</div>
</div>

<p>Service citoyenneté, prévention et médiation (CPM) Son rôle est d&rsquo;accueillir, d&rsquo;écouter, de conseiller et d&rsquo;orienter les habitant·e·s au quotidien. Il apaise les tensions et facilite le dialogue. En soirée, il assure une présence sociale sur l&rsquo;ensemble du territoire de la ville, contribuant ainsi à créer et/ou à consolider le lien entre les habitant·e·s. Il fait [&hellip;]</p>

Service citoyenneté, prévention et médiation (CPM) Son rôle est d&rsquo;accueillir, d&rsquo;écouter, de conseiller et d&rsquo;orienter les habitant·e·s au quotidien. Il apaise les tensions et facilite le dialogue. En soirée, il assure une présence sociale sur l&rsquo;ensemble du territoire de la ville, contribuant ainsi à créer et/ou à consolider le lien entre les habitant·e·s. Il fait&hellip;
