{"id":156,"date":"2024-05-03T09:30:02","date_gmt":"2024-05-03T09:30:02","guid":{"rendered":"https:\/\/montataire.local\/?page_id=156"},"modified":"2026-02-09T13:22:20","modified_gmt":"2026-02-09T13:22:20","slug":"zivilstand-wahl","status":"publish","type":"page","link":"https:\/\/mairie-montataire.fr\/de\/habiter\/cadre-de-vie\/etat-civil-election\/","title":{"rendered":"Zivilstand &amp; Wahl"},"content":{"rendered":"<h2 class=\"wp-block-heading\">N\u00e4chste Wahlen<\/h2>\n\n\n\n<p><strong>Kommunalwahlen am 15. und 22. M\u00e4rz 2026<\/strong><\/p>\n\n\n\n<p><strong>Pr\u00e4sidentschaftswahlen im Jahr 2027<\/strong><\/p>\n\n\n\n<h2 class=\"wp-block-heading\">Eintragung in die W\u00e4hlerlisten<\/h2>\n\n\n\n<p>Um an den Wahlen teilnehmen zu k\u00f6nnen, m\u00fcssen Sie in die W\u00e4hlerlisten eingetragen sein. Sie erfolgt automatisch f\u00fcr 18-J\u00e4hrige (unter bestimmten Bedingungen) und f\u00fcr Personen, die nach 2018 die franz\u00f6sische Staatsb\u00fcrgerschaft erhalten. Wenn Sie sich in einer anderen Situation befinden (Umzug, Wiedererlangung der Aus\u00fcbung des Wahlrechts, in Frankreich lebender EU-B\u00fcrger...), m\u00fcssen Sie <a href=\"https:\/\/mairie-montataire.fr\/de\/online-antrage\/antrag-auf-eintragung-in-die-wahlerlisten\/\">die Schritte, um sich anzumelden<\/a>.<\/p>\n\n\n<div class=\"highlight\">\n                <div class=\"highlight__description\"><p style=\"text-align: center;\"><strong>Sie k\u00f6nnen \u00fcberpr\u00fcfen, ob Sie bereits registriert sind, indem Sie diesem Link folgen.<\/strong><br \/>\n<strong><a href=\"https:\/\/www.service-public.fr\/particuliers\/vosdroits\/R51788?fbclid=IwAR39HH1OZjwCSQ6mRlD82Wl4T9slaxbD9bPfUTlT7yD2wk4L7Pr15XXSpmo_aem_AbQkGHXrba898pl0X1N_xXzazOJKV5uD9o_tgzJk2E0Ptz0XvfIuOENvkwr7OSoo0__-aKqNC4Ku4czE8mfYiTRK\" target=\"_blank\" rel=\"noreferrer noopener\">service-public.fr\/privatpersonen\/Ihre Rechte\/R51788<\/a><\/strong><\/p>\n<\/div>\n    <\/div>\n\n\n<h2 class=\"wp-block-heading\">Primovotant<\/h2>\n\n\n\n<p><strong>Franz\u00f6sische Jungw\u00e4hler, die ab ihrem 16. Lebensjahr ihre Volksz\u00e4hlung durchgef\u00fchrt haben, werden automatisch in die W\u00e4hlerlisten der Gemeinde eingetragen, in der sie sich haben registrieren lassen. In Montataire findet eine Zeremonie statt, um sie f\u00fcr die Bedeutung des W\u00e4hlens zu sensibilisieren und ihnen die W\u00e4hlerkarte zu \u00fcberreichen.&nbsp;<\/strong><\/p>\n\n\n\n<p>Wenn die Karte nicht bei der Zeremonie abgeholt wurde, liegt sie am Wahltag im Rathaus und anschlie\u00dfend im Wahllokal zur Abholung bereit. Der Betreffende kann die Karte mit seinem Personalausweis abholen.<\/p>\n\n\n\n<h2 class=\"wp-block-heading\">Vollmacht<\/h2>\n\n\n\n<p>Die Stimmabgabe per Vollmacht erm\u00f6glicht es einem W\u00e4hler, der am Wahltag nicht anwesend ist oder nicht kommen kann, sich von einem anderen W\u00e4hler, der in einer franz\u00f6sischen Gemeinde eingetragen ist, vertreten zu lassen. <a href=\"https:\/\/mairie-montataire.fr\/de\/online-antrage\/antrag-auf-stimmabgabe-durch-einen-bevollmachtigten\/\">Der Schritt ist online m\u00f6glich<\/a> aber auch in Pr\u00e4senzveranstaltungen <\/p>\n\n\n\n<h2 class=\"wp-block-heading\">Liste der Wahllokale<\/h2>\n\n\n\n<ul style=\"padding-right:var(--wp--preset--spacing--70);padding-left:var(--wp--preset--spacing--70)\" class=\"wp-block-list\">\n<li style=\"font-style:normal;font-weight:400\"><strong>B\u00fcro 1 :<\/strong> Rathaus, Hochzeitszimmer, <br>Augustusplatz<strong> <\/strong>Ingenieurwesen<\/li>\n\n\n\n<li style=\"font-style:normal;font-weight:400\"><strong>B\u00fcro 2 :<\/strong>&nbsp; Salle de la Lib\u00e9ration (Saal der Befreiung), <br>rue des D\u00e9port\u00e9s (Stra\u00dfe der Deportierten)&nbsp;<\/li>\n\n\n\n<li style=\"font-style:normal;font-weight:400\"><strong>B\u00fcro 3 :<\/strong> G.S. Paul Langevin, <br>19, rue du 8 mai 1945 (Kindergarten)&nbsp;&nbsp;&nbsp;&nbsp;&nbsp;&nbsp;&nbsp;&nbsp;&nbsp;&nbsp;&nbsp;&nbsp;&nbsp;&nbsp;<\/li>\n\n\n\n<li style=\"font-style:normal;font-weight:400\"><strong>B\u00fcro 4 :<\/strong> G.S. Henri Wallon, <br>30, rue Jules Uhry (Schulhof)&nbsp;&nbsp;&nbsp;&nbsp;&nbsp;&nbsp;&nbsp;&nbsp;&nbsp;&nbsp;&nbsp;&nbsp;<\/li>\n\n\n\n<li style=\"font-style:normal;font-weight:400\"><strong>B\u00fcro 5 :<\/strong> G.S. Jacques Decour A <br>92, AV. Anatole France (Schulhof)&nbsp;&nbsp;&nbsp;&nbsp;&nbsp;&nbsp;&nbsp;&nbsp;&nbsp;&nbsp;&nbsp;&nbsp;<\/li>\n\n\n\n<li style=\"font-style:normal;font-weight:400\"><strong>B\u00fcro 6 :<\/strong> G.S. Jacques Decour B<br>1, rue Paul Vaillant Couturier (Schulhof)<\/li>\n\n\n\n<li style=\"font-style:normal;font-weight:400\"><strong>B\u00fcro 7 :<\/strong> G.S. Ir\u00e8ne und Fr\u00e9d\u00e9ric Joliot Curie<br>32, rue Louis Blanc (Schulhof)&nbsp;&nbsp;&nbsp;&nbsp;&nbsp;&nbsp;&nbsp;&nbsp;&nbsp;&nbsp;&nbsp;&nbsp;<\/li>\n\n\n\n<li style=\"font-style:normal;font-weight:400\"><strong>Schreibtisch 8&nbsp;<\/strong>: G.S. Ir\u00e8ne und Fr\u00e9d\u00e9ric Joliot Curie<br>32, rue Louis Blanc (Schulhof)&nbsp;&nbsp;&nbsp;&nbsp;&nbsp;&nbsp;&nbsp;&nbsp;&nbsp;&nbsp;&nbsp;<\/li>\n\n\n\n<li style=\"font-style:normal;font-weight:400\"><strong>B\u00fcro 9 :<\/strong> G.S. Maurice und Lucie Bambier, <br>1, rue Maurice Thorez (Schulhof)&nbsp;<\/li>\n<\/ul>\n\n\n\n<div style=\"height:100px\" aria-hidden=\"true\" class=\"wp-block-spacer\"><\/div>\n\n\n\t\t\t\t\t<div\n\t\t\t\t\t\tclass=\"wp-block-uagb-image-gallery uagb-block-8964bd8d\"\n\t\t\t\t\t\tstyle=\"\"\n\t\t\t\t\t>\n\t\t\t\t\t\t\t\t\t\t\t<div class=\"spectra-image-gallery spectra-image-gallery__layout--grid spectra-image-gallery__layout--grid-col-2 spectra-image-gallery__layout--grid-col-tab-2 spectra-image-gallery__layout--grid-col-mob-2\">\n\t\t\t\t\t\t\t\t\t\t\t<div class='spectra-image-gallery__media-wrapper' data-spectra-gallery-image-id='2337' tabindex=\"0\">\n\t\t\t\t\t\t\t<div class=\"spectra-image-gallery__media spectra-image-gallery__media--grid\">\n\t\t\t\t<picture>\n\t\t\t\t\t<source media=\"(min-width: 1024px)\" srcset=\"https:\/\/mairie-montataire.fr\/app\/uploads\/2024\/07\/2022-04-10-Election-1er-Tour-Presidentielle-8-1024x683.jpg\">\n\t\t\t\t\t<source media=\"(min-width: 768px)\" srcset=\"https:\/\/mairie-montataire.fr\/app\/uploads\/2024\/07\/2022-04-10-Election-1er-Tour-Presidentielle-8-1024x683.jpg\">\n\t\t\t\t\t<img decoding=\"async\" class=\"spectra-image-gallery__media-thumbnail spectra-image-gallery__media-thumbnail--grid\" src=\"https:\/\/mairie-montataire.fr\/app\/uploads\/2024\/07\/2022-04-10-Election-1er-Tour-Presidentielle-8-300x200.jpg\" alt=\"\" loading=\"lazy\" \/>\n\t\t\t\t<\/picture>\n\t\t\t\t<div class=\"spectra-image-gallery__media-thumbnail-blurrer\"><\/div>\n\t\t\t\t\t\t\t\t\t\t\t<div class=\"spectra-image-gallery__media-thumbnail-caption-wrapper spectra-image-gallery__media-thumbnail-caption-wrapper--overlay\"><\/div>\n\t\t\t\t\t\t\t\t<\/div>\n\t\t\t\t\t\t<\/div>\n\t\t\t\t\t\t<div class='spectra-image-gallery__media-wrapper' data-spectra-gallery-image-id='2338' tabindex=\"0\">\n\t\t\t\t\t\t\t<div class=\"spectra-image-gallery__media spectra-image-gallery__media--grid\">\n\t\t\t\t<picture>\n\t\t\t\t\t<source media=\"(min-width: 1024px)\" srcset=\"https:\/\/mairie-montataire.fr\/app\/uploads\/2024\/07\/2022-04-10-Election-1er-Tour-Presidentielle-13-1024x683.jpg\">\n\t\t\t\t\t<source media=\"(min-width: 768px)\" srcset=\"https:\/\/mairie-montataire.fr\/app\/uploads\/2024\/07\/2022-04-10-Election-1er-Tour-Presidentielle-13-1024x683.jpg\">\n\t\t\t\t\t<img decoding=\"async\" class=\"spectra-image-gallery__media-thumbnail spectra-image-gallery__media-thumbnail--grid\" src=\"https:\/\/mairie-montataire.fr\/app\/uploads\/2024\/07\/2022-04-10-Election-1er-Tour-Presidentielle-13-300x200.jpg\" alt=\"\" loading=\"lazy\" \/>\n\t\t\t\t<\/picture>\n\t\t\t\t<div class=\"spectra-image-gallery__media-thumbnail-blurrer\"><\/div>\n\t\t\t\t\t\t\t\t\t\t\t<div class=\"spectra-image-gallery__media-thumbnail-caption-wrapper spectra-image-gallery__media-thumbnail-caption-wrapper--overlay\"><\/div>\n\t\t\t\t\t\t\t\t<\/div>\n\t\t\t\t\t\t<\/div>\n\t\t\t\t\t\t\t\t\t\t<\/div>\n\t\t\t\t\t\t\t\t\t\t\t\t\t\t\t\t\t\t<\/div>","protected":false},"excerpt":{"rendered":"<p>Prochaine \u00e9lections \u00c9lections municipales le 15 et 22 mars 2026 \u00c9lections pr\u00e9sidentielle en 2027 Inscription sur les listes \u00e9lectorales Pour participer aux \u00e9lections, il faut \u00eatre inscrit sur les listes \u00e9lectorales. Elle est automatique pour les jeunes de 18 ans (sous certaines conditions) et pour les personnes obtenant la nationalit\u00e9 fran\u00e7aise apr\u00e8s 2018. Si vous [&hellip;]<\/p>\n","protected":false},"author":1,"featured_media":1032,"parent":120,"menu_order":34,"comment_status":"closed","ping_status":"closed","template":"","meta":{"_acf_changed":false,"_uag_custom_page_level_css":"","footnotes":""},"class_list":["post-156","page","type-page","status-publish","has-post-thumbnail","hentry"],"acf":[],"uagb_featured_image_src":{"full":["https:\/\/mairie-montataire.fr\/app\/uploads\/2024\/07\/1.6_elections.jpg",490,327,false],"thumbnail":["https:\/\/mairie-montataire.fr\/app\/uploads\/2024\/07\/1.6_elections-150x150.jpg",150,150,true],"medium":["https:\/\/mairie-montataire.fr\/app\/uploads\/2024\/07\/1.6_elections-300x200.jpg",300,200,true],"medium_large":["https:\/\/mairie-montataire.fr\/app\/uploads\/2024\/07\/1.6_elections.jpg",490,327,false],"large":["https:\/\/mairie-montataire.fr\/app\/uploads\/2024\/07\/1.6_elections.jpg",490,327,false],"1536x1536":["https:\/\/mairie-montataire.fr\/app\/uploads\/2024\/07\/1.6_elections.jpg",490,327,false],"2048x2048":["https:\/\/mairie-montataire.fr\/app\/uploads\/2024\/07\/1.6_elections.jpg",490,327,false],"trp-custom-language-flag":["https:\/\/mairie-montataire.fr\/app\/uploads\/2024\/07\/1.6_elections.jpg",18,12,false],"gform-image-choice-sm":["https:\/\/mairie-montataire.fr\/app\/uploads\/2024\/07\/1.6_elections.jpg",300,200,false],"gform-image-choice-md":["https:\/\/mairie-montataire.fr\/app\/uploads\/2024\/07\/1.6_elections.jpg",400,267,false],"gform-image-choice-lg":["https:\/\/mairie-montataire.fr\/app\/uploads\/2024\/07\/1.6_elections.jpg",490,327,false]},"uagb_author_info":{"display_name":"mentalworks","author_link":"https:\/\/mairie-montataire.fr\/de\/actualites\/author\/mentalworks\/"},"uagb_comment_info":0,"uagb_excerpt":"Prochaine \u00e9lections \u00c9lections municipales le 15 et 22 mars 2026 \u00c9lections pr\u00e9sidentielle en 2027 Inscription sur les listes \u00e9lectorales Pour participer aux \u00e9lections, il faut \u00eatre inscrit sur les listes \u00e9lectorales. Elle est automatique pour les jeunes de 18 ans (sous certaines conditions) et pour les personnes obtenant la nationalit\u00e9 fran\u00e7aise apr\u00e8s 2018. Si vous&hellip;","_links":{"self":[{"href":"https:\/\/mairie-montataire.fr\/de\/wp-json\/wp\/v2\/pages\/156","targetHints":{"allow":["GET"]}}],"collection":[{"href":"https:\/\/mairie-montataire.fr\/de\/wp-json\/wp\/v2\/pages"}],"about":[{"href":"https:\/\/mairie-montataire.fr\/de\/wp-json\/wp\/v2\/types\/page"}],"author":[{"embeddable":true,"href":"https:\/\/mairie-montataire.fr\/de\/wp-json\/wp\/v2\/users\/1"}],"replies":[{"embeddable":true,"href":"https:\/\/mairie-montataire.fr\/de\/wp-json\/wp\/v2\/comments?post=156"}],"version-history":[{"count":9,"href":"https:\/\/mairie-montataire.fr\/de\/wp-json\/wp\/v2\/pages\/156\/revisions"}],"predecessor-version":[{"id":7578,"href":"https:\/\/mairie-montataire.fr\/de\/wp-json\/wp\/v2\/pages\/156\/revisions\/7578"}],"up":[{"embeddable":true,"href":"https:\/\/mairie-montataire.fr\/de\/wp-json\/wp\/v2\/pages\/120"}],"wp:featuredmedia":[{"embeddable":true,"href":"https:\/\/mairie-montataire.fr\/de\/wp-json\/wp\/v2\/media\/1032"}],"wp:attachment":[{"href":"https:\/\/mairie-montataire.fr\/de\/wp-json\/wp\/v2\/media?parent=156"}],"curies":[{"name":"wp","href":"https:\/\/api.w.org\/{rel}","templated":true}]}}

<h2 class="wp-block-heading">Nächste Wahlen</h2>



<p><strong>Kommunalwahlen am 15. und 22. März 2026</strong></p>



<p><strong>Präsidentschaftswahlen im Jahr 2027</strong></p>



<h2 class="wp-block-heading">Eintragung in die Wählerlisten</h2>



<p>Um an den Wahlen teilnehmen zu können, müssen Sie in die Wählerlisten eingetragen sein. Sie erfolgt automatisch für 18-Jährige (unter bestimmten Bedingungen) und für Personen, die nach 2018 die französische Staatsbürgerschaft erhalten. Wenn Sie sich in einer anderen Situation befinden (Umzug, Wiedererlangung der Ausübung des Wahlrechts, in Frankreich lebender EU-Bürger...), müssen Sie <a href="https://mairie-montataire.fr/de/online-antrage/antrag-auf-eintragung-in-die-wahlerlisten/">die Schritte, um sich anzumelden</a>.</p>


<div class="highlight">
                <div class="highlight__description"><p style="text-align: center;"><strong>Sie können überprüfen, ob Sie bereits registriert sind, indem Sie diesem Link folgen.</strong><br />
<strong><a href="https://www.service-public.fr/particuliers/vosdroits/R51788?fbclid=IwAR39HH1OZjwCSQ6mRlD82Wl4T9slaxbD9bPfUTlT7yD2wk4L7Pr15XXSpmo_aem_AbQkGHXrba898pl0X1N_xXzazOJKV5uD9o_tgzJk2E0Ptz0XvfIuOENvkwr7OSoo0__-aKqNC4Ku4czE8mfYiTRK" target="_blank" rel="noreferrer noopener">service-public.fr/privatpersonen/Ihre Rechte/R51788</a></strong></p>
</div>
    </div>


<h2 class="wp-block-heading">Primovotant</h2>



<p><strong>Französische Jungwähler, die ab ihrem 16. Lebensjahr ihre Volkszählung durchgeführt haben, werden automatisch in die Wählerlisten der Gemeinde eingetragen, in der sie sich haben registrieren lassen. In Montataire findet eine Zeremonie statt, um sie für die Bedeutung des Wählens zu sensibilisieren und ihnen die Wählerkarte zu überreichen.&nbsp;</strong></p>



<p>Wenn die Karte nicht bei der Zeremonie abgeholt wurde, liegt sie am Wahltag im Rathaus und anschließend im Wahllokal zur Abholung bereit. Der Betreffende kann die Karte mit seinem Personalausweis abholen.</p>



<h2 class="wp-block-heading">Vollmacht</h2>



<p>Die Stimmabgabe per Vollmacht ermöglicht es einem Wähler, der am Wahltag nicht anwesend ist oder nicht kommen kann, sich von einem anderen Wähler, der in einer französischen Gemeinde eingetragen ist, vertreten zu lassen. <a href="https://mairie-montataire.fr/de/online-antrage/antrag-auf-stimmabgabe-durch-einen-bevollmachtigten/">Der Schritt ist online möglich</a> aber auch in Präsenzveranstaltungen </p>



<h2 class="wp-block-heading">Liste der Wahllokale</h2>



<ul style="padding-right:var(--wp--preset--spacing--70);padding-left:var(--wp--preset--spacing--70)" class="wp-block-list">
<li style="font-style:normal;font-weight:400"><strong>Büro 1 :</strong> Rathaus, Hochzeitszimmer, <br>Augustusplatz<strong> </strong>Ingenieurwesen</li>



<li style="font-style:normal;font-weight:400"><strong>Büro 2 :</strong>&nbsp; Salle de la Libération (Saal der Befreiung), <br>rue des Déportés (Straße der Deportierten)&nbsp;</li>



<li style="font-style:normal;font-weight:400"><strong>Büro 3 :</strong> G.S. Paul Langevin, <br>19, rue du 8 mai 1945 (Kindergarten)&nbsp;&nbsp;&nbsp;&nbsp;&nbsp;&nbsp;&nbsp;&nbsp;&nbsp;&nbsp;&nbsp;&nbsp;&nbsp;&nbsp;</li>



<li style="font-style:normal;font-weight:400"><strong>Büro 4 :</strong> G.S. Henri Wallon, <br>30, rue Jules Uhry (Schulhof)&nbsp;&nbsp;&nbsp;&nbsp;&nbsp;&nbsp;&nbsp;&nbsp;&nbsp;&nbsp;&nbsp;&nbsp;</li>



<li style="font-style:normal;font-weight:400"><strong>Büro 5 :</strong> G.S. Jacques Decour A <br>92, AV. Anatole France (Schulhof)&nbsp;&nbsp;&nbsp;&nbsp;&nbsp;&nbsp;&nbsp;&nbsp;&nbsp;&nbsp;&nbsp;&nbsp;</li>



<li style="font-style:normal;font-weight:400"><strong>Büro 6 :</strong> G.S. Jacques Decour B<br>1, rue Paul Vaillant Couturier (Schulhof)</li>



<li style="font-style:normal;font-weight:400"><strong>Büro 7 :</strong> G.S. Irène und Frédéric Joliot Curie<br>32, rue Louis Blanc (Schulhof)&nbsp;&nbsp;&nbsp;&nbsp;&nbsp;&nbsp;&nbsp;&nbsp;&nbsp;&nbsp;&nbsp;&nbsp;</li>



<li style="font-style:normal;font-weight:400"><strong>Schreibtisch 8&nbsp;</strong>: G.S. Irène und Frédéric Joliot Curie<br>32, rue Louis Blanc (Schulhof)&nbsp;&nbsp;&nbsp;&nbsp;&nbsp;&nbsp;&nbsp;&nbsp;&nbsp;&nbsp;&nbsp;</li>



<li style="font-style:normal;font-weight:400"><strong>Büro 9 :</strong> G.S. Maurice und Lucie Bambier, <br>1, rue Maurice Thorez (Schulhof)&nbsp;</li>
</ul>



<div style="height:100px" aria-hidden="true" class="wp-block-spacer"></div>


					<div
						class="wp-block-uagb-image-gallery uagb-block-8964bd8d"
						style=""
					>
											<div class="spectra-image-gallery spectra-image-gallery__layout--grid spectra-image-gallery__layout--grid-col-2 spectra-image-gallery__layout--grid-col-tab-2 spectra-image-gallery__layout--grid-col-mob-2">
											<div class='spectra-image-gallery__media-wrapper' data-spectra-gallery-image-id='2337' tabindex="0">
							<div class="spectra-image-gallery__media spectra-image-gallery__media--grid">
				<picture>
					<source media="(min-width: 1024px)" srcset="https://mairie-montataire.fr/app/uploads/2024/07/2022-04-10-Election-1er-Tour-Presidentielle-8-1024x683.jpg">
					<source media="(min-width: 768px)" srcset="https://mairie-montataire.fr/app/uploads/2024/07/2022-04-10-Election-1er-Tour-Presidentielle-8-1024x683.jpg">
					<img decoding="async" class="spectra-image-gallery__media-thumbnail spectra-image-gallery__media-thumbnail--grid" src="https://mairie-montataire.fr/app/uploads/2024/07/2022-04-10-Election-1er-Tour-Presidentielle-8-300x200.jpg" alt="" loading="lazy" />
				</picture>
				<div class="spectra-image-gallery__media-thumbnail-blurrer"></div>
											<div class="spectra-image-gallery__media-thumbnail-caption-wrapper spectra-image-gallery__media-thumbnail-caption-wrapper--overlay"></div>
								</div>
						</div>
						<div class='spectra-image-gallery__media-wrapper' data-spectra-gallery-image-id='2338' tabindex="0">
							<div class="spectra-image-gallery__media spectra-image-gallery__media--grid">
				<picture>
					<source media="(min-width: 1024px)" srcset="https://mairie-montataire.fr/app/uploads/2024/07/2022-04-10-Election-1er-Tour-Presidentielle-13-1024x683.jpg">
					<source media="(min-width: 768px)" srcset="https://mairie-montataire.fr/app/uploads/2024/07/2022-04-10-Election-1er-Tour-Presidentielle-13-1024x683.jpg">
					<img decoding="async" class="spectra-image-gallery__media-thumbnail spectra-image-gallery__media-thumbnail--grid" src="https://mairie-montataire.fr/app/uploads/2024/07/2022-04-10-Election-1er-Tour-Presidentielle-13-300x200.jpg" alt="" loading="lazy" />
				</picture>
				<div class="spectra-image-gallery__media-thumbnail-blurrer"></div>
											<div class="spectra-image-gallery__media-thumbnail-caption-wrapper spectra-image-gallery__media-thumbnail-caption-wrapper--overlay"></div>
								</div>
						</div>
										</div>
																		</div>

<p>Prochaine élections Élections municipales le 15 et 22 mars 2026 Élections présidentielle en 2027 Inscription sur les listes électorales Pour participer aux élections, il faut être inscrit sur les listes électorales. Elle est automatique pour les jeunes de 18 ans (sous certaines conditions) et pour les personnes obtenant la nationalité française après 2018. Si vous [&hellip;]</p>

Prochaine élections Élections municipales le 15 et 22 mars 2026 Élections présidentielle en 2027 Inscription sur les listes électorales Pour participer aux élections, il faut être inscrit sur les listes électorales. Elle est automatique pour les jeunes de 18 ans (sous certaines conditions) et pour les personnes obtenant la nationalité française après 2018. Si vous&hellip;
