{"id":154,"date":"2024-05-03T09:29:44","date_gmt":"2024-05-03T09:29:44","guid":{"rendered":"https:\/\/montataire.local\/?page_id=154"},"modified":"2024-08-22T13:12:40","modified_gmt":"2024-08-22T13:12:40","slug":"unwurdige-wohnverhaltnisse","status":"publish","type":"page","link":"https:\/\/mairie-montataire.fr\/de\/habiter\/solidarite\/habitat-indigne\/","title":{"rendered":"Unw\u00fcrdige Wohnverh\u00e4ltnisse"},"content":{"rendered":"<p><strong>Die Stadt Montataire macht den Kampf gegen unw\u00fcrdige und ungesunde Wohnverh\u00e4ltnisse zu einer Priorit\u00e4t. Sie hat eine Zelle zur Bek\u00e4mpfung unw\u00fcrdiger Wohnverh\u00e4ltnisse eingerichtet, deren Ziel es ist, Mieter, die Opfer sind, aber auch Eigent\u00fcmer, die sich um ihre Mietobjekte sorgen, zu unterst\u00fctzen.<\/strong><\/p>\n\n\n\n<p>Jedes Jahr werden etwa 50 Besuche und Gegenbesuche durchgef\u00fchrt, um die Einhaltung der Vorschriften in den Wohnungen durchzusetzen. In den schwerwiegendsten F\u00e4llen werden Wohnverbote ausgesprochen und die belangten Eigent\u00fcmer m\u00fcssen f\u00fcr die Umsiedlung ihrer Mieter sorgen und die Instandsetzungsarbeiten durchf\u00fchren.<\/p>\n\n\n\n<div class=\"wp-block-uagb-separator uagb-block-1b39294a\"><div class=\"uagb-separator-spacing-wrapper\"><div class=\"wp-block-uagb-separator__inner\" style=\"--my-background-image:\"><\/div><\/div><\/div>\n\n\n\n<p>Um besser zu verstehen, was eine unw\u00fcrdige Wohnsituation ist und wie man dagegen vorgehen kann, k\u00f6nnen Sie sich das Faltblatt :<\/p>\n\n\n\n<div class=\"wp-block-uagb-icon-list uagb-block-a29fc561\"><div class=\"uagb-icon-list__wrap\">\n<div class=\"wp-block-uagb-icon-list-child uagb-block-a0da2618\"><a target=\"_blank\" aria-label=\"Cellule de lutte contre l&#039;habitat indigne (CLHI) (Zelle zur Bek\u00e4mpfung unw\u00fcrdiger Wohnverh\u00e4ltnisse)\" rel=\"noopener noreferrer\" href=\"https:\/\/mairie-montataire.fr\/de\/app\/uploads\/2024\/08\/Flyer_HabitatIndigne_2022.pdf\/\"> <\/a><span class=\"uagb-icon-list__source-wrap\"><svg xmlns=\"https:\/\/www.w3.org\/2000\/svg\" viewbox=\"0 0 384 512\"><path d=\"M256 0v128h128L256 0zM224 128L224 0H48C21.49 0 0 21.49 0 48v416C0 490.5 21.49 512 48 512h288c26.51 0 48-21.49 48-48V160h-127.1C238.3 160 224 145.7 224 128zM272 416h-160C103.2 416 96 408.8 96 400C96 391.2 103.2 384 112 384h160c8.836 0 16 7.162 16 16C288 408.8 280.8 416 272 416zM272 352h-160C103.2 352 96 344.8 96 336C96 327.2 103.2 320 112 320h160c8.836 0 16 7.162 16 16C288 344.8 280.8 352 272 352zM288 272C288 280.8 280.8 288 272 288h-160C103.2 288 96 280.8 96 272C96 263.2 103.2 256 112 256h160C280.8 256 288 263.2 288 272z\"><\/path><\/svg><\/span><span class=\"uagb-icon-list__label\"><strong>Cellule de lutte contre l'habitat indigne (CLHI) (Zelle zur Bek\u00e4mpfung unw\u00fcrdiger Wohnverh\u00e4ltnisse)<\/strong><\/span><\/div>\n<\/div><\/div>","protected":false},"excerpt":{"rendered":"<p>La Ville de Montataire fait de la lutte contre l\u2019habitat indigne et insalubre une priorit\u00e9. Elle s\u2019est dot\u00e9e d\u2019une cellule de lutte contre l\u2019habitat indigne qui a pour but d\u2019accompagner les locataires victimes mais \u00e9galement les propri\u00e9taires soucieux de leurs biens locatifs. Chaque ann\u00e9e une cinquantaine de visites et contre-visites sont r\u00e9alis\u00e9es&nbsp;; elles ont pour [&hellip;]<\/p>\n","protected":false},"author":1,"featured_media":2307,"parent":118,"menu_order":32,"comment_status":"closed","ping_status":"closed","template":"","meta":{"_acf_changed":false,"_uag_custom_page_level_css":"","footnotes":""},"class_list":["post-154","page","type-page","status-publish","has-post-thumbnail","hentry"],"acf":[],"uagb_featured_image_src":{"full":["https:\/\/mairie-montataire.fr\/app\/uploads\/2024\/07\/1.5.3_CLHI.jpg",500,350,false],"thumbnail":["https:\/\/mairie-montataire.fr\/app\/uploads\/2024\/07\/1.5.3_CLHI-150x150.jpg",150,150,true],"medium":["https:\/\/mairie-montataire.fr\/app\/uploads\/2024\/07\/1.5.3_CLHI-300x210.jpg",300,210,true],"medium_large":["https:\/\/mairie-montataire.fr\/app\/uploads\/2024\/07\/1.5.3_CLHI.jpg",500,350,false],"large":["https:\/\/mairie-montataire.fr\/app\/uploads\/2024\/07\/1.5.3_CLHI.jpg",500,350,false],"1536x1536":["https:\/\/mairie-montataire.fr\/app\/uploads\/2024\/07\/1.5.3_CLHI.jpg",500,350,false],"2048x2048":["https:\/\/mairie-montataire.fr\/app\/uploads\/2024\/07\/1.5.3_CLHI.jpg",500,350,false],"trp-custom-language-flag":["https:\/\/mairie-montataire.fr\/app\/uploads\/2024\/07\/1.5.3_CLHI.jpg",18,12,false],"gform-image-choice-sm":["https:\/\/mairie-montataire.fr\/app\/uploads\/2024\/07\/1.5.3_CLHI.jpg",300,210,false],"gform-image-choice-md":["https:\/\/mairie-montataire.fr\/app\/uploads\/2024\/07\/1.5.3_CLHI.jpg",400,280,false],"gform-image-choice-lg":["https:\/\/mairie-montataire.fr\/app\/uploads\/2024\/07\/1.5.3_CLHI.jpg",500,350,false]},"uagb_author_info":{"display_name":"mentalworks","author_link":"https:\/\/mairie-montataire.fr\/de\/actualites\/author\/mentalworks\/"},"uagb_comment_info":0,"uagb_excerpt":"La Ville de Montataire fait de la lutte contre l\u2019habitat indigne et insalubre une priorit\u00e9. Elle s\u2019est dot\u00e9e d\u2019une cellule de lutte contre l\u2019habitat indigne qui a pour but d\u2019accompagner les locataires victimes mais \u00e9galement les propri\u00e9taires soucieux de leurs biens locatifs. Chaque ann\u00e9e une cinquantaine de visites et contre-visites sont r\u00e9alis\u00e9es&nbsp;; elles ont pour&hellip;","_links":{"self":[{"href":"https:\/\/mairie-montataire.fr\/de\/wp-json\/wp\/v2\/pages\/154","targetHints":{"allow":["GET"]}}],"collection":[{"href":"https:\/\/mairie-montataire.fr\/de\/wp-json\/wp\/v2\/pages"}],"about":[{"href":"https:\/\/mairie-montataire.fr\/de\/wp-json\/wp\/v2\/types\/page"}],"author":[{"embeddable":true,"href":"https:\/\/mairie-montataire.fr\/de\/wp-json\/wp\/v2\/users\/1"}],"replies":[{"embeddable":true,"href":"https:\/\/mairie-montataire.fr\/de\/wp-json\/wp\/v2\/comments?post=154"}],"version-history":[{"count":5,"href":"https:\/\/mairie-montataire.fr\/de\/wp-json\/wp\/v2\/pages\/154\/revisions"}],"predecessor-version":[{"id":4001,"href":"https:\/\/mairie-montataire.fr\/de\/wp-json\/wp\/v2\/pages\/154\/revisions\/4001"}],"up":[{"embeddable":true,"href":"https:\/\/mairie-montataire.fr\/de\/wp-json\/wp\/v2\/pages\/118"}],"wp:featuredmedia":[{"embeddable":true,"href":"https:\/\/mairie-montataire.fr\/de\/wp-json\/wp\/v2\/media\/2307"}],"wp:attachment":[{"href":"https:\/\/mairie-montataire.fr\/de\/wp-json\/wp\/v2\/media?parent=154"}],"curies":[{"name":"wp","href":"https:\/\/api.w.org\/{rel}","templated":true}]}}

Unwürdige Wohnverhältnisse

<p><strong>Die Stadt Montataire macht den Kampf gegen unwürdige und ungesunde Wohnverhältnisse zu einer Priorität. Sie hat eine Zelle zur Bekämpfung unwürdiger Wohnverhältnisse eingerichtet, deren Ziel es ist, Mieter, die Opfer sind, aber auch Eigentümer, die sich um ihre Mietobjekte sorgen, zu unterstützen.</strong></p>



<p>Jedes Jahr werden etwa 50 Besuche und Gegenbesuche durchgeführt, um die Einhaltung der Vorschriften in den Wohnungen durchzusetzen. In den schwerwiegendsten Fällen werden Wohnverbote ausgesprochen und die belangten Eigentümer müssen für die Umsiedlung ihrer Mieter sorgen und die Instandsetzungsarbeiten durchführen.</p>



<div class="wp-block-uagb-separator uagb-block-1b39294a"><div class="uagb-separator-spacing-wrapper"><div class="wp-block-uagb-separator__inner" style="--my-background-image:"></div></div></div>



<p>Um besser zu verstehen, was eine unwürdige Wohnsituation ist und wie man dagegen vorgehen kann, können Sie sich das Faltblatt :</p>



<div class="wp-block-uagb-icon-list uagb-block-a29fc561"><div class="uagb-icon-list__wrap">
<div class="wp-block-uagb-icon-list-child uagb-block-a0da2618"><a target="_blank" aria-label="Cellule de lutte contre l&#039;habitat indigne (CLHI) (Zelle zur Bekämpfung unwürdiger Wohnverhältnisse)" rel="noopener noreferrer" href="https://mairie-montataire.fr/de/app/uploads/2024/08/Flyer_HabitatIndigne_2022.pdf/"> </a><span class="uagb-icon-list__source-wrap"><svg xmlns="https://www.w3.org/2000/svg" viewbox="0 0 384 512"><path d="M256 0v128h128L256 0zM224 128L224 0H48C21.49 0 0 21.49 0 48v416C0 490.5 21.49 512 48 512h288c26.51 0 48-21.49 48-48V160h-127.1C238.3 160 224 145.7 224 128zM272 416h-160C103.2 416 96 408.8 96 400C96 391.2 103.2 384 112 384h160c8.836 0 16 7.162 16 16C288 408.8 280.8 416 272 416zM272 352h-160C103.2 352 96 344.8 96 336C96 327.2 103.2 320 112 320h160c8.836 0 16 7.162 16 16C288 344.8 280.8 352 272 352zM288 272C288 280.8 280.8 288 272 288h-160C103.2 288 96 280.8 96 272C96 263.2 103.2 256 112 256h160C280.8 256 288 263.2 288 272z"></path></svg></span><span class="uagb-icon-list__label"><strong>Cellule de lutte contre l'habitat indigne (CLHI) (Zelle zur Bekämpfung unwürdiger Wohnverhältnisse)</strong></span></div>
</div></div>

<p>La Ville de Montataire fait de la lutte contre l’habitat indigne et insalubre une priorité. Elle s’est dotée d’une cellule de lutte contre l’habitat indigne qui a pour but d’accompagner les locataires victimes mais également les propriétaires soucieux de leurs biens locatifs. Chaque année une cinquantaine de visites et contre-visites sont réalisées&nbsp;; elles ont pour [&hellip;]</p>

La Ville de Montataire fait de la lutte contre l’habitat indigne et insalubre une priorité. Elle s’est dotée d’une cellule de lutte contre l’habitat indigne qui a pour but d’accompagner les locataires victimes mais également les propriétaires soucieux de leurs biens locatifs. Chaque année une cinquantaine de visites et contre-visites sont réalisées&nbsp;; elles ont pour&hellip;
