{"id":140,"date":"2024-05-03T09:27:11","date_gmt":"2024-05-03T09:27:11","guid":{"rendered":"https:\/\/montataire.local\/?page_id=140"},"modified":"2026-01-13T15:15:55","modified_gmt":"2026-01-13T15:15:55","slug":"jade","status":"publish","type":"page","link":"https:\/\/mairie-montataire.fr\/de\/habiter\/jeunesse\/jade\/","title":{"rendered":"JADE"},"content":{"rendered":"<p><strong>Der 1997 gegr\u00fcndete Verein Jeunesse, Activit\u00e9s et D\u00e9veloppement \u00c9ducatif (JADE) hat sich zum Ziel gesetzt, den Bed\u00fcrfnissen der jungen Einwohner der Stadt gerecht zu werden und gleichzeitig ihre Autonomie, die \u00dcbernahme von Verantwortung und ihre soziale Entfaltung zu f\u00f6rdern.&nbsp;<\/strong><\/p>\n\n\n\n<figure class=\"wp-block-image aligncenter size-full is-resized\"><img loading=\"lazy\" decoding=\"async\" width=\"2000\" height=\"1333\" src=\"https:\/\/mairie-montataire.fr\/app\/uploads\/2024\/08\/2024-07-04-JADE-2.jpg\" alt=\"\" class=\"wp-image-3021\" style=\"width:1119px;height:auto\" srcset=\"https:\/\/mairie-montataire.fr\/app\/uploads\/2024\/08\/2024-07-04-JADE-2.jpg 2000w, https:\/\/mairie-montataire.fr\/app\/uploads\/2024\/08\/2024-07-04-JADE-2-300x200.jpg 300w, https:\/\/mairie-montataire.fr\/app\/uploads\/2024\/08\/2024-07-04-JADE-2-1024x682.jpg 1024w, https:\/\/mairie-montataire.fr\/app\/uploads\/2024\/08\/2024-07-04-JADE-2-768x512.jpg 768w, https:\/\/mairie-montataire.fr\/app\/uploads\/2024\/08\/2024-07-04-JADE-2-1536x1024.jpg 1536w, https:\/\/mairie-montataire.fr\/app\/uploads\/2024\/08\/2024-07-04-JADE-2-18x12.jpg 18w\" sizes=\"auto, (max-width: 2000px) 100vw, 2000px\" \/><\/figure>\n\n\n\n<p><strong>Um dies zu erreichen, ist der Verein in drei Sektoren organisiert:<\/strong><\/p>\n\n\n\n<div class=\"wp-block-columns is-layout-flex wp-container-core-columns-is-layout-9d6595d7 wp-block-columns-is-layout-flex\">\n<div class=\"wp-block-column is-layout-flow wp-block-column-is-layout-flow\">\n<h3 class=\"wp-block-heading has-text-align-center\"><strong> Startseite<\/strong><\/h3>\n\n\n\n<p><strong>Erm\u00f6glicht es, die Bed\u00fcrfnisse der Jugendlichen zu ermitteln und die \u00d6ffentlichkeit zu orientieren.<\/strong><\/p>\n<\/div>\n\n\n\n<div class=\"wp-block-column is-layout-flow wp-block-column-is-layout-flow\">\n<h3 class=\"wp-block-heading has-text-align-center\"><strong>Zuh\u00f6rpunkt<\/strong><\/h3>\n\n\n\n<p><strong>Wo ein psycho-p\u00e4dagogisches Team Einzel- oder Gruppengespr\u00e4che anbietet.<\/strong><\/p>\n<\/div>\n\n\n\n<div class=\"wp-block-column is-layout-flow wp-block-column-is-layout-flow\">\n<h3 class=\"wp-block-heading has-text-align-center\"><strong>Animationen<\/strong><\/h3>\n\n\n\n<p><strong>Bietet das ganze Jahr \u00fcber ein Angebot an Aktivit\u00e4ten, die die Mischung und die B\u00fcrgerschaft f\u00f6rdern.<\/strong><\/p>\n<\/div>\n<\/div>\n\n\n\n<h2 class=\"wp-block-heading\">Ein t\u00e4glicher Empfang<\/h2>\n\n\n\n<p>JADE bietet eine kostenlose und f\u00fcr alle offene Anlaufstelle. Hier werden die Jugendlichen entsprechend ihren Bed\u00fcrfnissen an die Dienste des Vereins verwiesen und gleichzeitig Informationen \u00fcber Besch\u00e4ftigung, Ausbildung und alle Jugendprogramme der Region bereitgestellt.<\/p>\n\n\n\n<p>Ein Kopierer\/Drucker und ein Computerraum stehen den Jugendlichen f\u00fcr alle Formalit\u00e4ten kostenlos zur Verf\u00fcgung.<\/p>\n\n\n\n<h2 class=\"wp-block-heading\">Zugang zu Aktivit\u00e4ten und Aufenthalten&nbsp;<\/h2>\n\n\n\n<p>JADE bietet w\u00f6chentliche Aktivit\u00e4ten wie Futsal an, an denen \u00fcber 100 Jugendliche teilnehmen.&nbsp;<\/p>\n\n\n\n<p>In den Schulferien organisiert sie punktuell Aufenthalte, bei denen der Schwerpunkt auf der Selbstst\u00e4ndigkeit und dem Verantwortungsbewusstsein der Teilnehmer durch das Funktionieren in der Gruppe liegt. Die Jugendlichen sind abwechselnd f\u00fcr die t\u00e4glichen Aufgaben wie die Zubereitung der Mahlzeiten oder das Putzen zust\u00e4ndig. Die Tage sind durch Entdeckungsaktivit\u00e4ten gepr\u00e4gt, die es ihnen erm\u00f6glichen, sich an ihre neue Umgebung zu gew\u00f6hnen.<\/p>\n\n\n\n<div class=\"wp-block-uagb-container uagb-block-74fb1d72 alignfull uagb-is-root-container\"><div class=\"uagb-container-inner-blocks-wrap\">\n<div class=\"wp-block-uagb-blockquote uagb-block-1d0dd472 uagb-blockquote__skin-border uagb-blockquote__stack-img-none\"><blockquote class=\"uagb-blockquote\"><div class=\"uagb-blockquote__content\">\"\u00a0<em>Es ist ein echtes Gl\u00fcck, in den Urlaub fahren zu k\u00f6nnen, da unsere Eltern nicht die Mittel haben, uns solche Reisen zu finanzieren. Auf diese Weise habe ich die Berge entdeckt und Aktivit\u00e4ten wie Rafting oder H\u00f6hlenforschung unternommen. Ich habe viele sch\u00f6ne Erinnerungen daran<\/em>\u00a0\" <\/div><footer><div class=\"uagb-blockquote__author-wrap uagb-blockquote__author-at-left\"><cite class=\"uagb-blockquote__author\">Erfahrungsbericht eines Teilnehmers<\/cite><\/div><\/footer><\/blockquote><\/div>\n<\/div><\/div>","protected":false},"excerpt":{"rendered":"<p>Cr\u00e9\u00e9e en 1997, l\u2019objet d&rsquo;association Jeunesse, Activit\u00e9s et D\u00e9veloppement \u00c9ducatif (JADE) est de r\u00e9pondre aux besoins des jeunes habitants de la ville, tout en favorisant leur autonomie, leur prise de responsabilit\u00e9 et leur \u00e9panouissement social.&nbsp; Pour ce faire, l\u2019association est organis\u00e9e en trois secteurs : Accueil Permet d\u2019identifier les besoins des jeunes et d\u2019orienter le [&hellip;]<\/p>\n","protected":false},"author":1,"featured_media":1535,"parent":114,"menu_order":22,"comment_status":"closed","ping_status":"closed","template":"","meta":{"_acf_changed":false,"_uag_custom_page_level_css":"","footnotes":""},"class_list":["post-140","page","type-page","status-publish","has-post-thumbnail","hentry"],"acf":[],"uagb_featured_image_src":{"full":["https:\/\/mairie-montataire.fr\/app\/uploads\/2024\/07\/1.3.4_2024-07-04-JADE-1.jpg",500,350,false],"thumbnail":["https:\/\/mairie-montataire.fr\/app\/uploads\/2024\/07\/1.3.4_2024-07-04-JADE-1-150x150.jpg",150,150,true],"medium":["https:\/\/mairie-montataire.fr\/app\/uploads\/2024\/07\/1.3.4_2024-07-04-JADE-1-300x210.jpg",300,210,true],"medium_large":["https:\/\/mairie-montataire.fr\/app\/uploads\/2024\/07\/1.3.4_2024-07-04-JADE-1.jpg",500,350,false],"large":["https:\/\/mairie-montataire.fr\/app\/uploads\/2024\/07\/1.3.4_2024-07-04-JADE-1.jpg",500,350,false],"1536x1536":["https:\/\/mairie-montataire.fr\/app\/uploads\/2024\/07\/1.3.4_2024-07-04-JADE-1.jpg",500,350,false],"2048x2048":["https:\/\/mairie-montataire.fr\/app\/uploads\/2024\/07\/1.3.4_2024-07-04-JADE-1.jpg",500,350,false],"trp-custom-language-flag":["https:\/\/mairie-montataire.fr\/app\/uploads\/2024\/07\/1.3.4_2024-07-04-JADE-1.jpg",18,12,false],"gform-image-choice-sm":["https:\/\/mairie-montataire.fr\/app\/uploads\/2024\/07\/1.3.4_2024-07-04-JADE-1.jpg",300,210,false],"gform-image-choice-md":["https:\/\/mairie-montataire.fr\/app\/uploads\/2024\/07\/1.3.4_2024-07-04-JADE-1.jpg",400,280,false],"gform-image-choice-lg":["https:\/\/mairie-montataire.fr\/app\/uploads\/2024\/07\/1.3.4_2024-07-04-JADE-1.jpg",500,350,false]},"uagb_author_info":{"display_name":"mentalworks","author_link":"https:\/\/mairie-montataire.fr\/de\/actualites\/author\/mentalworks\/"},"uagb_comment_info":0,"uagb_excerpt":"Cr\u00e9\u00e9e en 1997, l\u2019objet d&rsquo;association Jeunesse, Activit\u00e9s et D\u00e9veloppement \u00c9ducatif (JADE) est de r\u00e9pondre aux besoins des jeunes habitants de la ville, tout en favorisant leur autonomie, leur prise de responsabilit\u00e9 et leur \u00e9panouissement social.&nbsp; Pour ce faire, l\u2019association est organis\u00e9e en trois secteurs : Accueil Permet d\u2019identifier les besoins des jeunes et d\u2019orienter le&hellip;","_links":{"self":[{"href":"https:\/\/mairie-montataire.fr\/de\/wp-json\/wp\/v2\/pages\/140","targetHints":{"allow":["GET"]}}],"collection":[{"href":"https:\/\/mairie-montataire.fr\/de\/wp-json\/wp\/v2\/pages"}],"about":[{"href":"https:\/\/mairie-montataire.fr\/de\/wp-json\/wp\/v2\/types\/page"}],"author":[{"embeddable":true,"href":"https:\/\/mairie-montataire.fr\/de\/wp-json\/wp\/v2\/users\/1"}],"replies":[{"embeddable":true,"href":"https:\/\/mairie-montataire.fr\/de\/wp-json\/wp\/v2\/comments?post=140"}],"version-history":[{"count":29,"href":"https:\/\/mairie-montataire.fr\/de\/wp-json\/wp\/v2\/pages\/140\/revisions"}],"predecessor-version":[{"id":7464,"href":"https:\/\/mairie-montataire.fr\/de\/wp-json\/wp\/v2\/pages\/140\/revisions\/7464"}],"up":[{"embeddable":true,"href":"https:\/\/mairie-montataire.fr\/de\/wp-json\/wp\/v2\/pages\/114"}],"wp:featuredmedia":[{"embeddable":true,"href":"https:\/\/mairie-montataire.fr\/de\/wp-json\/wp\/v2\/media\/1535"}],"wp:attachment":[{"href":"https:\/\/mairie-montataire.fr\/de\/wp-json\/wp\/v2\/media?parent=140"}],"curies":[{"name":"wp","href":"https:\/\/api.w.org\/{rel}","templated":true}]}}

<p><strong>Der 1997 gegründete Verein Jeunesse, Activités et Développement Éducatif (JADE) hat sich zum Ziel gesetzt, den Bedürfnissen der jungen Einwohner der Stadt gerecht zu werden und gleichzeitig ihre Autonomie, die Übernahme von Verantwortung und ihre soziale Entfaltung zu fördern.&nbsp;</strong></p>



<figure class="wp-block-image aligncenter size-full is-resized"><img loading="lazy" decoding="async" width="2000" height="1333" src="https://mairie-montataire.fr/app/uploads/2024/08/2024-07-04-JADE-2.jpg" alt="" class="wp-image-3021" style="width:1119px;height:auto" srcset="https://mairie-montataire.fr/app/uploads/2024/08/2024-07-04-JADE-2.jpg 2000w, https://mairie-montataire.fr/app/uploads/2024/08/2024-07-04-JADE-2-300x200.jpg 300w, https://mairie-montataire.fr/app/uploads/2024/08/2024-07-04-JADE-2-1024x682.jpg 1024w, https://mairie-montataire.fr/app/uploads/2024/08/2024-07-04-JADE-2-768x512.jpg 768w, https://mairie-montataire.fr/app/uploads/2024/08/2024-07-04-JADE-2-1536x1024.jpg 1536w, https://mairie-montataire.fr/app/uploads/2024/08/2024-07-04-JADE-2-18x12.jpg 18w" sizes="auto, (max-width: 2000px) 100vw, 2000px" /></figure>



<p><strong>Um dies zu erreichen, ist der Verein in drei Sektoren organisiert:</strong></p>



<div class="wp-block-columns is-layout-flex wp-container-core-columns-is-layout-9d6595d7 wp-block-columns-is-layout-flex">
<div class="wp-block-column is-layout-flow wp-block-column-is-layout-flow">
<h3 class="wp-block-heading has-text-align-center"><strong> Startseite</strong></h3>



<p><strong>Ermöglicht es, die Bedürfnisse der Jugendlichen zu ermitteln und die Öffentlichkeit zu orientieren.</strong></p>
</div>



<div class="wp-block-column is-layout-flow wp-block-column-is-layout-flow">
<h3 class="wp-block-heading has-text-align-center"><strong>Zuhörpunkt</strong></h3>



<p><strong>Wo ein psycho-pädagogisches Team Einzel- oder Gruppengespräche anbietet.</strong></p>
</div>



<div class="wp-block-column is-layout-flow wp-block-column-is-layout-flow">
<h3 class="wp-block-heading has-text-align-center"><strong>Animationen</strong></h3>



<p><strong>Bietet das ganze Jahr über ein Angebot an Aktivitäten, die die Mischung und die Bürgerschaft fördern.</strong></p>
</div>
</div>



<h2 class="wp-block-heading">Ein täglicher Empfang</h2>



<p>JADE bietet eine kostenlose und für alle offene Anlaufstelle. Hier werden die Jugendlichen entsprechend ihren Bedürfnissen an die Dienste des Vereins verwiesen und gleichzeitig Informationen über Beschäftigung, Ausbildung und alle Jugendprogramme der Region bereitgestellt.</p>



<p>Ein Kopierer/Drucker und ein Computerraum stehen den Jugendlichen für alle Formalitäten kostenlos zur Verfügung.</p>



<h2 class="wp-block-heading">Zugang zu Aktivitäten und Aufenthalten&nbsp;</h2>



<p>JADE bietet wöchentliche Aktivitäten wie Futsal an, an denen über 100 Jugendliche teilnehmen.&nbsp;</p>



<p>In den Schulferien organisiert sie punktuell Aufenthalte, bei denen der Schwerpunkt auf der Selbstständigkeit und dem Verantwortungsbewusstsein der Teilnehmer durch das Funktionieren in der Gruppe liegt. Die Jugendlichen sind abwechselnd für die täglichen Aufgaben wie die Zubereitung der Mahlzeiten oder das Putzen zuständig. Die Tage sind durch Entdeckungsaktivitäten geprägt, die es ihnen ermöglichen, sich an ihre neue Umgebung zu gewöhnen.</p>



<div class="wp-block-uagb-container uagb-block-74fb1d72 alignfull uagb-is-root-container"><div class="uagb-container-inner-blocks-wrap">
<div class="wp-block-uagb-blockquote uagb-block-1d0dd472 uagb-blockquote__skin-border uagb-blockquote__stack-img-none"><blockquote class="uagb-blockquote"><div class="uagb-blockquote__content">" <em>Es ist ein echtes Glück, in den Urlaub fahren zu können, da unsere Eltern nicht die Mittel haben, uns solche Reisen zu finanzieren. Auf diese Weise habe ich die Berge entdeckt und Aktivitäten wie Rafting oder Höhlenforschung unternommen. Ich habe viele schöne Erinnerungen daran</em> " </div><footer><div class="uagb-blockquote__author-wrap uagb-blockquote__author-at-left"><cite class="uagb-blockquote__author">Erfahrungsbericht eines Teilnehmers</cite></div></footer></blockquote></div>
</div></div>

<p>Créée en 1997, l’objet d&rsquo;association Jeunesse, Activités et Développement Éducatif (JADE) est de répondre aux besoins des jeunes habitants de la ville, tout en favorisant leur autonomie, leur prise de responsabilité et leur épanouissement social.&nbsp; Pour ce faire, l’association est organisée en trois secteurs : Accueil Permet d’identifier les besoins des jeunes et d’orienter le [&hellip;]</p>

Créée en 1997, l’objet d&rsquo;association Jeunesse, Activités et Développement Éducatif (JADE) est de répondre aux besoins des jeunes habitants de la ville, tout en favorisant leur autonomie, leur prise de responsabilité et leur épanouissement social.&nbsp; Pour ce faire, l’association est organisée en trois secteurs : Accueil Permet d’identifier les besoins des jeunes et d’orienter le&hellip;
