{"id":132,"date":"2024-05-03T09:25:53","date_gmt":"2024-05-03T09:25:53","guid":{"rendered":"https:\/\/montataire.local\/?page_id=132"},"modified":"2025-12-26T16:00:21","modified_gmt":"2025-12-26T16:00:21","slug":"auserschulische-betreuung","status":"publish","type":"page","link":"https:\/\/mairie-montataire.fr\/de\/habiter\/enfance\/accueils-periscolaires\/","title":{"rendered":"Au\u00dferschulische Betreuung"},"content":{"rendered":"<p><strong>Die Stadtverwaltung zeigt ihren Willen, die der Bev\u00f6lkerung angebotenen \u00f6ffentlichen Dienstleistungen zu st\u00e4rken, indem sie die au\u00dferschulische Betreuung in der Stadt ausbaut. Auf Reservierung bietet die Gemeinde eine sichere Betreuungsform an, die es den Eltern erm\u00f6glicht, Familien- und Berufsleben in Ruhe zu vereinbaren.<\/strong><\/p>\n\n\n\n<p>Die Sch\u00fcler k\u00f6nnen dort morgens <strong>von 7:00 bis 8:10 Uhr<\/strong> und am Abend <strong>von 16:30 bis 18:00 Uhr<\/strong> (oder <strong>18h50<\/strong> je nach gew\u00e4hltem Tarif), die sich in einem angepassten Rahmen unter der Aufsicht erfahrener Fachkr\u00e4fte entwickeln. Von 16:30 bis 17:00 Uhr wird ein Imbiss angeboten, gefolgt von ruhigen Aktivit\u00e4ten wie Lesen, Gesellschaftsspielen und Basteln.<\/p>\n\n\n\n<figure class=\"wp-block-table\"><table class=\"has-fixed-layout\"><thead><tr><th>Schulische Einrichtungen <\/th><th>Orte der au\u00dferschulischen Betreuung<\/th><\/tr><\/thead><tbody><tr><td>Decour, Decour I, Decour II <\/td><td>Decour II<\/td><\/tr><tr><td>Joliot Curie Kindergarten<br>und elementar<\/td><td>Joliot Curie Grundschule<\/td><\/tr><tr><td>Langevin Kindergarten und Grundschule<\/td><td>Langevin Grundschule<\/td><\/tr><tr><td>Bambier Kindergarten und Grundschule<\/td><td>Bambier<\/td><\/tr><tr><td>Wallonisch<\/td><td>Wallonisch<\/td><\/tr><tr><td>Casanova*<\/td><td>Langevin Grundschule<\/td><\/tr><tr><td>Mac\u00e9 <\/td><td>Mac\u00e9<\/td><\/tr><tr><td>L\u00e9veill\u00e9**<\/td><td>Jaur\u00e8s<\/td><\/tr><tr><td>Jaur\u00e8s, Empfang am Morgen<br>Jaur\u00e8s, Betreuung am Abend<\/td><td>Jaur\u00e8s<br>Jaur\u00e8s oder Mac\u00e9 je nach Anzahl der Sch\u00fcler<\/td><\/tr><\/tbody><\/table><\/figure>\n\n\n\n<p><strong>*<\/strong> <em>Die au\u00dferschulische Betreuung der Sch\u00fcler, die die Casanova-Schule besuchen, ist ausgelagert und findet in den R\u00e4umlichkeiten der au\u00dferschulischen Betreuung Langevin statt. Die Kinder werden mit dem Schulbus von der Einrichtung zur Schule transportiert.<\/em><br><strong>**<\/strong> <em>Die au\u00dferschulische Betreuung der Sch\u00fcler der Edmond-Leveill\u00e9-Schule findet in den R\u00e4umlichkeiten der au\u00dferschulischen Betreuung Jean Jaur\u00e8s statt. Es wird ein Pedibus eingerichtet, der die Kinder von der Einrichtung zur Schule begleitet.<\/em><\/p>\n\n\n\n<h2 class=\"wp-block-heading\">Wie melde ich mich an?&nbsp;<\/h2>\n\n\n\n<p>Die Anmeldung f\u00fcr die au\u00dferschulische Betreuung steht Kindern offen, deren Eltern berufst\u00e4tig oder in Ausbildung sind. Daher wird die Anmeldung von der Kinderbetreuung nach Pr\u00fcfung der Anspruchsvoraussetzungen best\u00e4tigt. Anschlie\u00dfend erfolgt sie \u00fcber die<a href=\"https:\/\/www.espace-citoyens.net\/montataire\/espace-citoyens\/Home\/AccueilPublic\" target=\"_blank\" rel=\"noreferrer noopener\">B\u00fcrgerbereich<\/a>.<\/p>","protected":false},"excerpt":{"rendered":"<p>La municipalit\u00e9 affiche sa volont\u00e9 de renforcer les services publics offerts \u00e0 la population en d\u00e9veloppant les accueils p\u00e9riscolaires dans la ville. Sur r\u00e9servation, la commune propose un mode de garde s\u00e9curis\u00e9, permettant aux parents de concilier sereinement vie familiale et vie professionnelle. Les \u00e9l\u00e8ves peuvent y \u00eatre accueillis le matin de 7h \u00e0 8h10 [&hellip;]<\/p>\n","protected":false},"author":1,"featured_media":1602,"parent":112,"menu_order":16,"comment_status":"closed","ping_status":"closed","template":"","meta":{"_acf_changed":false,"_uag_custom_page_level_css":"","footnotes":""},"class_list":["post-132","page","type-page","status-publish","has-post-thumbnail","hentry"],"acf":[],"uagb_featured_image_src":{"full":["https:\/\/mairie-montataire.fr\/app\/uploads\/2024\/07\/1.2.3_peinture-enfants-heureux-plan-moyen\u00a9Istock-scaled.jpg",2560,1707,false],"thumbnail":["https:\/\/mairie-montataire.fr\/app\/uploads\/2024\/07\/1.2.3_peinture-enfants-heureux-plan-moyen\u00a9Istock-150x150.jpg",150,150,true],"medium":["https:\/\/mairie-montataire.fr\/app\/uploads\/2024\/07\/1.2.3_peinture-enfants-heureux-plan-moyen\u00a9Istock-300x200.jpg",300,200,true],"medium_large":["https:\/\/mairie-montataire.fr\/app\/uploads\/2024\/07\/1.2.3_peinture-enfants-heureux-plan-moyen\u00a9Istock-768x512.jpg",768,512,true],"large":["https:\/\/mairie-montataire.fr\/app\/uploads\/2024\/07\/1.2.3_peinture-enfants-heureux-plan-moyen\u00a9Istock-1024x683.jpg",1024,683,true],"1536x1536":["https:\/\/mairie-montataire.fr\/app\/uploads\/2024\/07\/1.2.3_peinture-enfants-heureux-plan-moyen\u00a9Istock-1536x1024.jpg",1536,1024,true],"2048x2048":["https:\/\/mairie-montataire.fr\/app\/uploads\/2024\/07\/1.2.3_peinture-enfants-heureux-plan-moyen\u00a9Istock-2048x1365.jpg",2048,1365,true],"trp-custom-language-flag":["https:\/\/mairie-montataire.fr\/app\/uploads\/2024\/07\/1.2.3_peinture-enfants-heureux-plan-moyen\u00a9Istock-scaled.jpg",18,12,false],"gform-image-choice-sm":["https:\/\/mairie-montataire.fr\/app\/uploads\/2024\/07\/1.2.3_peinture-enfants-heureux-plan-moyen\u00a9Istock-scaled.jpg",300,200,false],"gform-image-choice-md":["https:\/\/mairie-montataire.fr\/app\/uploads\/2024\/07\/1.2.3_peinture-enfants-heureux-plan-moyen\u00a9Istock-scaled.jpg",400,267,false],"gform-image-choice-lg":["https:\/\/mairie-montataire.fr\/app\/uploads\/2024\/07\/1.2.3_peinture-enfants-heureux-plan-moyen\u00a9Istock-scaled.jpg",600,400,false]},"uagb_author_info":{"display_name":"mentalworks","author_link":"https:\/\/mairie-montataire.fr\/de\/actualites\/author\/mentalworks\/"},"uagb_comment_info":0,"uagb_excerpt":"La municipalit\u00e9 affiche sa volont\u00e9 de renforcer les services publics offerts \u00e0 la population en d\u00e9veloppant les accueils p\u00e9riscolaires dans la ville. Sur r\u00e9servation, la commune propose un mode de garde s\u00e9curis\u00e9, permettant aux parents de concilier sereinement vie familiale et vie professionnelle. Les \u00e9l\u00e8ves peuvent y \u00eatre accueillis le matin de 7h \u00e0 8h10&hellip;","_links":{"self":[{"href":"https:\/\/mairie-montataire.fr\/de\/wp-json\/wp\/v2\/pages\/132","targetHints":{"allow":["GET"]}}],"collection":[{"href":"https:\/\/mairie-montataire.fr\/de\/wp-json\/wp\/v2\/pages"}],"about":[{"href":"https:\/\/mairie-montataire.fr\/de\/wp-json\/wp\/v2\/types\/page"}],"author":[{"embeddable":true,"href":"https:\/\/mairie-montataire.fr\/de\/wp-json\/wp\/v2\/users\/1"}],"replies":[{"embeddable":true,"href":"https:\/\/mairie-montataire.fr\/de\/wp-json\/wp\/v2\/comments?post=132"}],"version-history":[{"count":27,"href":"https:\/\/mairie-montataire.fr\/de\/wp-json\/wp\/v2\/pages\/132\/revisions"}],"predecessor-version":[{"id":7396,"href":"https:\/\/mairie-montataire.fr\/de\/wp-json\/wp\/v2\/pages\/132\/revisions\/7396"}],"up":[{"embeddable":true,"href":"https:\/\/mairie-montataire.fr\/de\/wp-json\/wp\/v2\/pages\/112"}],"wp:featuredmedia":[{"embeddable":true,"href":"https:\/\/mairie-montataire.fr\/de\/wp-json\/wp\/v2\/media\/1602"}],"wp:attachment":[{"href":"https:\/\/mairie-montataire.fr\/de\/wp-json\/wp\/v2\/media?parent=132"}],"curies":[{"name":"wp","href":"https:\/\/api.w.org\/{rel}","templated":true}]}}

Außerschulische Betreuung

<p><strong>Die Stadtverwaltung zeigt ihren Willen, die der Bevölkerung angebotenen öffentlichen Dienstleistungen zu stärken, indem sie die außerschulische Betreuung in der Stadt ausbaut. Auf Reservierung bietet die Gemeinde eine sichere Betreuungsform an, die es den Eltern ermöglicht, Familien- und Berufsleben in Ruhe zu vereinbaren.</strong></p>



<p>Die Schüler können dort morgens <strong>von 7:00 bis 8:10 Uhr</strong> und am Abend <strong>von 16:30 bis 18:00 Uhr</strong> (oder <strong>18h50</strong> je nach gewähltem Tarif), die sich in einem angepassten Rahmen unter der Aufsicht erfahrener Fachkräfte entwickeln. Von 16:30 bis 17:00 Uhr wird ein Imbiss angeboten, gefolgt von ruhigen Aktivitäten wie Lesen, Gesellschaftsspielen und Basteln.</p>



<figure class="wp-block-table"><table class="has-fixed-layout"><thead><tr><th>Schulische Einrichtungen </th><th>Orte der außerschulischen Betreuung</th></tr></thead><tbody><tr><td>Decour, Decour I, Decour II </td><td>Decour II</td></tr><tr><td>Joliot Curie Kindergarten<br>und elementar</td><td>Joliot Curie Grundschule</td></tr><tr><td>Langevin Kindergarten und Grundschule</td><td>Langevin Grundschule</td></tr><tr><td>Bambier Kindergarten und Grundschule</td><td>Bambier</td></tr><tr><td>Wallonisch</td><td>Wallonisch</td></tr><tr><td>Casanova*</td><td>Langevin Grundschule</td></tr><tr><td>Macé </td><td>Macé</td></tr><tr><td>Léveillé**</td><td>Jaurès</td></tr><tr><td>Jaurès, Empfang am Morgen<br>Jaurès, Betreuung am Abend</td><td>Jaurès<br>Jaurès oder Macé je nach Anzahl der Schüler</td></tr></tbody></table></figure>



<p><strong>*</strong> <em>Die außerschulische Betreuung der Schüler, die die Casanova-Schule besuchen, ist ausgelagert und findet in den Räumlichkeiten der außerschulischen Betreuung Langevin statt. Die Kinder werden mit dem Schulbus von der Einrichtung zur Schule transportiert.</em><br><strong>**</strong> <em>Die außerschulische Betreuung der Schüler der Edmond-Leveillé-Schule findet in den Räumlichkeiten der außerschulischen Betreuung Jean Jaurès statt. Es wird ein Pedibus eingerichtet, der die Kinder von der Einrichtung zur Schule begleitet.</em></p>



<h2 class="wp-block-heading">Wie melde ich mich an?&nbsp;</h2>



<p>Die Anmeldung für die außerschulische Betreuung steht Kindern offen, deren Eltern berufstätig oder in Ausbildung sind. Daher wird die Anmeldung von der Kinderbetreuung nach Prüfung der Anspruchsvoraussetzungen bestätigt. Anschließend erfolgt sie über die<a href="https://www.espace-citoyens.net/montataire/espace-citoyens/Home/AccueilPublic" target="_blank" rel="noreferrer noopener">Bürgerbereich</a>.</p>

<p>La municipalité affiche sa volonté de renforcer les services publics offerts à la population en développant les accueils périscolaires dans la ville. Sur réservation, la commune propose un mode de garde sécurisé, permettant aux parents de concilier sereinement vie familiale et vie professionnelle. Les élèves peuvent y être accueillis le matin de 7h à 8h10 [&hellip;]</p>

La municipalité affiche sa volonté de renforcer les services publics offerts à la population en développant les accueils périscolaires dans la ville. Sur réservation, la commune propose un mode de garde sécurisé, permettant aux parents de concilier sereinement vie familiale et vie professionnelle. Les élèves peuvent y être accueillis le matin de 7h à 8h10&hellip;
