{"id":110,"date":"2024-05-03T09:21:39","date_gmt":"2024-05-03T09:21:39","guid":{"rendered":"https:\/\/montataire.local\/?page_id=110"},"modified":"2024-07-17T13:13:23","modified_gmt":"2024-07-17T13:13:23","slug":"kleinkindalter","status":"publish","type":"page","link":"https:\/\/mairie-montataire.fr\/de\/habiter\/petite-enfance\/","title":{"rendered":"Kleinkindalter"},"content":{"rendered":"<div class=\"wp-block-columns is-layout-flex wp-container-core-columns-is-layout-a31ce547 wp-block-columns-is-layout-flex\" style=\"margin-top:0;margin-bottom:0;padding-top:0;padding-right:0;padding-bottom:0;padding-left:0\">\n<div class=\"wp-block-column is-layout-flow wp-block-column-is-layout-flow\" style=\"padding-top:0;padding-right:0;padding-bottom:0;padding-left:0;flex-basis:66.66%\">\n<p><strong>Im Rahmen ihres langfristigen Engagements f\u00fcr \u00f6ffentliche Dienstleistungen f\u00fcr Kleinkinder stellt die Stadtverwaltung eine Kindertagesst\u00e4tte (Relais petite enfance) sowie kollektive Betreuungsstrukturen wie Krippen und Kindertagesst\u00e4tten zur Verf\u00fcgung, die insgesamt 70 Pl\u00e4tze f\u00fcr Kinder bieten. Dar\u00fcber hinaus bieten Partnerschaften mit lokalen Vereinen wie der Musik- und Tanzschule (AMEM) sowie den st\u00e4dtischen Abteilungen f\u00fcr \u00f6ffentliches Lesen und Sport den Kindern die M\u00f6glichkeit, sich zu entfalten und Spa\u00df zu haben.<\/strong><\/p>\n<\/div>\n\n\n\n<div class=\"wp-block-column is-layout-flow wp-block-column-is-layout-flow\" style=\"flex-basis:33.33%\">\n<figure class=\"wp-block-image size-full no-ds\"><a href=\"https:\/\/mairie-montataire.fr\/de\/unicef-kinderfreundliche-stadt\/\"><img loading=\"lazy\" decoding=\"async\" width=\"490\" height=\"164\" src=\"https:\/\/mairie-montataire.fr\/app\/uploads\/2024\/06\/unicef-villeamiedesenfants.jpg\" alt=\"\" class=\"wp-image-702\" srcset=\"https:\/\/mairie-montataire.fr\/app\/uploads\/2024\/06\/unicef-villeamiedesenfants.jpg 490w, https:\/\/mairie-montataire.fr\/app\/uploads\/2024\/06\/unicef-villeamiedesenfants-300x100.jpg 300w\" sizes=\"auto, (max-width: 490px) 100vw, 490px\" \/><\/a><\/figure>\n<\/div>\n<\/div>\n\n\n<div class=\"hub\">\n            <ul class=\"hub__list\" style=\"--nb-items: 3; --width-desktop: 3; --width-tablet: 2; --width-mobile: 1;\">\n                            <li class=\"hub__item\">\n                                            \n<div class=\"mw-card mw-card--3\">\n    <a class=\"mw-card__link\" href=\"https:\/\/mairie-montataire.fr\/de\/habiter\/petite-enfance\/relais-petite-enfance\/\" aria-label=\"\">\n        <div class=\"mw-card__top\">\n                                                                <figure class=\"mw-card__thumbnail-container\">\n                <img loading=\"lazy\" decoding=\"async\" class=\"mw-card__thumbnail\" src=\"https:\/\/mairie-montataire.fr\/app\/uploads\/2025\/10\/1.1.1_2022-03-18-Creche-7.jpg\" srcset=\"https:\/\/mairie-montataire.fr\/app\/uploads\/2025\/10\/1.1.1_2022-03-18-Creche-7.jpg 500w, https:\/\/mairie-montataire.fr\/app\/uploads\/2025\/10\/1.1.1_2022-03-18-Creche-7-300x210.jpg 300w, https:\/\/mairie-montataire.fr\/app\/uploads\/2025\/10\/1.1.1_2022-03-18-Creche-7-18x12.jpg 18w\"\n                     sizes=\"auto, (max-width: 500px) 100vw, 500px\" alt=\"\" width=\"500\"\n                     height=\"350\"\/>\n            <\/figure>\n        <\/div>\n        <div class=\"mw-card__bottom\">\n            <div class=\"mw-card__content\">\n                                <h3 class=\"mw-card__title\">Relais Petite Enfance (RPE)<\/h3>\n                            <\/div>\n            <p class=\"mw-card__text-link\">\n                                    <span>Mehr erfahren<\/span>\n                                <svg width=\"20\" height=\"20\" viewbox=\"0 0 24 24\" fill=\"none\" xmlns=\"http:\/\/www.w3.org\/2000\/svg\">\n<path d=\"M12 5V19M5 12H19\" stroke=\"black\" stroke-width=\"2\" stroke-linecap=\"round\" stroke-linejoin=\"round\"\/>\n<\/svg>\n            <\/p>\n        <\/div>\n    <\/a>\n<\/div>                                    <\/li>\n                            <li class=\"hub__item\">\n                                            \n<div class=\"mw-card mw-card--3\">\n    <a class=\"mw-card__link\" href=\"https:\/\/mairie-montataire.fr\/de\/habiter\/petite-enfance\/creche-multi-accueil\/\" aria-label=\"\">\n        <div class=\"mw-card__top\">\n                                                                <figure class=\"mw-card__thumbnail-container\">\n                <img loading=\"lazy\" decoding=\"async\" class=\"mw-card__thumbnail\" src=\"https:\/\/mairie-montataire.fr\/app\/uploads\/2024\/07\/1.1.2_creche.jpg\" srcset=\"https:\/\/mairie-montataire.fr\/app\/uploads\/2024\/07\/1.1.2_creche.jpg 525w, https:\/\/mairie-montataire.fr\/app\/uploads\/2024\/07\/1.1.2_creche-300x200.jpg 300w\"\n                     sizes=\"auto, (max-width: 525px) 100vw, 525px\" alt=\"Kindertagesst\u00e4tte\" width=\"525\"\n                     height=\"350\"\/>\n            <\/figure>\n        <\/div>\n        <div class=\"mw-card__bottom\">\n            <div class=\"mw-card__content\">\n                                <h3 class=\"mw-card__title\">Kinderkrippe &amp; Multi-Asyl<\/h3>\n                            <\/div>\n            <p class=\"mw-card__text-link\">\n                                    <span>Mehr erfahren<\/span>\n                                <svg width=\"20\" height=\"20\" viewbox=\"0 0 24 24\" fill=\"none\" xmlns=\"http:\/\/www.w3.org\/2000\/svg\">\n<path d=\"M12 5V19M5 12H19\" stroke=\"black\" stroke-width=\"2\" stroke-linecap=\"round\" stroke-linejoin=\"round\"\/>\n<\/svg>\n            <\/p>\n        <\/div>\n    <\/a>\n<\/div>                                    <\/li>\n                            <li class=\"hub__item\">\n                                            \n<div class=\"mw-card mw-card--3\">\n    <a class=\"mw-card__link\" href=\"https:\/\/mairie-montataire.fr\/de\/habiter\/petite-enfance\/protection-maternelle-et-infantile-pmi\/\" aria-label=\"\">\n        <div class=\"mw-card__top\">\n                                                                <figure class=\"mw-card__thumbnail-container\">\n                <img loading=\"lazy\" decoding=\"async\" class=\"mw-card__thumbnail\" src=\"https:\/\/mairie-montataire.fr\/app\/uploads\/2024\/07\/1.1.3_baby-visiting-doctor-checkup\u00a9rawpixel.com_-1024x683.jpg\" srcset=\"https:\/\/mairie-montataire.fr\/app\/uploads\/2024\/07\/1.1.3_baby-visiting-doctor-checkup\u00a9rawpixel.com_-1024x683.jpg 1024w, https:\/\/mairie-montataire.fr\/app\/uploads\/2024\/07\/1.1.3_baby-visiting-doctor-checkup\u00a9rawpixel.com_-300x200.jpg 300w, https:\/\/mairie-montataire.fr\/app\/uploads\/2024\/07\/1.1.3_baby-visiting-doctor-checkup\u00a9rawpixel.com_-768x513.jpg 768w, https:\/\/mairie-montataire.fr\/app\/uploads\/2024\/07\/1.1.3_baby-visiting-doctor-checkup\u00a9rawpixel.com_-1536x1025.jpg 1536w, https:\/\/mairie-montataire.fr\/app\/uploads\/2024\/07\/1.1.3_baby-visiting-doctor-checkup\u00a9rawpixel.com_-2048x1367.jpg 2048w\"\n                     sizes=\"auto, (max-width: 1024px) 100vw, 1024px\" alt=\"\" width=\"2560\"\n                     height=\"1709\"\/>\n            <\/figure>\n        <\/div>\n        <div class=\"mw-card__bottom\">\n            <div class=\"mw-card__content\">\n                                <h3 class=\"mw-card__title\">Mutter- und Kindschutz (PMI)<\/h3>\n                            <\/div>\n            <p class=\"mw-card__text-link\">\n                                    <span>Mehr erfahren<\/span>\n                                <svg width=\"20\" height=\"20\" viewbox=\"0 0 24 24\" fill=\"none\" xmlns=\"http:\/\/www.w3.org\/2000\/svg\">\n<path d=\"M12 5V19M5 12H19\" stroke=\"black\" stroke-width=\"2\" stroke-linecap=\"round\" stroke-linejoin=\"round\"\/>\n<\/svg>\n            <\/p>\n        <\/div>\n    <\/a>\n<\/div>                                    <\/li>\n                    <\/ul>\n    <\/div>","protected":false},"excerpt":{"rendered":"<p>Dans le cadre de son engagement \u00e0 long terme envers les services publics destin\u00e9s \u00e0 la petite enfance, la municipalit\u00e9 met \u00e0 disposition un relais petite enfance ainsi que des structures d&rsquo;accueil collectif comme la cr\u00e8che et le multi-accueil, offrant ainsi 70 places d\u00e9di\u00e9es aux enfants. De plus, des partenariats avec des associations locales telles [&hellip;]<\/p>\n","protected":false},"author":1,"featured_media":1013,"parent":32,"menu_order":9,"comment_status":"closed","ping_status":"closed","template":"","meta":{"_acf_changed":false,"_uag_custom_page_level_css":"","footnotes":""},"class_list":["post-110","page","type-page","status-publish","has-post-thumbnail","hentry"],"acf":[],"uagb_featured_image_src":{"full":["https:\/\/mairie-montataire.fr\/app\/uploads\/2024\/07\/1.1_petite-enfance.jpg",500,333,false],"thumbnail":["https:\/\/mairie-montataire.fr\/app\/uploads\/2024\/07\/1.1_petite-enfance-150x150.jpg",150,150,true],"medium":["https:\/\/mairie-montataire.fr\/app\/uploads\/2024\/07\/1.1_petite-enfance-300x200.jpg",300,200,true],"medium_large":["https:\/\/mairie-montataire.fr\/app\/uploads\/2024\/07\/1.1_petite-enfance.jpg",500,333,false],"large":["https:\/\/mairie-montataire.fr\/app\/uploads\/2024\/07\/1.1_petite-enfance.jpg",500,333,false],"1536x1536":["https:\/\/mairie-montataire.fr\/app\/uploads\/2024\/07\/1.1_petite-enfance.jpg",500,333,false],"2048x2048":["https:\/\/mairie-montataire.fr\/app\/uploads\/2024\/07\/1.1_petite-enfance.jpg",500,333,false],"trp-custom-language-flag":["https:\/\/mairie-montataire.fr\/app\/uploads\/2024\/07\/1.1_petite-enfance.jpg",18,12,false],"gform-image-choice-sm":["https:\/\/mairie-montataire.fr\/app\/uploads\/2024\/07\/1.1_petite-enfance.jpg",300,200,false],"gform-image-choice-md":["https:\/\/mairie-montataire.fr\/app\/uploads\/2024\/07\/1.1_petite-enfance.jpg",400,266,false],"gform-image-choice-lg":["https:\/\/mairie-montataire.fr\/app\/uploads\/2024\/07\/1.1_petite-enfance.jpg",500,333,false]},"uagb_author_info":{"display_name":"mentalworks","author_link":"https:\/\/mairie-montataire.fr\/de\/actualites\/author\/mentalworks\/"},"uagb_comment_info":0,"uagb_excerpt":"Dans le cadre de son engagement \u00e0 long terme envers les services publics destin\u00e9s \u00e0 la petite enfance, la municipalit\u00e9 met \u00e0 disposition un relais petite enfance ainsi que des structures d&rsquo;accueil collectif comme la cr\u00e8che et le multi-accueil, offrant ainsi 70 places d\u00e9di\u00e9es aux enfants. De plus, des partenariats avec des associations locales telles&hellip;","_links":{"self":[{"href":"https:\/\/mairie-montataire.fr\/de\/wp-json\/wp\/v2\/pages\/110","targetHints":{"allow":["GET"]}}],"collection":[{"href":"https:\/\/mairie-montataire.fr\/de\/wp-json\/wp\/v2\/pages"}],"about":[{"href":"https:\/\/mairie-montataire.fr\/de\/wp-json\/wp\/v2\/types\/page"}],"author":[{"embeddable":true,"href":"https:\/\/mairie-montataire.fr\/de\/wp-json\/wp\/v2\/users\/1"}],"replies":[{"embeddable":true,"href":"https:\/\/mairie-montataire.fr\/de\/wp-json\/wp\/v2\/comments?post=110"}],"version-history":[{"count":14,"href":"https:\/\/mairie-montataire.fr\/de\/wp-json\/wp\/v2\/pages\/110\/revisions"}],"predecessor-version":[{"id":4122,"href":"https:\/\/mairie-montataire.fr\/de\/wp-json\/wp\/v2\/pages\/110\/revisions\/4122"}],"up":[{"embeddable":true,"href":"https:\/\/mairie-montataire.fr\/de\/wp-json\/wp\/v2\/pages\/32"}],"wp:featuredmedia":[{"embeddable":true,"href":"https:\/\/mairie-montataire.fr\/de\/wp-json\/wp\/v2\/media\/1013"}],"wp:attachment":[{"href":"https:\/\/mairie-montataire.fr\/de\/wp-json\/wp\/v2\/media?parent=110"}],"curies":[{"name":"wp","href":"https:\/\/api.w.org\/{rel}","templated":true}]}}

<div class="wp-block-columns is-layout-flex wp-container-core-columns-is-layout-a31ce547 wp-block-columns-is-layout-flex" style="margin-top:0;margin-bottom:0;padding-top:0;padding-right:0;padding-bottom:0;padding-left:0">
<div class="wp-block-column is-layout-flow wp-block-column-is-layout-flow" style="padding-top:0;padding-right:0;padding-bottom:0;padding-left:0;flex-basis:66.66%">
<p><strong>Im Rahmen ihres langfristigen Engagements für öffentliche Dienstleistungen für Kleinkinder stellt die Stadtverwaltung eine Kindertagesstätte (Relais petite enfance) sowie kollektive Betreuungsstrukturen wie Krippen und Kindertagesstätten zur Verfügung, die insgesamt 70 Plätze für Kinder bieten. Darüber hinaus bieten Partnerschaften mit lokalen Vereinen wie der Musik- und Tanzschule (AMEM) sowie den städtischen Abteilungen für öffentliches Lesen und Sport den Kindern die Möglichkeit, sich zu entfalten und Spaß zu haben.</strong></p>
</div>



<div class="wp-block-column is-layout-flow wp-block-column-is-layout-flow" style="flex-basis:33.33%">
<figure class="wp-block-image size-full no-ds"><a href="https://mairie-montataire.fr/de/unicef-kinderfreundliche-stadt/"><img loading="lazy" decoding="async" width="490" height="164" src="https://mairie-montataire.fr/app/uploads/2024/06/unicef-villeamiedesenfants.jpg" alt="" class="wp-image-702" srcset="https://mairie-montataire.fr/app/uploads/2024/06/unicef-villeamiedesenfants.jpg 490w, https://mairie-montataire.fr/app/uploads/2024/06/unicef-villeamiedesenfants-300x100.jpg 300w" sizes="auto, (max-width: 490px) 100vw, 490px" /></a></figure>
</div>
</div>


<div class="hub">
            <ul class="hub__list" style="--nb-items: 3; --width-desktop: 3; --width-tablet: 2; --width-mobile: 1;">
                            <li class="hub__item">
                                            
<div class="mw-card mw-card--3">
    <a class="mw-card__link" href="https://mairie-montataire.fr/de/habiter/petite-enfance/relais-petite-enfance/" aria-label="">
        <div class="mw-card__top">
                                                                <figure class="mw-card__thumbnail-container">
                <img loading="lazy" decoding="async" class="mw-card__thumbnail" src="https://mairie-montataire.fr/app/uploads/2025/10/1.1.1_2022-03-18-Creche-7.jpg" srcset="https://mairie-montataire.fr/app/uploads/2025/10/1.1.1_2022-03-18-Creche-7.jpg 500w, https://mairie-montataire.fr/app/uploads/2025/10/1.1.1_2022-03-18-Creche-7-300x210.jpg 300w, https://mairie-montataire.fr/app/uploads/2025/10/1.1.1_2022-03-18-Creche-7-18x12.jpg 18w"
                     sizes="auto, (max-width: 500px) 100vw, 500px" alt="" width="500"
                     height="350"/>
            </figure>
        </div>
        <div class="mw-card__bottom">
            <div class="mw-card__content">
                                <h3 class="mw-card__title">Relais Petite Enfance (RPE)</h3>
                            </div>
            <p class="mw-card__text-link">
                                    <span>Mehr erfahren</span>
                                <svg width="20" height="20" viewbox="0 0 24 24" fill="none" xmlns="http://www.w3.org/2000/svg">
<path d="M12 5V19M5 12H19" stroke="black" stroke-width="2" stroke-linecap="round" stroke-linejoin="round"/>
</svg>
            </p>
        </div>
    </a>
</div>                                    </li>
                            <li class="hub__item">
                                            
<div class="mw-card mw-card--3">
    <a class="mw-card__link" href="https://mairie-montataire.fr/de/habiter/petite-enfance/creche-multi-accueil/" aria-label="">
        <div class="mw-card__top">
                                                                <figure class="mw-card__thumbnail-container">
                <img loading="lazy" decoding="async" class="mw-card__thumbnail" src="https://mairie-montataire.fr/app/uploads/2024/07/1.1.2_creche.jpg" srcset="https://mairie-montataire.fr/app/uploads/2024/07/1.1.2_creche.jpg 525w, https://mairie-montataire.fr/app/uploads/2024/07/1.1.2_creche-300x200.jpg 300w"
                     sizes="auto, (max-width: 525px) 100vw, 525px" alt="Kindertagesstätte" width="525"
                     height="350"/>
            </figure>
        </div>
        <div class="mw-card__bottom">
            <div class="mw-card__content">
                                <h3 class="mw-card__title">Kinderkrippe &amp; Multi-Asyl</h3>
                            </div>
            <p class="mw-card__text-link">
                                    <span>Mehr erfahren</span>
                                <svg width="20" height="20" viewbox="0 0 24 24" fill="none" xmlns="http://www.w3.org/2000/svg">
<path d="M12 5V19M5 12H19" stroke="black" stroke-width="2" stroke-linecap="round" stroke-linejoin="round"/>
</svg>
            </p>
        </div>
    </a>
</div>                                    </li>
                            <li class="hub__item">
                                            
<div class="mw-card mw-card--3">
    <a class="mw-card__link" href="https://mairie-montataire.fr/de/habiter/petite-enfance/protection-maternelle-et-infantile-pmi/" aria-label="">
        <div class="mw-card__top">
                                                                <figure class="mw-card__thumbnail-container">
                <img loading="lazy" decoding="async" class="mw-card__thumbnail" src="https://mairie-montataire.fr/app/uploads/2024/07/1.1.3_baby-visiting-doctor-checkup©rawpixel.com_-1024x683.jpg" srcset="https://mairie-montataire.fr/app/uploads/2024/07/1.1.3_baby-visiting-doctor-checkup©rawpixel.com_-1024x683.jpg 1024w, https://mairie-montataire.fr/app/uploads/2024/07/1.1.3_baby-visiting-doctor-checkup©rawpixel.com_-300x200.jpg 300w, https://mairie-montataire.fr/app/uploads/2024/07/1.1.3_baby-visiting-doctor-checkup©rawpixel.com_-768x513.jpg 768w, https://mairie-montataire.fr/app/uploads/2024/07/1.1.3_baby-visiting-doctor-checkup©rawpixel.com_-1536x1025.jpg 1536w, https://mairie-montataire.fr/app/uploads/2024/07/1.1.3_baby-visiting-doctor-checkup©rawpixel.com_-2048x1367.jpg 2048w"
                     sizes="auto, (max-width: 1024px) 100vw, 1024px" alt="" width="2560"
                     height="1709"/>
            </figure>
        </div>
        <div class="mw-card__bottom">
            <div class="mw-card__content">
                                <h3 class="mw-card__title">Mutter- und Kindschutz (PMI)</h3>
                            </div>
            <p class="mw-card__text-link">
                                    <span>Mehr erfahren</span>
                                <svg width="20" height="20" viewbox="0 0 24 24" fill="none" xmlns="http://www.w3.org/2000/svg">
<path d="M12 5V19M5 12H19" stroke="black" stroke-width="2" stroke-linecap="round" stroke-linejoin="round"/>
</svg>
            </p>
        </div>
    </a>
</div>                                    </li>
                    </ul>
    </div>

<p>Dans le cadre de son engagement à long terme envers les services publics destinés à la petite enfance, la municipalité met à disposition un relais petite enfance ainsi que des structures d&rsquo;accueil collectif comme la crèche et le multi-accueil, offrant ainsi 70 places dédiées aux enfants. De plus, des partenariats avec des associations locales telles [&hellip;]</p>

Dans le cadre de son engagement à long terme envers les services publics destinés à la petite enfance, la municipalité met à disposition un relais petite enfance ainsi que des structures d&rsquo;accueil collectif comme la crèche et le multi-accueil, offrant ainsi 70 places dédiées aux enfants. De plus, des partenariats avec des associations locales telles&hellip;
