{"id":100,"date":"2024-05-03T09:20:19","date_gmt":"2024-05-03T09:20:19","guid":{"rendered":"https:\/\/montataire.local\/?page_id=100"},"modified":"2024-08-19T12:03:33","modified_gmt":"2024-08-19T12:03:33","slug":"creil-sud-oise-tourisme","status":"publish","type":"page","link":"https:\/\/mairie-montataire.fr\/de\/visiter\/creil-sud-oise-tourisme\/","title":{"rendered":"Creil Sud Oise Tourismus"},"content":{"rendered":"<p><strong>Das gemeinde\u00fcbergreifende Fremdenverkehrsamt Creil Sud Oise Tourisme wertet die Reicht\u00fcmer und die Identit\u00e4t der Region auf. Es bietet Ihnen au\u00dferdem einen Kalender mit Aktionen und Aktivit\u00e4ten in allen Gemeinden, darunter auch Montataire.<\/strong><\/p>\n\n\n\n<div class=\"wp-block-uagb-image aligncenter uagb-block-c73451de wp-block-uagb-image--layout-default wp-block-uagb-image--effect-static wp-block-uagb-image--align-center\"><figure class=\"wp-block-uagb-image__figure\"><a class=\"\" href=\"https:\/\/www.creilsudoise-tourisme.fr\/\" target=\"_blank\" rel=\"noreferrer noopener\"><img decoding=\"async\" srcset=\"https:\/\/mairie-montataire.fr\/app\/uploads\/2024\/07\/4.5_Logo-OT-CSO-couleurs.jpg ,https:\/\/mairie-montataire.fr\/app\/uploads\/2024\/07\/4.5_Logo-OT-CSO-couleurs.jpg 780w, https:\/\/mairie-montataire.fr\/app\/uploads\/2024\/07\/4.5_Logo-OT-CSO-couleurs.jpg 360w\" sizes=\"auto, (max-width: 480px) 150px\" src=\"https:\/\/mairie-montataire.fr\/app\/uploads\/2024\/07\/4.5_Logo-OT-CSO-couleurs.jpg\" alt=\"\" class=\"uag-image-1610\" width=\"575\" height=\"403\" title=\"4.5_Logo OT CSO Farben\" loading=\"lazy\" role=\"img\"\/><\/a><\/figure><\/div>","protected":false},"excerpt":{"rendered":"<p>Das gemeinde\u00fcbergreifende Fremdenverkehrsamt Creil Sud Oise Tourisme wertet die Reicht\u00fcmer und die Identit\u00e4t der Region auf. Es bietet Ihnen au\u00dferdem einen Kalender mit Aktionen und Aktivit\u00e4ten in allen Gemeinden, darunter auch Montataire.<\/p>","protected":false},"author":1,"featured_media":1610,"parent":38,"menu_order":79,"comment_status":"closed","ping_status":"closed","template":"","meta":{"_acf_changed":false,"_uag_custom_page_level_css":"","footnotes":""},"class_list":["post-100","page","type-page","status-publish","has-post-thumbnail","hentry"],"acf":[],"uagb_featured_image_src":{"full":["https:\/\/mairie-montataire.fr\/app\/uploads\/2024\/07\/4.5_Logo-OT-CSO-couleurs.jpg",500,350,false],"thumbnail":["https:\/\/mairie-montataire.fr\/app\/uploads\/2024\/07\/4.5_Logo-OT-CSO-couleurs-150x150.jpg",150,150,true],"medium":["https:\/\/mairie-montataire.fr\/app\/uploads\/2024\/07\/4.5_Logo-OT-CSO-couleurs-300x210.jpg",300,210,true],"medium_large":["https:\/\/mairie-montataire.fr\/app\/uploads\/2024\/07\/4.5_Logo-OT-CSO-couleurs.jpg",500,350,false],"large":["https:\/\/mairie-montataire.fr\/app\/uploads\/2024\/07\/4.5_Logo-OT-CSO-couleurs.jpg",500,350,false],"1536x1536":["https:\/\/mairie-montataire.fr\/app\/uploads\/2024\/07\/4.5_Logo-OT-CSO-couleurs.jpg",500,350,false],"2048x2048":["https:\/\/mairie-montataire.fr\/app\/uploads\/2024\/07\/4.5_Logo-OT-CSO-couleurs.jpg",500,350,false],"trp-custom-language-flag":["https:\/\/mairie-montataire.fr\/app\/uploads\/2024\/07\/4.5_Logo-OT-CSO-couleurs.jpg",18,12,false],"gform-image-choice-sm":["https:\/\/mairie-montataire.fr\/app\/uploads\/2024\/07\/4.5_Logo-OT-CSO-couleurs.jpg",300,210,false],"gform-image-choice-md":["https:\/\/mairie-montataire.fr\/app\/uploads\/2024\/07\/4.5_Logo-OT-CSO-couleurs.jpg",400,280,false],"gform-image-choice-lg":["https:\/\/mairie-montataire.fr\/app\/uploads\/2024\/07\/4.5_Logo-OT-CSO-couleurs.jpg",500,350,false]},"uagb_author_info":{"display_name":"mentalworks","author_link":"https:\/\/mairie-montataire.fr\/de\/actualites\/author\/mentalworks\/"},"uagb_comment_info":0,"uagb_excerpt":"L\u2019Office de Tourisme intercommunal Creil Sud Oise Tourisme valorise les richesses et l\u2019identit\u00e9 du territoire. Il vous propose \u00e9galement un calendrier d\u2019actions et activit\u00e9s sur l\u2019ensemble des communes, dont Montataire.","_links":{"self":[{"href":"https:\/\/mairie-montataire.fr\/de\/wp-json\/wp\/v2\/pages\/100","targetHints":{"allow":["GET"]}}],"collection":[{"href":"https:\/\/mairie-montataire.fr\/de\/wp-json\/wp\/v2\/pages"}],"about":[{"href":"https:\/\/mairie-montataire.fr\/de\/wp-json\/wp\/v2\/types\/page"}],"author":[{"embeddable":true,"href":"https:\/\/mairie-montataire.fr\/de\/wp-json\/wp\/v2\/users\/1"}],"replies":[{"embeddable":true,"href":"https:\/\/mairie-montataire.fr\/de\/wp-json\/wp\/v2\/comments?post=100"}],"version-history":[{"count":15,"href":"https:\/\/mairie-montataire.fr\/de\/wp-json\/wp\/v2\/pages\/100\/revisions"}],"predecessor-version":[{"id":3606,"href":"https:\/\/mairie-montataire.fr\/de\/wp-json\/wp\/v2\/pages\/100\/revisions\/3606"}],"up":[{"embeddable":true,"href":"https:\/\/mairie-montataire.fr\/de\/wp-json\/wp\/v2\/pages\/38"}],"wp:featuredmedia":[{"embeddable":true,"href":"https:\/\/mairie-montataire.fr\/de\/wp-json\/wp\/v2\/media\/1610"}],"wp:attachment":[{"href":"https:\/\/mairie-montataire.fr\/de\/wp-json\/wp\/v2\/media?parent=100"}],"curies":[{"name":"wp","href":"https:\/\/api.w.org\/{rel}","templated":true}]}}

<p><strong>Das gemeindeübergreifende Fremdenverkehrsamt Creil Sud Oise Tourisme wertet die Reichtümer und die Identität der Region auf. Es bietet Ihnen außerdem einen Kalender mit Aktionen und Aktivitäten in allen Gemeinden, darunter auch Montataire.</strong></p>



<div class="wp-block-uagb-image aligncenter uagb-block-c73451de wp-block-uagb-image--layout-default wp-block-uagb-image--effect-static wp-block-uagb-image--align-center"><figure class="wp-block-uagb-image__figure"><a class="" href="https://www.creilsudoise-tourisme.fr/" target="_blank" rel="noreferrer noopener"><img decoding="async" srcset="https://mairie-montataire.fr/app/uploads/2024/07/4.5_Logo-OT-CSO-couleurs.jpg ,https://mairie-montataire.fr/app/uploads/2024/07/4.5_Logo-OT-CSO-couleurs.jpg 780w, https://mairie-montataire.fr/app/uploads/2024/07/4.5_Logo-OT-CSO-couleurs.jpg 360w" sizes="auto, (max-width: 480px) 150px" src="https://mairie-montataire.fr/app/uploads/2024/07/4.5_Logo-OT-CSO-couleurs.jpg" alt="" class="uag-image-1610" width="575" height="403" title="4.5_Logo OT CSO Farben" loading="lazy" role="img"/></a></figure></div>

<p>Das gemeindeübergreifende Fremdenverkehrsamt Creil Sud Oise Tourisme wertet die Reichtümer und die Identität der Region auf. Es bietet Ihnen außerdem einen Kalender mit Aktionen und Aktivitäten in allen Gemeinden, darunter auch Montataire.</p>

L’Office de Tourisme intercommunal Creil Sud Oise Tourisme valorise les richesses et l’identité du territoire. Il vous propose également un calendrier d’actions et activités sur l’ensemble des communes, dont Montataire.
