{"id":941,"date":"2024-07-05T13:28:03","date_gmt":"2024-07-05T13:28:03","guid":{"rendered":"https:\/\/montataire.mentalworks.me\/?post_type=online-approach&#038;p=941"},"modified":"2025-12-16T11:04:04","modified_gmt":"2025-12-16T11:04:04","slug":"antrag-auf-eine-wohnung-in-der-autonomen-residenz-maurice-mignon","status":"publish","type":"online-approach","link":"https:\/\/mairie-montataire.fr\/de\/demarches-en-ligne\/demande-de-logement-a-la-residence-autonomie-maurice-mignon\/","title":{"rendered":"Antrag auf eine Unterkunft in der autonomen Residenz Maurice Mignon"},"content":{"rendered":"<h2 class=\"wp-block-heading\">Antrag auf eine Unterkunft in der autonomen Residenz Maurice Mignon<\/h2>\n\n\n\n<p><strong>Autonome Wohngemeinschaften sind Wohnungen f\u00fcr \u00e4ltere Menschen. Sie erm\u00f6glichen ihren Mietern ein unabh\u00e4ngiges Leben in einer Privatwohnung mit Gemeinschaftsr\u00e4umen, die dem gemeinschaftlichen und sozialen Leben gewidmet sind. Die Residenz verf\u00fcgt \u00fcber 38 Wohnungen (23 T1 und 15 T2) mit einer Gr\u00f6\u00dfe von 30 bis 74 m\u00b2.<sup>2<\/sup>. Sie steht allen Rentnern ab 60 Jahren offen, die gesund und selbstst\u00e4ndig sind, allein oder als Paar (GIR 6 und 5).<\/strong>.<\/p>\n\n\n\n<h2 class=\"wp-block-heading\">Wie kann ich das tun? :<\/h2>\n\n\n\n<p>Zur\u00fcck <a href=\"https:\/\/mairie-montataire.fr\/de\/app\/uploads\/2024\/07\/Demande-dinscription-a-la-residence-autonomie.pdf\/\" data-type=\"link\" data-id=\"https:\/\/mairie-montataire.fr\/app\/uploads\/2024\/07\/Demande-dinscription-a-la-residence-autonomie.pdf\" target=\"_blank\" rel=\"noreferrer noopener\">das ausgef\u00fcllte Formular <\/a>und die einzureichenden Unterlagen bei der Residence Autonome Maurice Mignon oder per <a href=\"https:\/\/mairie-montataire.fr\/de\/uns-kontaktieren\/\" target=\"_blank\" rel=\"noreferrer noopener\">Kontaktieren Sie das Rathaus<\/a><\/p>\n\n\n\n<h3 class=\"wp-block-heading\">Zu liefernde Dokumente<\/h3>\n\n\n\n<ul style=\"padding-right:var(--wp--preset--spacing--60);padding-left:var(--wp--preset--spacing--60)\" class=\"wp-block-list\">\n<li>Letzter Steuerbescheid&nbsp;<\/li>\n\n\n\n<li>Personalausweis + Familienbuch<\/li>\n\n\n\n<li>Karte und Bescheinigung der Gesundheitskarte<\/li>\n\n\n\n<li>Mitgliedschaft bei einer Krankenkasse&nbsp;<\/li>\n\n\n\n<li>\u00c4rztliches Attest<\/li>\n<\/ul>\n\n\n\n<h2 class=\"wp-block-heading\">Tarif<\/h2>\n\n\n\n<p><strong>Auf 1<sup>er<\/sup> Januar 2026<\/strong><\/p>\n\n\n\n<figure class=\"wp-block-table\"><table class=\"has-fixed-layout\"><thead><tr><th>Art der Wohnung<\/th><th class=\"has-text-align-left\" data-align=\"left\">Miete<\/th><\/tr><\/thead><tbody><tr><td>Typ 1&nbsp;<\/td><td class=\"has-text-align-left\" data-align=\"left\">226,00\u20ac<\/td><\/tr><tr><td>Typ 2&nbsp;<\/td><td class=\"has-text-align-left\" data-align=\"left\">313,00\u20ac<\/td><\/tr><tr><td>Typ 2 +<\/td><td class=\"has-text-align-left\" data-align=\"left\">336,00\u20ac<\/td><\/tr><tr><td>Typ 2 ++<\/td><td class=\"has-text-align-left\" data-align=\"left\">357,00\u20ac<\/td><\/tr><\/tbody><\/table><\/figure>\n\n\n\n<p>Die monatlichen Nebenkostenvorauszahlungen variieren je nach Art der Unterkunft und Anzahl der Personen (1 oder 2) zwischen 75 und 124 \u20ac.<\/p>\n\n\n\n<h2 class=\"wp-block-heading\"><strong>Kontakte&nbsp;<\/strong><\/h2>\n\n\n\n<p><strong><a href=\"https:\/\/mairie-montataire.fr\/de\/wohnen\/ruhestand-e-s\/rentendienste-e-s\/\" target=\"_blank\" rel=\"noreferrer noopener\">Dienst f\u00fcr Rentner<\/a> - Eigenst\u00e4ndige Residenz Maurice Mignon<br><\/strong><a href=\"https:\/\/www.google.com\/maps\/dir\/\/R%C3%A9sidence+Maurice+Mignon,+Rue+Jean+Jaur%C3%A8s,+Montataire\/@49.2553938,2.4395891,18.5z\/data=!4m9!4m8!1m0!1m5!1m1!1s0x47e6497c315458e7:0x2c93e5af5088e6b1!2m2!1d2.4398086!2d49.2554168!3e2?entry=ttu&amp;g_ep=EgoyMDI0MDgyOC4wIKXMDSoASAFQAw%3D%3D\" target=\"_blank\" rel=\"noreferrer noopener\">118, rue Jean Jaur\u00e8s - 60160 Montataire<\/a><br>Montag bis Donnerstag von 8:30 bis 12:30 Uhr und von 13:30 bis 17:00 Uhr<br>Freitags von 8:30 bis 12:30 Uhr und von 13:30 bis 16:30 Uhr<br>Dienstagmorgen geschlossen<br><a href=\"tel:03 44 64 45 60\">03 44 64 45 60<\/a><\/p>","protected":false},"featured_media":0,"template":"","meta":{"_acf_changed":false,"_uag_custom_page_level_css":""},"online-approach-category":[27],"class_list":["post-941","online-approach","type-online-approach","status-publish","hentry","online-approach-category-service-retraitees-residence-autonomie-maurice-mignon"],"acf":[],"uagb_featured_image_src":{"full":false,"thumbnail":false,"medium":false,"medium_large":false,"large":false,"1536x1536":false,"2048x2048":false,"trp-custom-language-flag":false,"gform-image-choice-sm":false,"gform-image-choice-md":false,"gform-image-choice-lg":false},"uagb_author_info":{"display_name":"Laure Pubert","author_link":"https:\/\/mairie-montataire.fr\/de\/actualites\/author\/"},"uagb_comment_info":0,"uagb_excerpt":"Demande de logement \u00e0 la r\u00e9sidence autonomie Maurice Mignon Les r\u00e9sidences autonomie sont des logements pour les personnes \u00e2g\u00e9es. Elles permettent \u00e0 ses locataires de vivre en toute ind\u00e9pendance dans un logement privatif avec des espaces communs d\u00e9di\u00e9s \u00e0 la vie collective et sociale. Elle poss\u00e8de 38 logements (23 T1 et 15 T2) de 30&hellip;","_links":{"self":[{"href":"https:\/\/mairie-montataire.fr\/de\/wp-json\/wp\/v2\/online-approach\/941","targetHints":{"allow":["GET"]}}],"collection":[{"href":"https:\/\/mairie-montataire.fr\/de\/wp-json\/wp\/v2\/online-approach"}],"about":[{"href":"https:\/\/mairie-montataire.fr\/de\/wp-json\/wp\/v2\/types\/online-approach"}],"wp:attachment":[{"href":"https:\/\/mairie-montataire.fr\/de\/wp-json\/wp\/v2\/media?parent=941"}],"wp:term":[{"taxonomy":"online-approach-category","embeddable":true,"href":"https:\/\/mairie-montataire.fr\/de\/wp-json\/wp\/v2\/online-approach-category?post=941"}],"curies":[{"name":"wp","href":"https:\/\/api.w.org\/{rel}","templated":true}]}}

<h2 class="wp-block-heading">Antrag auf eine Unterkunft in der autonomen Residenz Maurice Mignon</h2>



<p><strong>Autonome Wohngemeinschaften sind Wohnungen für ältere Menschen. Sie ermöglichen ihren Mietern ein unabhängiges Leben in einer Privatwohnung mit Gemeinschaftsräumen, die dem gemeinschaftlichen und sozialen Leben gewidmet sind. Die Residenz verfügt über 38 Wohnungen (23 T1 und 15 T2) mit einer Größe von 30 bis 74 m².<sup>2</sup>. Sie steht allen Rentnern ab 60 Jahren offen, die gesund und selbstständig sind, allein oder als Paar (GIR 6 und 5).</strong>.</p>



<h2 class="wp-block-heading">Wie kann ich das tun? :</h2>



<p>Zurück <a href="https://mairie-montataire.fr/de/app/uploads/2024/07/Demande-dinscription-a-la-residence-autonomie.pdf/" data-type="link" data-id="https://mairie-montataire.fr/app/uploads/2024/07/Demande-dinscription-a-la-residence-autonomie.pdf" target="_blank" rel="noreferrer noopener">das ausgefüllte Formular </a>und die einzureichenden Unterlagen bei der Residence Autonome Maurice Mignon oder per <a href="https://mairie-montataire.fr/de/uns-kontaktieren/" target="_blank" rel="noreferrer noopener">Kontaktieren Sie das Rathaus</a></p>



<h3 class="wp-block-heading">Zu liefernde Dokumente</h3>



<ul style="padding-right:var(--wp--preset--spacing--60);padding-left:var(--wp--preset--spacing--60)" class="wp-block-list">
<li>Letzter Steuerbescheid&nbsp;</li>



<li>Personalausweis + Familienbuch</li>



<li>Karte und Bescheinigung der Gesundheitskarte</li>



<li>Mitgliedschaft bei einer Krankenkasse&nbsp;</li>



<li>Ärztliches Attest</li>
</ul>



<h2 class="wp-block-heading">Tarif</h2>



<p><strong>Auf 1<sup>er</sup> Januar 2026</strong></p>



<figure class="wp-block-table"><table class="has-fixed-layout"><thead><tr><th>Art der Wohnung</th><th class="has-text-align-left" data-align="left">Miete</th></tr></thead><tbody><tr><td>Typ 1&nbsp;</td><td class="has-text-align-left" data-align="left">226,00€</td></tr><tr><td>Typ 2&nbsp;</td><td class="has-text-align-left" data-align="left">313,00€</td></tr><tr><td>Typ 2 +</td><td class="has-text-align-left" data-align="left">336,00€</td></tr><tr><td>Typ 2 ++</td><td class="has-text-align-left" data-align="left">357,00€</td></tr></tbody></table></figure>



<p>Die monatlichen Nebenkostenvorauszahlungen variieren je nach Art der Unterkunft und Anzahl der Personen (1 oder 2) zwischen 75 und 124 €.</p>



<h2 class="wp-block-heading"><strong>Kontakte&nbsp;</strong></h2>



<p><strong><a href="https://mairie-montataire.fr/de/wohnen/ruhestand-e-s/rentendienste-e-s/" target="_blank" rel="noreferrer noopener">Dienst für Rentner</a> - Eigenständige Residenz Maurice Mignon<br></strong><a href="https://www.google.com/maps/dir//R%C3%A9sidence+Maurice+Mignon,+Rue+Jean+Jaur%C3%A8s,+Montataire/@49.2553938,2.4395891,18.5z/data=!4m9!4m8!1m0!1m5!1m1!1s0x47e6497c315458e7:0x2c93e5af5088e6b1!2m2!1d2.4398086!2d49.2554168!3e2?entry=ttu&amp;g_ep=EgoyMDI0MDgyOC4wIKXMDSoASAFQAw%3D%3D" target="_blank" rel="noreferrer noopener">118, rue Jean Jaurès - 60160 Montataire</a><br>Montag bis Donnerstag von 8:30 bis 12:30 Uhr und von 13:30 bis 17:00 Uhr<br>Freitags von 8:30 bis 12:30 Uhr und von 13:30 bis 16:30 Uhr<br>Dienstagmorgen geschlossen<br><a href="tel:03 44 64 45 60">03 44 64 45 60</a></p>

Demande de logement à la résidence autonomie Maurice Mignon Les résidences autonomie sont des logements pour les personnes âgées. Elles permettent à ses locataires de vivre en toute indépendance dans un logement privatif avec des espaces communs dédiés à la vie collective et sociale. Elle possède 38 logements (23 T1 et 15 T2) de 30&hellip;
