{"id":862,"date":"2024-07-04T08:07:31","date_gmt":"2024-07-04T08:07:31","guid":{"rendered":"https:\/\/montataire.mentalworks.me\/?post_type=online-approach&#038;p=862"},"modified":"2024-09-06T09:40:52","modified_gmt":"2024-09-06T09:40:52","slug":"empfang-von-krippen-und-kindergartnerinnen","status":"publish","type":"online-approach","link":"https:\/\/mairie-montataire.fr\/de\/demarches-en-ligne\/accueil-creches-et-assistantes-maternelle\/","title":{"rendered":"Antrag auf Aufnahme in eine Kindertageseinrichtung und bei einer Tagesmutter."},"content":{"rendered":"<h2 class=\"wp-block-heading\">Antrag auf Aufnahme in eine Kindertageseinrichtung und bei einer Tagesmutter.<\/h2>\n\n\n\n<p><strong>Sie betrifft Eltern, die f\u00fcr ihr Kind einen Platz in einer Kindertagesst\u00e4tte (Krippe, Kindertagesst\u00e4tte) oder bei einer Tagesmutter (Kindertagesst\u00e4tte auf Gemeindeebene) suchen.<\/strong><\/p>\n\n\n\n<h2 class=\"wp-block-heading\">Wie kann ich das tun?<\/h2>\n\n\n\n<p>Wenn Sie Fragen zur Betreuung in Kindertageseinrichtungen oder bei Tagesm\u00fcttern haben, k\u00f6nnen Sie sich an die Betreuerin des RPE wenden, um einen Termin zu vereinbaren. Sie erhalten Informationen \u00fcber die verschiedenen Betreuungsm\u00f6glichkeiten in der Stadt sowie \u00fcber die Schritte, die Sie f\u00fcr eine Voranmeldung in einer Kindertageseinrichtung unternehmen m\u00fcssen.<br><br>Je nach Ihrer Situation und Ihren Bed\u00fcrfnissen werden Sie auf die verschiedenen angebotenen Betreuungsoptionen hingewiesen, wobei es sich um eine individuelle oder kollektive Betreuungsform handeln kann.<br><br>Wenn Sie sich f\u00fcr eine Gruppenbetreuung entscheiden, m\u00fcssen Sie ein Voranmeldeformular ausf\u00fcllen und es zusammen mit den erforderlichen Dokumenten bei der Koordinatorin f\u00fcr Kleinkinderbetreuung einreichen.<br><br>Ihr Antrag wird von der Kommission f\u00fcr die Vergabe von Pl\u00e4tzen gepr\u00fcft. Anschlie\u00dfend erhalten Sie per Post einen Bescheid, ob Sie aufgenommen oder abgelehnt werden.<br><br>Schlie\u00dflich wird in jeder Einrichtung ein auf Ihre Bed\u00fcrfnisse zugeschnittener Verpflichtungsvertrag angeboten.<\/p>\n\n\n\n<h2 class=\"wp-block-heading\">Kontakte<\/h2>\n\n\n\n<p><strong><a href=\"https:\/\/mairie-montataire.fr\/de\/wohnen\/jugend\/programm-fur-bildungserfolg\/\" target=\"_blank\" rel=\"noreferrer noopener\">Kleinkindrelais<\/a> multi-kommunal<\/strong><br>Montag bis Freitag\u00a0<strong>nach Vereinbarung<\/strong><br><a href=\"tel:06 15 11 77 64\">06 15 11 77 64<\/a><\/p>","protected":false},"featured_media":0,"template":"","meta":{"_acf_changed":false,"_uag_custom_page_level_css":""},"online-approach-category":[24],"class_list":["post-862","online-approach","type-online-approach","status-publish","hentry","online-approach-category-education-vie-scolaire-petite-enfance"],"acf":[],"uagb_featured_image_src":{"full":false,"thumbnail":false,"medium":false,"medium_large":false,"large":false,"1536x1536":false,"2048x2048":false,"trp-custom-language-flag":false,"gform-image-choice-sm":false,"gform-image-choice-md":false,"gform-image-choice-lg":false},"uagb_author_info":{"display_name":"Laure Pubert","author_link":"https:\/\/mairie-montataire.fr\/de\/actualites\/author\/"},"uagb_comment_info":0,"uagb_excerpt":"Demande d\u2019accueil en structure petite enfance et chez une assistante maternelle. Elle concerne le ou les parents qui cherchent une place pour leur\u00b7s enfant\u00b7s dans une structure petite enfance (cr\u00e8che, multi-accueil) ou chez une assistance maternelle (relais petite enfance multi-communal). Comment faire ? Pour toute demande concernant l\u2019accueil en structure petite enfance ou aupr\u00e8s des&hellip;","_links":{"self":[{"href":"https:\/\/mairie-montataire.fr\/de\/wp-json\/wp\/v2\/online-approach\/862","targetHints":{"allow":["GET"]}}],"collection":[{"href":"https:\/\/mairie-montataire.fr\/de\/wp-json\/wp\/v2\/online-approach"}],"about":[{"href":"https:\/\/mairie-montataire.fr\/de\/wp-json\/wp\/v2\/types\/online-approach"}],"wp:attachment":[{"href":"https:\/\/mairie-montataire.fr\/de\/wp-json\/wp\/v2\/media?parent=862"}],"wp:term":[{"taxonomy":"online-approach-category","embeddable":true,"href":"https:\/\/mairie-montataire.fr\/de\/wp-json\/wp\/v2\/online-approach-category?post=862"}],"curies":[{"name":"wp","href":"https:\/\/api.w.org\/{rel}","templated":true}]}}

<h2 class="wp-block-heading">Antrag auf Aufnahme in eine Kindertageseinrichtung und bei einer Tagesmutter.</h2>



<p><strong>Sie betrifft Eltern, die für ihr Kind einen Platz in einer Kindertagesstätte (Krippe, Kindertagesstätte) oder bei einer Tagesmutter (Kindertagesstätte auf Gemeindeebene) suchen.</strong></p>



<h2 class="wp-block-heading">Wie kann ich das tun?</h2>



<p>Wenn Sie Fragen zur Betreuung in Kindertageseinrichtungen oder bei Tagesmüttern haben, können Sie sich an die Betreuerin des RPE wenden, um einen Termin zu vereinbaren. Sie erhalten Informationen über die verschiedenen Betreuungsmöglichkeiten in der Stadt sowie über die Schritte, die Sie für eine Voranmeldung in einer Kindertageseinrichtung unternehmen müssen.<br><br>Je nach Ihrer Situation und Ihren Bedürfnissen werden Sie auf die verschiedenen angebotenen Betreuungsoptionen hingewiesen, wobei es sich um eine individuelle oder kollektive Betreuungsform handeln kann.<br><br>Wenn Sie sich für eine Gruppenbetreuung entscheiden, müssen Sie ein Voranmeldeformular ausfüllen und es zusammen mit den erforderlichen Dokumenten bei der Koordinatorin für Kleinkinderbetreuung einreichen.<br><br>Ihr Antrag wird von der Kommission für die Vergabe von Plätzen geprüft. Anschließend erhalten Sie per Post einen Bescheid, ob Sie aufgenommen oder abgelehnt werden.<br><br>Schließlich wird in jeder Einrichtung ein auf Ihre Bedürfnisse zugeschnittener Verpflichtungsvertrag angeboten.</p>



<h2 class="wp-block-heading">Kontakte</h2>



<p><strong><a href="https://mairie-montataire.fr/de/wohnen/jugend/programm-fur-bildungserfolg/" target="_blank" rel="noreferrer noopener">Kleinkindrelais</a> multi-kommunal</strong><br>Montag bis Freitag <strong>nach Vereinbarung</strong><br><a href="tel:06 15 11 77 64">06 15 11 77 64</a></p>

Demande d’accueil en structure petite enfance et chez une assistante maternelle. Elle concerne le ou les parents qui cherchent une place pour leur·s enfant·s dans une structure petite enfance (crèche, multi-accueil) ou chez une assistance maternelle (relais petite enfance multi-communal). Comment faire ? Pour toute demande concernant l’accueil en structure petite enfance ou auprès des&hellip;
