{"id":824,"date":"2024-07-02T09:29:42","date_gmt":"2024-07-02T09:29:42","guid":{"rendered":"https:\/\/montataire.mentalworks.me\/?post_type=online-approach&#038;p=824"},"modified":"2025-12-15T16:12:28","modified_gmt":"2025-12-15T16:12:28","slug":"anmeldung-fur-die-sprechstunde-des-burgermeisters","status":"publish","type":"online-approach","link":"https:\/\/mairie-montataire.fr\/de\/demarches-en-ligne\/inscription-pour-la-permanence-de-monsieur-le-maire\/","title":{"rendered":"Sprechstunde des B\u00fcrgermeisters"},"content":{"rendered":"<h2 class=\"wp-block-heading\">Anmeldung f\u00fcr die Sprechstunde des B\u00fcrgermeisters<\/h2>\n\n\n\n<figure class=\"wp-block-table\"><table class=\"has-fixed-layout\"><tbody><tr><td>Tag<\/td><td class=\"has-text-align-center\" data-align=\"center\"><strong>MONTAG<\/strong><\/td><td class=\"has-text-align-center\" data-align=\"center\"><strong>DONNERSTAG<\/strong><\/td><td class=\"has-text-align-center\" data-align=\"center\"><strong>ERSTER SAMSTAG DES MONATS<\/strong><\/td><td class=\"has-text-align-center\" data-align=\"center\"><strong>LETZTER SAMSTAG DES MONATS<\/strong><\/td><\/tr><tr><td>Zeitnischen<\/td><td class=\"has-text-align-center\" data-align=\"center\">von 10 bis 12 Uhr<\/td><td class=\"has-text-align-center\" data-align=\"center\">von 10 bis 12 Uhr<\/td><td class=\"has-text-align-center\" data-align=\"center\">von 9.30 bis 10.30 Uhr<\/td><td class=\"has-text-align-center\" data-align=\"center\">von 9.30 bis 10.30 Uhr<\/td><\/tr><tr><td>Ort<\/td><td class=\"has-text-align-center\" data-align=\"center\">Pr\u00e4senzunterricht im Rathaus \"Mairie Annexe des Martinets\".<\/td><td class=\"has-text-align-center\" data-align=\"center\">Pr\u00e4senzunterricht im Rathaus<\/td><td class=\"has-text-align-center\" data-align=\"center\">Telefonisch unter 03 44 64 44 <\/td><td class=\"has-text-align-center\" data-align=\"center\">Pr\u00e4senzunterricht im Rathaus<\/td><\/tr><tr><td>Anmeldung<\/td><td class=\"has-text-align-center\" data-align=\"center\">Vor Ort am selben Tag von 8:30 bis 8:45 Uhr <\/td><td class=\"has-text-align-center\" data-align=\"center\">Vor Ort am selben Tag von 8:30 bis 8:45 Uhr <\/td><td class=\"has-text-align-center\" data-align=\"center\">\u2013<\/td><td class=\"has-text-align-center\" data-align=\"center\">Telefonisch unter 03 44 64 44 <\/td><\/tr><\/tbody><\/table><\/figure>\n\n\n\n<p><em>7 offene Pr\u00e4senz-Slots, die Personen werden in der Reihenfolge ihrer Anmeldung empfangen<\/em><\/p>\n\n\n<div class=\"highlight\">\n                <div class=\"highlight__description\"><p><strong>Der B\u00fcrgermeister empf\u00e4ngt nicht st\u00e4ndig Bedienstete der Stadt, die Fragen rund um das Thema Personalwesen ansprechen m\u00f6chten.\u00a0<\/strong><\/p>\n<\/div>\n    <\/div>\n\n\n<h2 class=\"wp-block-heading\">Kontakte<\/h2>\n\n\n\n<div class=\"wp-block-columns is-layout-flex wp-container-core-columns-is-layout-9d6595d7 wp-block-columns-is-layout-flex\">\n<div class=\"wp-block-column is-layout-flow wp-block-column-is-layout-flow\">\n<p><strong>Rathaus von Montataire<\/strong><br><a href=\"https:\/\/www.google.com\/maps\/dir\/\/Mairie+de+Montataire,+Place+Auguste+G%C3%A9nie,+Montataire\/@49.2534496,2.4368934,15.5z\/data=!4m9!4m8!1m0!1m5!1m1!1s0x47e64bdbfeedc0f9:0x37d06c42d3f4f26d!2m2!1d2.4345724!2d49.2563201!3e2?entry=ttu&amp;g_ep=EgoyMDI0MDgyOC4wIKXMDSoASAFQAw%3D%3D\" target=\"_blank\" rel=\"noreferrer noopener\">Place Auguste G\u00e9nie - 60160 Montataire\u00a0<\/a><br><a href=\"tel:0344644444\">03 44 64 44 44<\/a><br><a href=\"https:\/\/mairie-montataire.fr\/de\/uns-kontaktieren\/\" target=\"_blank\" rel=\"noreferrer noopener\">Kontaktieren Sie das Rathaus<\/a><\/p>\n<\/div>\n\n\n\n<div class=\"wp-block-column is-layout-flow wp-block-column-is-layout-flow\">\n<p><strong>B\u00fcrgermeister Annex des Martinets<br><\/strong><a href=\"https:\/\/www.google.com\/maps\/dir\/\/Mairie+Annexe+des+Martinets,+Avenue+Anatole+France,+Montataire\/@49.2607274,2.4265345,15.5z\/data=!4m9!4m8!1m0!1m5!1m1!1s0x47e64bda31aef93f:0x8a096ab7a5b49c9!2m2!1d2.4329379!2d49.2643338!3e2?entry=ttu&amp;g_ep=EgoyMDI0MDgyOC4wIKXMDSoASAFQAw%3D%3D\" data-type=\"link\" data-id=\"https:\/\/www.google.com\/maps\/dir\/\/Mairie+Annexe+des+Martinets,+Avenue+Anatole+France,+Montataire\/@49.2607274,2.4265345,15.5z\/data=!4m9!4m8!1m0!1m5!1m1!1s0x47e64bda31aef93f:0x8a096ab7a5b49c9!2m2!1d2.4329379!2d49.2643338!3e2?entry=ttu&amp;g_ep=EgoyMDI0MDgyOC4wIKXMDSoASAFQAw%3D%3D\" target=\"_blank\" rel=\"noreferrer noopener\">82, avenue Anatole France - 60160 Montataire<\/a><br><a href=\"tel:0344270930\">03 44 27 09 30<\/a><br><a href=\"https:\/\/mairie-montataire.fr\/de\/uns-kontaktieren\/\" target=\"_blank\" rel=\"noreferrer noopener\"><\/a><a href=\"https:\/\/mairie-montataire.fr\/de\/uns-kontaktieren\/\" target=\"_blank\" rel=\"noreferrer noopener\">Kontaktieren Sie das Rathaus<\/a><\/p>\n<\/div>\n<\/div>\n\n\n\n<h2 class=\"wp-block-heading\"><strong>Weitere Sprechstunden im Mairie Annexe des Martinets<\/strong><\/h2>\n\n\n\t\t\t\t\t<div\n\t\t\t\t\t\tclass=\"wp-block-uagb-image-gallery uagb-block-4ff9122b\"\n\t\t\t\t\t\tstyle=\"\"\n\t\t\t\t\t>\n\t\t\t\t\t\t\t\t\t\t\t<div class=\"spectra-image-gallery spectra-image-gallery__layout--masonry spectra-image-gallery__layout--masonry-col-1 spectra-image-gallery__layout--masonry-col-tab-1 spectra-image-gallery__layout--masonry-col-mob-1\">\n\t\t\t\t\t\t\t\t\t\t\t<div class='spectra-image-gallery__media-wrapper--isotope'>\n\t\t\t\t\t\t\t<div class='spectra-image-gallery__media-wrapper' data-spectra-gallery-image-id='4309' tabindex=\"0\">\n\t\t\t\t\t\t\t<div class=\"spectra-image-gallery__media spectra-image-gallery__media--masonry\">\n\t\t\t\t<picture>\n\t\t\t\t\t<source media=\"(min-width: 1024px)\" srcset=\"https:\/\/mairie-montataire.fr\/app\/uploads\/2024\/09\/PLANNING-PERMANENCES-Mairie-Principale--1024x724.jpg\">\n\t\t\t\t\t<source media=\"(min-width: 768px)\" srcset=\"https:\/\/mairie-montataire.fr\/app\/uploads\/2024\/09\/PLANNING-PERMANENCES-Mairie-Principale--1024x724.jpg\">\n\t\t\t\t\t<img decoding=\"async\" class=\"spectra-image-gallery__media-thumbnail spectra-image-gallery__media-thumbnail--masonry\" src=\"https:\/\/mairie-montataire.fr\/app\/uploads\/2024\/09\/PLANNING-PERMANENCES-Mairie-Principale--300x212.jpg\" alt=\"\" loading=\"lazy\" \/>\n\t\t\t\t<\/picture>\n\t\t\t\t<div class=\"spectra-image-gallery__media-thumbnail-blurrer\"><\/div>\n\t\t\t\t\t\t\t<\/div>\n\t\t\t\t\t\t\t\t<div class=\"spectra-image-gallery__media-thumbnail-caption-wrapper spectra-image-gallery__media-thumbnail-caption-wrapper--bar-outside\">\n\t\t\t\t\t\t\t\t\t\t<div class=\"spectra-image-gallery__media-thumbnail-caption spectra-image-gallery__media-thumbnail-caption--bar-outside\">\n\t\t\t\t\t<strong>Sprechstunden im Rathaus Annexe des Martinets<\/strong>\t\t\t\t<\/div>\n\t\t\t\t\t\t\t\t<\/div>\n\t\t\t\t\t\t\t<\/div>\n\t\t\t\t\t\t<\/div>\n\t\t\t\t\t\t\t\t\t\t<\/div>\n\t\t\t\t\t\t\t\t\t\t\t\t\t\t\t\t\t\t<\/div>\n\t\t\t\t\t\t\t\t\t\t\t<div class='spectra-image-gallery__control-lightbox' tabindex='0'>\n\t\t\t\t\t\t\t\t\t\t\t<div class=\"swiper spectra-image-gallery__control-lightbox--main\" dir=\"\">\n\t\t\t\t\t<div class=\"swiper-wrapper\">\n\t\t\t\t\t\t\t\t\t\t\t\t\t\n\t\t\t\t\t\t\t<div class=\"swiper-slide\">\n\t\t\t\t\t\t\t\t<img class=\"swiper-lazy\" data-src=\"https:\/\/mairie-montataire.fr\/app\/uploads\/2024\/09\/PLANNING-PERMANENCES-Mairie-Principale-.jpg\" alt=\"\"\/>\n\t\t\t\t\t\t\t\t<div class=\"swiper-lazy-preloader swiper-lazy-preloader-white\"><\/div>\n\t\t\t\t\t\t\t\t\t\t\t\t\t\t\t\t\t<div class=\"spectra-image-gallery__control-lightbox--caption\" data-spectra-gallery-image-id='4309'>\n\t\t\t\t\t\t\t\t\t\t<strong>Sprechstunden im Rathaus Annexe des Martinets<\/strong>\t\t\t\t\t\t\t\t\t<\/div>\n\t\t\t\t\t\t\t\t\t\t\t\t\t\t\t<\/div>\n\t\t\t\t\t\t\t\t\t\t\t<\/div>\n\t\t\t\t\t<div class=\"swiper-button-next\"><\/div>\n\t\t\t\t\t<div class=\"swiper-button-prev\"><\/div>\n\t\t\t\t<\/div>\t\t\t\n\t\t\t\t\t\t\t\t\t\t\t\t\t\t\t\t\t\t\t\t\t\t\t\t\t\t\t\t\t\t\t\t<button class='spectra-image-gallery__control-lightbox--close' aria-label=\"Close\">\n\t\t\t\t\t\t\t\t\t\t\t\t\t<svg xmlns=\"https:\/\/www.w3.org\/2000\/svg\" viewbox= \"0 0 320 512\"><path d=\"M310.6 361.4c12.5 12.5 12.5 32.75 0 45.25C304.4 412.9 296.2 416 288 416s-16.38-3.125-22.62-9.375L160 301.3L54.63 406.6C48.38 412.9 40.19 416 32 416S15.63 412.9 9.375 406.6c-12.5-12.5-12.5-32.75 0-45.25l105.4-105.4L9.375 150.6c-12.5-12.5-12.5-32.75 0-45.25s32.75-12.5 45.25 0L160 210.8l105.4-105.4c12.5-12.5 32.75-12.5 45.25 0s12.5 32.75 0 45.25l-105.4 105.4L310.6 361.4z\"><\/path><\/svg>\n\t\t\t\t\t\t\t\t\t\t\t\t<\/button>\n\t\t\t\t\t\t\t\t\t\t\t\t\t<\/div>","protected":false},"featured_media":0,"template":"","meta":{"_acf_changed":false,"_uag_custom_page_level_css":""},"online-approach-category":[11],"class_list":["post-824","online-approach","type-online-approach","status-publish","hentry","online-approach-category-contacter-les-elues-et-mr-le-maire"],"acf":[],"uagb_featured_image_src":{"full":false,"thumbnail":false,"medium":false,"medium_large":false,"large":false,"1536x1536":false,"2048x2048":false,"trp-custom-language-flag":false,"gform-image-choice-sm":false,"gform-image-choice-md":false,"gform-image-choice-lg":false},"uagb_author_info":{"display_name":"Laure Pubert","author_link":"https:\/\/mairie-montataire.fr\/de\/actualites\/author\/"},"uagb_comment_info":0,"uagb_excerpt":"Inscription pour la permanence de Monsieur le Maire Jour LUNDI JEUDI PREMIER SAMEDI DU MOIS DERNIER SAMEDI DU MOIS Cr\u00e9neaux de 10h \u00e0 12h de 10h \u00e0 12h de 9h30 \u00e0 10h30 de 9h30 \u00e0 10h30 Lieu En pr\u00e9sentiel \u00e0 la Mairie Annexe des Martinets En pr\u00e9sentiel en Mairie Au t\u00e9l\u00e9phone au 03 44 64&hellip;","_links":{"self":[{"href":"https:\/\/mairie-montataire.fr\/de\/wp-json\/wp\/v2\/online-approach\/824","targetHints":{"allow":["GET"]}}],"collection":[{"href":"https:\/\/mairie-montataire.fr\/de\/wp-json\/wp\/v2\/online-approach"}],"about":[{"href":"https:\/\/mairie-montataire.fr\/de\/wp-json\/wp\/v2\/types\/online-approach"}],"wp:attachment":[{"href":"https:\/\/mairie-montataire.fr\/de\/wp-json\/wp\/v2\/media?parent=824"}],"wp:term":[{"taxonomy":"online-approach-category","embeddable":true,"href":"https:\/\/mairie-montataire.fr\/de\/wp-json\/wp\/v2\/online-approach-category?post=824"}],"curies":[{"name":"wp","href":"https:\/\/api.w.org\/{rel}","templated":true}]}}

Sprechstunde des Bürgermeisters

<h2 class="wp-block-heading">Anmeldung für die Sprechstunde des Bürgermeisters</h2>



<figure class="wp-block-table"><table class="has-fixed-layout"><tbody><tr><td>Tag</td><td class="has-text-align-center" data-align="center"><strong>MONTAG</strong></td><td class="has-text-align-center" data-align="center"><strong>DONNERSTAG</strong></td><td class="has-text-align-center" data-align="center"><strong>ERSTER SAMSTAG DES MONATS</strong></td><td class="has-text-align-center" data-align="center"><strong>LETZTER SAMSTAG DES MONATS</strong></td></tr><tr><td>Zeitnischen</td><td class="has-text-align-center" data-align="center">von 10 bis 12 Uhr</td><td class="has-text-align-center" data-align="center">von 10 bis 12 Uhr</td><td class="has-text-align-center" data-align="center">von 9.30 bis 10.30 Uhr</td><td class="has-text-align-center" data-align="center">von 9.30 bis 10.30 Uhr</td></tr><tr><td>Ort</td><td class="has-text-align-center" data-align="center">Präsenzunterricht im Rathaus "Mairie Annexe des Martinets".</td><td class="has-text-align-center" data-align="center">Präsenzunterricht im Rathaus</td><td class="has-text-align-center" data-align="center">Telefonisch unter 03 44 64 44 </td><td class="has-text-align-center" data-align="center">Präsenzunterricht im Rathaus</td></tr><tr><td>Anmeldung</td><td class="has-text-align-center" data-align="center">Vor Ort am selben Tag von 8:30 bis 8:45 Uhr </td><td class="has-text-align-center" data-align="center">Vor Ort am selben Tag von 8:30 bis 8:45 Uhr </td><td class="has-text-align-center" data-align="center">–</td><td class="has-text-align-center" data-align="center">Telefonisch unter 03 44 64 44 </td></tr></tbody></table></figure>



<p><em>7 offene Präsenz-Slots, die Personen werden in der Reihenfolge ihrer Anmeldung empfangen</em></p>


<div class="highlight">
                <div class="highlight__description"><p><strong>Der Bürgermeister empfängt nicht ständig Bedienstete der Stadt, die Fragen rund um das Thema Personalwesen ansprechen möchten. </strong></p>
</div>
    </div>


<h2 class="wp-block-heading">Kontakte</h2>



<div class="wp-block-columns is-layout-flex wp-container-core-columns-is-layout-9d6595d7 wp-block-columns-is-layout-flex">
<div class="wp-block-column is-layout-flow wp-block-column-is-layout-flow">
<p><strong>Rathaus von Montataire</strong><br><a href="https://www.google.com/maps/dir//Mairie+de+Montataire,+Place+Auguste+G%C3%A9nie,+Montataire/@49.2534496,2.4368934,15.5z/data=!4m9!4m8!1m0!1m5!1m1!1s0x47e64bdbfeedc0f9:0x37d06c42d3f4f26d!2m2!1d2.4345724!2d49.2563201!3e2?entry=ttu&amp;g_ep=EgoyMDI0MDgyOC4wIKXMDSoASAFQAw%3D%3D" target="_blank" rel="noreferrer noopener">Place Auguste Génie - 60160 Montataire </a><br><a href="tel:0344644444">03 44 64 44 44</a><br><a href="https://mairie-montataire.fr/de/uns-kontaktieren/" target="_blank" rel="noreferrer noopener">Kontaktieren Sie das Rathaus</a></p>
</div>



<div class="wp-block-column is-layout-flow wp-block-column-is-layout-flow">
<p><strong>Bürgermeister Annex des Martinets<br></strong><a href="https://www.google.com/maps/dir//Mairie+Annexe+des+Martinets,+Avenue+Anatole+France,+Montataire/@49.2607274,2.4265345,15.5z/data=!4m9!4m8!1m0!1m5!1m1!1s0x47e64bda31aef93f:0x8a096ab7a5b49c9!2m2!1d2.4329379!2d49.2643338!3e2?entry=ttu&amp;g_ep=EgoyMDI0MDgyOC4wIKXMDSoASAFQAw%3D%3D" data-type="link" data-id="https://www.google.com/maps/dir//Mairie+Annexe+des+Martinets,+Avenue+Anatole+France,+Montataire/@49.2607274,2.4265345,15.5z/data=!4m9!4m8!1m0!1m5!1m1!1s0x47e64bda31aef93f:0x8a096ab7a5b49c9!2m2!1d2.4329379!2d49.2643338!3e2?entry=ttu&amp;g_ep=EgoyMDI0MDgyOC4wIKXMDSoASAFQAw%3D%3D" target="_blank" rel="noreferrer noopener">82, avenue Anatole France - 60160 Montataire</a><br><a href="tel:0344270930">03 44 27 09 30</a><br><a href="https://mairie-montataire.fr/de/uns-kontaktieren/" target="_blank" rel="noreferrer noopener"></a><a href="https://mairie-montataire.fr/de/uns-kontaktieren/" target="_blank" rel="noreferrer noopener">Kontaktieren Sie das Rathaus</a></p>
</div>
</div>



<h2 class="wp-block-heading"><strong>Weitere Sprechstunden im Mairie Annexe des Martinets</strong></h2>


					<div
						class="wp-block-uagb-image-gallery uagb-block-4ff9122b"
						style=""
					>
											<div class="spectra-image-gallery spectra-image-gallery__layout--masonry spectra-image-gallery__layout--masonry-col-1 spectra-image-gallery__layout--masonry-col-tab-1 spectra-image-gallery__layout--masonry-col-mob-1">
											<div class='spectra-image-gallery__media-wrapper--isotope'>
							<div class='spectra-image-gallery__media-wrapper' data-spectra-gallery-image-id='4309' tabindex="0">
							<div class="spectra-image-gallery__media spectra-image-gallery__media--masonry">
				<picture>
					<source media="(min-width: 1024px)" srcset="https://mairie-montataire.fr/app/uploads/2024/09/PLANNING-PERMANENCES-Mairie-Principale--1024x724.jpg">
					<source media="(min-width: 768px)" srcset="https://mairie-montataire.fr/app/uploads/2024/09/PLANNING-PERMANENCES-Mairie-Principale--1024x724.jpg">
					<img decoding="async" class="spectra-image-gallery__media-thumbnail spectra-image-gallery__media-thumbnail--masonry" src="https://mairie-montataire.fr/app/uploads/2024/09/PLANNING-PERMANENCES-Mairie-Principale--300x212.jpg" alt="" loading="lazy" />
				</picture>
				<div class="spectra-image-gallery__media-thumbnail-blurrer"></div>
							</div>
								<div class="spectra-image-gallery__media-thumbnail-caption-wrapper spectra-image-gallery__media-thumbnail-caption-wrapper--bar-outside">
										<div class="spectra-image-gallery__media-thumbnail-caption spectra-image-gallery__media-thumbnail-caption--bar-outside">
					<strong>Sprechstunden im Rathaus Annexe des Martinets</strong>				</div>
								</div>
							</div>
						</div>
										</div>
																		</div>
											<div class='spectra-image-gallery__control-lightbox' tabindex='0'>
											<div class="swiper spectra-image-gallery__control-lightbox--main" dir="">
					<div class="swiper-wrapper">
													
							<div class="swiper-slide">
								<img class="swiper-lazy" data-src="https://mairie-montataire.fr/app/uploads/2024/09/PLANNING-PERMANENCES-Mairie-Principale-.jpg" alt=""/>
								<div class="swiper-lazy-preloader swiper-lazy-preloader-white"></div>
																	<div class="spectra-image-gallery__control-lightbox--caption" data-spectra-gallery-image-id='4309'>
										<strong>Sprechstunden im Rathaus Annexe des Martinets</strong>									</div>
															</div>
											</div>
					<div class="swiper-button-next"></div>
					<div class="swiper-button-prev"></div>
				</div>			
																																<button class='spectra-image-gallery__control-lightbox--close' aria-label="Close">
													<svg xmlns="https://www.w3.org/2000/svg" viewbox= "0 0 320 512"><path d="M310.6 361.4c12.5 12.5 12.5 32.75 0 45.25C304.4 412.9 296.2 416 288 416s-16.38-3.125-22.62-9.375L160 301.3L54.63 406.6C48.38 412.9 40.19 416 32 416S15.63 412.9 9.375 406.6c-12.5-12.5-12.5-32.75 0-45.25l105.4-105.4L9.375 150.6c-12.5-12.5-12.5-32.75 0-45.25s32.75-12.5 45.25 0L160 210.8l105.4-105.4c12.5-12.5 32.75-12.5 45.25 0s12.5 32.75 0 45.25l-105.4 105.4L310.6 361.4z"></path></svg>
												</button>
													</div>

Inscription pour la permanence de Monsieur le Maire Jour LUNDI JEUDI PREMIER SAMEDI DU MOIS DERNIER SAMEDI DU MOIS Créneaux de 10h à 12h de 10h à 12h de 9h30 à 10h30 de 9h30 à 10h30 Lieu En présentiel à la Mairie Annexe des Martinets En présentiel en Mairie Au téléphone au 03 44 64&hellip;
