{"id":7888,"date":"2026-04-29T09:53:49","date_gmt":"2026-04-29T09:53:49","guid":{"rendered":"https:\/\/mairie-montataire.fr\/?post_type=event&#038;p=7888"},"modified":"2026-04-29T09:53:50","modified_gmt":"2026-04-29T09:53:50","slug":"rechtsanwalte-im-dienste-der-steuerzahler-hilfe-bei-der-einkommensteuererklarung-2025","status":"publish","type":"event","link":"https:\/\/mairie-montataire.fr\/de\/agenda\/information\/les-avocats-au-service-des-contribuables-aide-a-la-declaration-de-revenus-2025\/","title":{"rendered":"Rechtsanw\u00e4lte im Dienste der Steuerzahler - Hilfe bei der Einkommensteuererkl\u00e4rung 2025"},"content":{"rendered":"<p>Der Ordre des avocats - Barreau de Senlis veranstaltet am Donnerstag, den 7. Mai 2026, einen Steuertag f\u00fcr Steuerzahler, um sie mit einer <strong>Hilfe bei ihrer Einkommensteuererkl\u00e4rung 2025<\/strong>.<\/p>\n\n\n\n<div class=\"wp-block-uagb-image aligncenter uagb-block-8d7641c2 wp-block-uagb-image--layout-default wp-block-uagb-image--effect-static wp-block-uagb-image--align-center\"><figure class=\"wp-block-uagb-image__figure\"><img decoding=\"async\" srcset=\"https:\/\/mairie-montataire.fr\/app\/uploads\/2026\/04\/Affiche-journee-Fiscalite-724x1024.png ,https:\/\/mairie-montataire.fr\/app\/uploads\/2026\/04\/Affiche-journee-Fiscalite-scaled.png 780w, https:\/\/mairie-montataire.fr\/app\/uploads\/2026\/04\/Affiche-journee-Fiscalite-scaled.png 360w\" sizes=\"auto, (max-width: 480px) 150px\" src=\"https:\/\/mairie-montataire.fr\/app\/uploads\/2026\/04\/Affiche-journee-Fiscalite-724x1024.png\" alt=\"\" class=\"uag-image-7902\" width=\"724\" height=\"1024\" title=\"Poster Tag des Steuerwesens\" loading=\"lazy\" role=\"img\"\/><\/figure><\/div>","protected":false},"featured_media":7903,"parent":0,"template":"","meta":{"_acf_changed":true,"_uag_custom_page_level_css":""},"event-theme":[91],"class_list":["post-7888","event","type-event","status-publish","has-post-thumbnail","hentry","event-theme-information"],"acf":[],"uagb_featured_image_src":{"full":["https:\/\/mairie-montataire.fr\/app\/uploads\/2026\/04\/Agenda_JourneeFiscalite.jpg",450,335,false],"thumbnail":["https:\/\/mairie-montataire.fr\/app\/uploads\/2026\/04\/Agenda_JourneeFiscalite-150x150.jpg",150,150,true],"medium":["https:\/\/mairie-montataire.fr\/app\/uploads\/2026\/04\/Agenda_JourneeFiscalite-300x223.jpg",300,223,true],"medium_large":["https:\/\/mairie-montataire.fr\/app\/uploads\/2026\/04\/Agenda_JourneeFiscalite.jpg",450,335,false],"large":["https:\/\/mairie-montataire.fr\/app\/uploads\/2026\/04\/Agenda_JourneeFiscalite.jpg",450,335,false],"1536x1536":["https:\/\/mairie-montataire.fr\/app\/uploads\/2026\/04\/Agenda_JourneeFiscalite.jpg",450,335,false],"2048x2048":["https:\/\/mairie-montataire.fr\/app\/uploads\/2026\/04\/Agenda_JourneeFiscalite.jpg",450,335,false],"trp-custom-language-flag":["https:\/\/mairie-montataire.fr\/app\/uploads\/2026\/04\/Agenda_JourneeFiscalite-16x12.jpg",16,12,true],"gform-image-choice-sm":["https:\/\/mairie-montataire.fr\/app\/uploads\/2026\/04\/Agenda_JourneeFiscalite.jpg",300,223,false],"gform-image-choice-md":["https:\/\/mairie-montataire.fr\/app\/uploads\/2026\/04\/Agenda_JourneeFiscalite.jpg",400,298,false],"gform-image-choice-lg":["https:\/\/mairie-montataire.fr\/app\/uploads\/2026\/04\/Agenda_JourneeFiscalite.jpg",450,335,false]},"uagb_author_info":{"display_name":"Laure Pubert","author_link":"https:\/\/mairie-montataire.fr\/de\/actualites\/author\/"},"uagb_comment_info":0,"uagb_excerpt":"Une journ\u00e9e fiscalit\u00e9 est organis\u00e9e par l&rsquo;Ordre des avocats &#8211; Barreau de Senlis, le jeudi 7 mai 2026 pour les contribuables afin de leur apporter une aide pour leur d\u00e9claration de revenus 2025.","_links":{"self":[{"href":"https:\/\/mairie-montataire.fr\/de\/wp-json\/wp\/v2\/event\/7888","targetHints":{"allow":["GET"]}}],"collection":[{"href":"https:\/\/mairie-montataire.fr\/de\/wp-json\/wp\/v2\/event"}],"about":[{"href":"https:\/\/mairie-montataire.fr\/de\/wp-json\/wp\/v2\/types\/event"}],"wp:featuredmedia":[{"embeddable":true,"href":"https:\/\/mairie-montataire.fr\/de\/wp-json\/wp\/v2\/media\/7903"}],"wp:attachment":[{"href":"https:\/\/mairie-montataire.fr\/de\/wp-json\/wp\/v2\/media?parent=7888"}],"wp:term":[{"taxonomy":"event-theme","embeddable":true,"href":"https:\/\/mairie-montataire.fr\/de\/wp-json\/wp\/v2\/event-theme?post=7888"}],"curies":[{"name":"wp","href":"https:\/\/api.w.org\/{rel}","templated":true}]}}

Rechtsanwälte im Dienste der Steuerzahler - Hilfe bei der Einkommensteuererklärung 2025

<p>Der Ordre des avocats - Barreau de Senlis veranstaltet am Donnerstag, den 7. Mai 2026, einen Steuertag für Steuerzahler, um sie mit einer <strong>Hilfe bei ihrer Einkommensteuererklärung 2025</strong>.</p>



<div class="wp-block-uagb-image aligncenter uagb-block-8d7641c2 wp-block-uagb-image--layout-default wp-block-uagb-image--effect-static wp-block-uagb-image--align-center"><figure class="wp-block-uagb-image__figure"><img decoding="async" srcset="https://mairie-montataire.fr/app/uploads/2026/04/Affiche-journee-Fiscalite-724x1024.png ,https://mairie-montataire.fr/app/uploads/2026/04/Affiche-journee-Fiscalite-scaled.png 780w, https://mairie-montataire.fr/app/uploads/2026/04/Affiche-journee-Fiscalite-scaled.png 360w" sizes="auto, (max-width: 480px) 150px" src="https://mairie-montataire.fr/app/uploads/2026/04/Affiche-journee-Fiscalite-724x1024.png" alt="" class="uag-image-7902" width="724" height="1024" title="Poster Tag des Steuerwesens" loading="lazy" role="img"/></figure></div>

Une journée fiscalité est organisée par l&rsquo;Ordre des avocats &#8211; Barreau de Senlis, le jeudi 7 mai 2026 pour les contribuables afin de leur apporter une aide pour leur déclaration de revenus 2025.
