{"id":7731,"date":"2026-03-25T14:54:09","date_gmt":"2026-03-25T14:54:09","guid":{"rendered":"https:\/\/mairie-montataire.fr\/?post_type=event&#038;p=7731"},"modified":"2026-03-25T14:54:09","modified_gmt":"2026-03-25T14:54:09","slug":"versammlung-fur-palastina","status":"publish","type":"event","link":"https:\/\/mairie-montataire.fr\/de\/agenda\/rencontres\/rassemblement-pour-la-palestine\/","title":{"rendered":"Kundgebung f\u00fcr Pal\u00e4stina"},"content":{"rendered":"<p><a href=\"https:\/\/mairie-montataire.fr\/de\/verzeichnisse\/vereine-2\/stadtepartnerschaften-und-internationales\/partnerschaftskomitee-montataire-dheisheh\/\">Das Partnerschaftskomitee Montataire Dheisheh<\/a>, <a href=\"https:\/\/www.facebook.com\/nsoaida\/?locale=fr_FR\" target=\"_blank\" rel=\"noreferrer noopener\">der Verein Nogent A\u00efda<\/a>, <a href=\"https:\/\/www.france-palestine.org\/\" target=\"_blank\" rel=\"noreferrer noopener\">der Verein France Palestine Solidarit\u00e9<\/a>, <a href=\"https:\/\/www.facebook.com\/Crail.Palestine.Association\/\" target=\"_blank\" rel=\"noreferrer noopener\">der Verein Creil - Pal\u00e4stina<\/a> und die Stadt Montataire organisieren eine Kundgebung anl\u00e4sslich des Tags der Erde, an dem 1976 die Pal\u00e4stinenser gegen die Beschlagnahmung ihres Landes protestierten.<\/p>\n\n\n\n<div class=\"wp-block-uagb-image aligncenter uagb-block-14b60956 wp-block-uagb-image--layout-default wp-block-uagb-image--effect-static wp-block-uagb-image--align-center\"><figure class=\"wp-block-uagb-image__figure\"><img decoding=\"async\" srcset=\"https:\/\/mairie-montataire.fr\/app\/uploads\/2026\/03\/Flyer-Rassemblement-du-28mars-724x1024.png ,https:\/\/mairie-montataire.fr\/app\/uploads\/2026\/03\/Flyer-Rassemblement-du-28mars.png 780w, https:\/\/mairie-montataire.fr\/app\/uploads\/2026\/03\/Flyer-Rassemblement-du-28mars.png 360w\" sizes=\"auto, (max-width: 480px) 150px\" src=\"https:\/\/mairie-montataire.fr\/app\/uploads\/2026\/03\/Flyer-Rassemblement-du-28mars-724x1024.png\" alt=\"\" class=\"uag-image-7732\" width=\"724\" height=\"1024\" title=\"Flyer Kundgebung am 28. M\u00e4rz\" loading=\"lazy\" role=\"img\"\/><\/figure><\/div>","protected":false},"featured_media":7733,"parent":0,"template":"","meta":{"_acf_changed":true,"_uag_custom_page_level_css":""},"event-theme":[78],"class_list":["post-7731","event","type-event","status-publish","has-post-thumbnail","hentry","event-theme-rencontres"],"acf":[],"uagb_featured_image_src":{"full":["https:\/\/mairie-montataire.fr\/app\/uploads\/2026\/03\/Agenda_RassemblementPalestine280326.jpg",450,335,false],"thumbnail":["https:\/\/mairie-montataire.fr\/app\/uploads\/2026\/03\/Agenda_RassemblementPalestine280326-150x150.jpg",150,150,true],"medium":["https:\/\/mairie-montataire.fr\/app\/uploads\/2026\/03\/Agenda_RassemblementPalestine280326-300x223.jpg",300,223,true],"medium_large":["https:\/\/mairie-montataire.fr\/app\/uploads\/2026\/03\/Agenda_RassemblementPalestine280326.jpg",450,335,false],"large":["https:\/\/mairie-montataire.fr\/app\/uploads\/2026\/03\/Agenda_RassemblementPalestine280326.jpg",450,335,false],"1536x1536":["https:\/\/mairie-montataire.fr\/app\/uploads\/2026\/03\/Agenda_RassemblementPalestine280326.jpg",450,335,false],"2048x2048":["https:\/\/mairie-montataire.fr\/app\/uploads\/2026\/03\/Agenda_RassemblementPalestine280326.jpg",450,335,false],"trp-custom-language-flag":["https:\/\/mairie-montataire.fr\/app\/uploads\/2026\/03\/Agenda_RassemblementPalestine280326-16x12.jpg",16,12,true],"gform-image-choice-sm":["https:\/\/mairie-montataire.fr\/app\/uploads\/2026\/03\/Agenda_RassemblementPalestine280326.jpg",300,223,false],"gform-image-choice-md":["https:\/\/mairie-montataire.fr\/app\/uploads\/2026\/03\/Agenda_RassemblementPalestine280326.jpg",400,298,false],"gform-image-choice-lg":["https:\/\/mairie-montataire.fr\/app\/uploads\/2026\/03\/Agenda_RassemblementPalestine280326.jpg",450,335,false]},"uagb_author_info":{"display_name":"Laure Pubert","author_link":"https:\/\/mairie-montataire.fr\/de\/actualites\/author\/"},"uagb_comment_info":0,"uagb_excerpt":"Le comit\u00e9 de jumelage Montataire Dheisheh, l&rsquo;association Nogent A\u00efda, l&rsquo;association France Palestine Solidarit\u00e9, l&rsquo;association Creil &#8211; Palestine et la ville de Montataire organisent un rassemblement \u00e0 l&rsquo;occasion de la Journ\u00e9e de la Terre o\u00f9 en 1976, les palestinien.ne.s ont protest\u00e9 contre la confiscation de leurs terres.","_links":{"self":[{"href":"https:\/\/mairie-montataire.fr\/de\/wp-json\/wp\/v2\/event\/7731","targetHints":{"allow":["GET"]}}],"collection":[{"href":"https:\/\/mairie-montataire.fr\/de\/wp-json\/wp\/v2\/event"}],"about":[{"href":"https:\/\/mairie-montataire.fr\/de\/wp-json\/wp\/v2\/types\/event"}],"wp:featuredmedia":[{"embeddable":true,"href":"https:\/\/mairie-montataire.fr\/de\/wp-json\/wp\/v2\/media\/7733"}],"wp:attachment":[{"href":"https:\/\/mairie-montataire.fr\/de\/wp-json\/wp\/v2\/media?parent=7731"}],"wp:term":[{"taxonomy":"event-theme","embeddable":true,"href":"https:\/\/mairie-montataire.fr\/de\/wp-json\/wp\/v2\/event-theme?post=7731"}],"curies":[{"name":"wp","href":"https:\/\/api.w.org\/{rel}","templated":true}]}}

Kundgebung für Palästina

<p><a href="https://mairie-montataire.fr/de/verzeichnisse/vereine-2/stadtepartnerschaften-und-internationales/partnerschaftskomitee-montataire-dheisheh/">Das Partnerschaftskomitee Montataire Dheisheh</a>, <a href="https://www.facebook.com/nsoaida/?locale=fr_FR" target="_blank" rel="noreferrer noopener">der Verein Nogent Aïda</a>, <a href="https://www.france-palestine.org/" target="_blank" rel="noreferrer noopener">der Verein France Palestine Solidarité</a>, <a href="https://www.facebook.com/Crail.Palestine.Association/" target="_blank" rel="noreferrer noopener">der Verein Creil - Palästina</a> und die Stadt Montataire organisieren eine Kundgebung anlässlich des Tags der Erde, an dem 1976 die Palästinenser gegen die Beschlagnahmung ihres Landes protestierten.</p>



<div class="wp-block-uagb-image aligncenter uagb-block-14b60956 wp-block-uagb-image--layout-default wp-block-uagb-image--effect-static wp-block-uagb-image--align-center"><figure class="wp-block-uagb-image__figure"><img decoding="async" srcset="https://mairie-montataire.fr/app/uploads/2026/03/Flyer-Rassemblement-du-28mars-724x1024.png ,https://mairie-montataire.fr/app/uploads/2026/03/Flyer-Rassemblement-du-28mars.png 780w, https://mairie-montataire.fr/app/uploads/2026/03/Flyer-Rassemblement-du-28mars.png 360w" sizes="auto, (max-width: 480px) 150px" src="https://mairie-montataire.fr/app/uploads/2026/03/Flyer-Rassemblement-du-28mars-724x1024.png" alt="" class="uag-image-7732" width="724" height="1024" title="Flyer Kundgebung am 28. März" loading="lazy" role="img"/></figure></div>

Le comité de jumelage Montataire Dheisheh, l&rsquo;association Nogent Aïda, l&rsquo;association France Palestine Solidarité, l&rsquo;association Creil &#8211; Palestine et la ville de Montataire organisent un rassemblement à l&rsquo;occasion de la Journée de la Terre où en 1976, les palestinien.ne.s ont protesté contre la confiscation de leurs terres.
