{"id":7321,"date":"2025-12-15T10:23:36","date_gmt":"2025-12-15T10:23:36","guid":{"rendered":"https:\/\/mairie-montataire.fr\/?post_type=event&#038;p=7321"},"modified":"2025-12-15T10:23:36","modified_gmt":"2025-12-15T10:23:36","slug":"die-pariser-feuerwehrleute-geben-eine-vorfuhrung-in-montataire","status":"publish","type":"event","link":"https:\/\/mairie-montataire.fr\/de\/agenda\/vie-associative\/les-pompiers-de-paris-en-spectacle-a-montataire\/","title":{"rendered":"Die Pariser Feuerwehrleute geben eine Vorf\u00fchrung in Montataire"},"content":{"rendered":"<p>Die Gemeinde Montataire wird am <strong>Samstag, 10. Januar, um 18 Uhr<\/strong> : ein <strong>zweist\u00fcndige Show<\/strong> vorgestellt von der <strong>Turnabteilung der Pariser Feuerwehr<\/strong>, auf Initiative von <strong>der Turnverein <a href=\"https:\/\/mairie-montataire.fr\/de\/verzeichnisse\/vereine-2\/sport\/esperance-municipale-de-montataire\/\">Esp\u00e9rance Municipale<\/a><\/strong>, Organisatorin der Veranstaltung.<\/p>\n\n\n\n<p>Diese f\u00fcr ihre hervorragenden Leistungen bekannte Elitegruppe vereint <strong>Sportdisziplin, spektakul\u00e4re Akrobatik und operatives Know-how<\/strong>. Er hat sich bei zahlreichen prestigetr\u00e4chtigen Veranstaltungen einen Namen gemacht, insbesondere bei den <strong>Er\u00f6ffnungs- und Abschlussfeier der Olympischen Spiele in Paris<\/strong>am <strong>Zirkus von Monaco<\/strong>, in <strong>Miss France 2024<\/strong>, sowie zum <strong>Winterzirkus Bouglione<\/strong>. Ihr Auftritt beim Abschluss der Spiele mit einer spektakul\u00e4ren Inszenierung im Stade de France hat insbesondere Eindruck hinterlassen.<\/p>\n\n\n\n<p>Diese Show, <strong>F\u00fcr Familien und Kinder sehr empfehlenswert<\/strong>, bietet ein einzigartiges Eintauchen in die Welt der Feuerwehrleute durch hochkar\u00e4tige Turnvorf\u00fchrungen, die <strong>Technisches Know-how, Engagement und Teamgeist<\/strong>.<\/p>\n\n\n\n<p>Ein kulturelles und sportliches Ereignis, das Sie nicht verpassen sollten und das die Werte von <strong>Selbst\u00fcberwindung, Solidarit\u00e4t und Spitzenleistungen<\/strong>, die f\u00fcr Vereine und \u00f6ffentliche Dienste von gro\u00dfer Bedeutung sind.<\/p>\n\n\n\n<div class=\"wp-block-uagb-image aligncenter uagb-block-7c7db817 wp-block-uagb-image--layout-default wp-block-uagb-image--effect-static wp-block-uagb-image--align-center\"><figure class=\"wp-block-uagb-image__figure\"><img decoding=\"async\" srcset=\"https:\/\/mairie-montataire.fr\/app\/uploads\/2025\/12\/Spectacle-Pompiers-de-Paris-6-724x1024.jpg ,https:\/\/mairie-montataire.fr\/app\/uploads\/2025\/12\/Spectacle-Pompiers-de-Paris-6.jpg 780w, https:\/\/mairie-montataire.fr\/app\/uploads\/2025\/12\/Spectacle-Pompiers-de-Paris-6.jpg 360w\" sizes=\"auto, (max-width: 480px) 150px\" src=\"https:\/\/mairie-montataire.fr\/app\/uploads\/2025\/12\/Spectacle-Pompiers-de-Paris-6-724x1024.jpg\" alt=\"\" class=\"uag-image-7323\" width=\"724\" height=\"1024\" title=\"Show \u201eFeuerwehrleute von Paris\u201c (6)\" loading=\"lazy\" role=\"img\"\/><\/figure><\/div>","protected":false},"featured_media":7322,"parent":0,"template":"","meta":{"_acf_changed":true,"_uag_custom_page_level_css":""},"event-theme":[73],"class_list":["post-7321","event","type-event","status-publish","has-post-thumbnail","hentry","event-theme-vie-associative"],"acf":[],"uagb_featured_image_src":{"full":["https:\/\/mairie-montataire.fr\/app\/uploads\/2025\/12\/Agenda_SpectPompiersParisEMM.jpg",450,335,false],"thumbnail":["https:\/\/mairie-montataire.fr\/app\/uploads\/2025\/12\/Agenda_SpectPompiersParisEMM-150x150.jpg",150,150,true],"medium":["https:\/\/mairie-montataire.fr\/app\/uploads\/2025\/12\/Agenda_SpectPompiersParisEMM-300x223.jpg",300,223,true],"medium_large":["https:\/\/mairie-montataire.fr\/app\/uploads\/2025\/12\/Agenda_SpectPompiersParisEMM.jpg",450,335,false],"large":["https:\/\/mairie-montataire.fr\/app\/uploads\/2025\/12\/Agenda_SpectPompiersParisEMM.jpg",450,335,false],"1536x1536":["https:\/\/mairie-montataire.fr\/app\/uploads\/2025\/12\/Agenda_SpectPompiersParisEMM.jpg",450,335,false],"2048x2048":["https:\/\/mairie-montataire.fr\/app\/uploads\/2025\/12\/Agenda_SpectPompiersParisEMM.jpg",450,335,false],"trp-custom-language-flag":["https:\/\/mairie-montataire.fr\/app\/uploads\/2025\/12\/Agenda_SpectPompiersParisEMM-16x12.jpg",16,12,true],"gform-image-choice-sm":["https:\/\/mairie-montataire.fr\/app\/uploads\/2025\/12\/Agenda_SpectPompiersParisEMM.jpg",300,223,false],"gform-image-choice-md":["https:\/\/mairie-montataire.fr\/app\/uploads\/2025\/12\/Agenda_SpectPompiersParisEMM.jpg",400,298,false],"gform-image-choice-lg":["https:\/\/mairie-montataire.fr\/app\/uploads\/2025\/12\/Agenda_SpectPompiersParisEMM.jpg",450,335,false]},"uagb_author_info":{"display_name":"Laure Pubert","author_link":"https:\/\/mairie-montataire.fr\/de\/actualites\/author\/"},"uagb_comment_info":0,"uagb_excerpt":"La commune de Montataire accueillera un \u00e9v\u00e9nement d\u2019exception le samedi 10 janvier \u00e0 18h : un spectacle de deux heures pr\u00e9sent\u00e9 par la Section de gymnastique des Sapeurs-Pompiers de Paris, \u00e0 l\u2019initiative de l\u2019association de gymnastique Esp\u00e9rance Municipale, organisatrice de la manifestation. Reconnu pour l\u2019excellence de ses performances, ce groupe d\u2019\u00e9lite allie discipline sportive, acrobaties&hellip;","_links":{"self":[{"href":"https:\/\/mairie-montataire.fr\/de\/wp-json\/wp\/v2\/event\/7321","targetHints":{"allow":["GET"]}}],"collection":[{"href":"https:\/\/mairie-montataire.fr\/de\/wp-json\/wp\/v2\/event"}],"about":[{"href":"https:\/\/mairie-montataire.fr\/de\/wp-json\/wp\/v2\/types\/event"}],"wp:featuredmedia":[{"embeddable":true,"href":"https:\/\/mairie-montataire.fr\/de\/wp-json\/wp\/v2\/media\/7322"}],"wp:attachment":[{"href":"https:\/\/mairie-montataire.fr\/de\/wp-json\/wp\/v2\/media?parent=7321"}],"wp:term":[{"taxonomy":"event-theme","embeddable":true,"href":"https:\/\/mairie-montataire.fr\/de\/wp-json\/wp\/v2\/event-theme?post=7321"}],"curies":[{"name":"wp","href":"https:\/\/api.w.org\/{rel}","templated":true}]}}

Die Pariser Feuerwehrleute geben eine Vorführung in Montataire

<p>Die Gemeinde Montataire wird am <strong>Samstag, 10. Januar, um 18 Uhr</strong> : ein <strong>zweistündige Show</strong> vorgestellt von der <strong>Turnabteilung der Pariser Feuerwehr</strong>, auf Initiative von <strong>der Turnverein <a href="https://mairie-montataire.fr/de/verzeichnisse/vereine-2/sport/esperance-municipale-de-montataire/">Espérance Municipale</a></strong>, Organisatorin der Veranstaltung.</p>



<p>Diese für ihre hervorragenden Leistungen bekannte Elitegruppe vereint <strong>Sportdisziplin, spektakuläre Akrobatik und operatives Know-how</strong>. Er hat sich bei zahlreichen prestigeträchtigen Veranstaltungen einen Namen gemacht, insbesondere bei den <strong>Eröffnungs- und Abschlussfeier der Olympischen Spiele in Paris</strong>am <strong>Zirkus von Monaco</strong>, in <strong>Miss France 2024</strong>, sowie zum <strong>Winterzirkus Bouglione</strong>. Ihr Auftritt beim Abschluss der Spiele mit einer spektakulären Inszenierung im Stade de France hat insbesondere Eindruck hinterlassen.</p>



<p>Diese Show, <strong>Für Familien und Kinder sehr empfehlenswert</strong>, bietet ein einzigartiges Eintauchen in die Welt der Feuerwehrleute durch hochkarätige Turnvorführungen, die <strong>Technisches Know-how, Engagement und Teamgeist</strong>.</p>



<p>Ein kulturelles und sportliches Ereignis, das Sie nicht verpassen sollten und das die Werte von <strong>Selbstüberwindung, Solidarität und Spitzenleistungen</strong>, die für Vereine und öffentliche Dienste von großer Bedeutung sind.</p>



<div class="wp-block-uagb-image aligncenter uagb-block-7c7db817 wp-block-uagb-image--layout-default wp-block-uagb-image--effect-static wp-block-uagb-image--align-center"><figure class="wp-block-uagb-image__figure"><img decoding="async" srcset="https://mairie-montataire.fr/app/uploads/2025/12/Spectacle-Pompiers-de-Paris-6-724x1024.jpg ,https://mairie-montataire.fr/app/uploads/2025/12/Spectacle-Pompiers-de-Paris-6.jpg 780w, https://mairie-montataire.fr/app/uploads/2025/12/Spectacle-Pompiers-de-Paris-6.jpg 360w" sizes="auto, (max-width: 480px) 150px" src="https://mairie-montataire.fr/app/uploads/2025/12/Spectacle-Pompiers-de-Paris-6-724x1024.jpg" alt="" class="uag-image-7323" width="724" height="1024" title="Show „Feuerwehrleute von Paris“ (6)" loading="lazy" role="img"/></figure></div>

La commune de Montataire accueillera un événement d’exception le samedi 10 janvier à 18h : un spectacle de deux heures présenté par la Section de gymnastique des Sapeurs-Pompiers de Paris, à l’initiative de l’association de gymnastique Espérance Municipale, organisatrice de la manifestation. Reconnu pour l’excellence de ses performances, ce groupe d’élite allie discipline sportive, acrobaties&hellip;
