{"id":7317,"date":"2025-12-12T14:00:13","date_gmt":"2025-12-12T14:00:13","guid":{"rendered":"https:\/\/mairie-montataire.fr\/?post_type=event&#038;p=7317"},"modified":"2025-12-12T14:00:13","modified_gmt":"2025-12-12T14:00:13","slug":"offene-turen-fusball-fur-madchen","status":"publish","type":"event","link":"https:\/\/mairie-montataire.fr\/de\/agenda\/vie-associative\/portes-ouvertes-football-pour-les-filles\/","title":{"rendered":"Fu\u00dfball-Tag der offenen T\u00fcr f\u00fcr M\u00e4dchen"},"content":{"rendered":"<p>Ein Mini-Fu\u00dfball- und Futsal-Nachmittag, um M\u00e4dchen im Alter von 6 bis 13 Jahren den Fu\u00dfballsport n\u00e4herzubringen! Der <a href=\"https:\/\/mairie-montataire.fr\/de\/verzeichnisse\/vereine-2\/sport\/standard-football-club-montataire\/\" target=\"_blank\" rel=\"noreferrer noopener\">Standard Football Club Montataire<\/a> bietet diesen Tag der offenen T\u00fcr am Samstag, den 20. Dezember, zwischen 14 und 17 Uhr in der Sporthalle Marcel Coene an.<\/p>\n\n\n\n<p><strong>Programm : <\/strong><\/p>\n\n\n\n<ul class=\"wp-block-list\">\n<li style=\"font-style:normal;font-weight:400\">Empfang der Teilnehmerinnen (Einrichtung, Vorstellung des Nachmittagsprogramms und kleines Aufw\u00e4rmtraining)<\/li>\n\n\n\n<li style=\"font-style:normal;font-weight:400\">Unterhaltsame Fu\u00dfball-Workshops f\u00fcr alle Leistungsstufen\n<ul class=\"wp-block-list\">\n<li>Unterhaltsame Technikparcours<\/li>\n\n\n\n<li>Minispiele mit Ball<\/li>\n\n\n\n<li>Pr\u00e4zisionsschie\u00dfen<\/li>\n\n\n\n<li>Herausforderungen im Team<\/li>\n\n\n\n<li>Fu\u00dfball-Relay-Kurs<\/li>\n<\/ul>\n<\/li>\n\n\n\n<li style=\"font-style:normal;font-weight:400\">Miniturnier (kleine Spiele unter Anleitung, um den Fu\u00dfball auf spielerische Weise zu entdecken)<\/li>\n\n\n\n<li style=\"font-style:normal;font-weight:400\">Geselliger Nachmittagstee<\/li>\n\n\n\n<li style=\"font-style:normal;font-weight:400\">Souvenirgeschenk und Einladung zu einer kostenlosen Fu\u00dfball-Schnupperstunde<\/li>\n<\/ul>\n\n\n\n<p><\/p>","protected":false},"featured_media":7318,"parent":0,"template":"","meta":{"_acf_changed":true,"_uag_custom_page_level_css":""},"event-theme":[73],"class_list":["post-7317","event","type-event","status-publish","has-post-thumbnail","hentry","event-theme-vie-associative"],"acf":[],"uagb_featured_image_src":{"full":["https:\/\/mairie-montataire.fr\/app\/uploads\/2025\/12\/Agenda_FootballFillesStandard.jpg",450,335,false],"thumbnail":["https:\/\/mairie-montataire.fr\/app\/uploads\/2025\/12\/Agenda_FootballFillesStandard-150x150.jpg",150,150,true],"medium":["https:\/\/mairie-montataire.fr\/app\/uploads\/2025\/12\/Agenda_FootballFillesStandard-300x223.jpg",300,223,true],"medium_large":["https:\/\/mairie-montataire.fr\/app\/uploads\/2025\/12\/Agenda_FootballFillesStandard.jpg",450,335,false],"large":["https:\/\/mairie-montataire.fr\/app\/uploads\/2025\/12\/Agenda_FootballFillesStandard.jpg",450,335,false],"1536x1536":["https:\/\/mairie-montataire.fr\/app\/uploads\/2025\/12\/Agenda_FootballFillesStandard.jpg",450,335,false],"2048x2048":["https:\/\/mairie-montataire.fr\/app\/uploads\/2025\/12\/Agenda_FootballFillesStandard.jpg",450,335,false],"trp-custom-language-flag":["https:\/\/mairie-montataire.fr\/app\/uploads\/2025\/12\/Agenda_FootballFillesStandard-16x12.jpg",16,12,true],"gform-image-choice-sm":["https:\/\/mairie-montataire.fr\/app\/uploads\/2025\/12\/Agenda_FootballFillesStandard.jpg",300,223,false],"gform-image-choice-md":["https:\/\/mairie-montataire.fr\/app\/uploads\/2025\/12\/Agenda_FootballFillesStandard.jpg",400,298,false],"gform-image-choice-lg":["https:\/\/mairie-montataire.fr\/app\/uploads\/2025\/12\/Agenda_FootballFillesStandard.jpg",450,335,false]},"uagb_author_info":{"display_name":"Laure Pubert","author_link":"https:\/\/mairie-montataire.fr\/de\/actualites\/author\/"},"uagb_comment_info":0,"uagb_excerpt":"Un apr\u00e8s-mini football et futsal pour faire d\u00e9couvrir le jeux du ballon aux jeunes filles de 6 \u00e0 13 ans ! Le Standard Football Club de Montataire propose ces portes-ouvertes du foot le samedi 20 d\u00e9cembre entre 14h et 17h au gymnase Marcel Coene. Le programme :","_links":{"self":[{"href":"https:\/\/mairie-montataire.fr\/de\/wp-json\/wp\/v2\/event\/7317","targetHints":{"allow":["GET"]}}],"collection":[{"href":"https:\/\/mairie-montataire.fr\/de\/wp-json\/wp\/v2\/event"}],"about":[{"href":"https:\/\/mairie-montataire.fr\/de\/wp-json\/wp\/v2\/types\/event"}],"wp:featuredmedia":[{"embeddable":true,"href":"https:\/\/mairie-montataire.fr\/de\/wp-json\/wp\/v2\/media\/7318"}],"wp:attachment":[{"href":"https:\/\/mairie-montataire.fr\/de\/wp-json\/wp\/v2\/media?parent=7317"}],"wp:term":[{"taxonomy":"event-theme","embeddable":true,"href":"https:\/\/mairie-montataire.fr\/de\/wp-json\/wp\/v2\/event-theme?post=7317"}],"curies":[{"name":"wp","href":"https:\/\/api.w.org\/{rel}","templated":true}]}}

Fußball-Tag der offenen Tür für Mädchen

<p>Ein Mini-Fußball- und Futsal-Nachmittag, um Mädchen im Alter von 6 bis 13 Jahren den Fußballsport näherzubringen! Der <a href="https://mairie-montataire.fr/de/verzeichnisse/vereine-2/sport/standard-football-club-montataire/" target="_blank" rel="noreferrer noopener">Standard Football Club Montataire</a> bietet diesen Tag der offenen Tür am Samstag, den 20. Dezember, zwischen 14 und 17 Uhr in der Sporthalle Marcel Coene an.</p>



<p><strong>Programm : </strong></p>



<ul class="wp-block-list">
<li style="font-style:normal;font-weight:400">Empfang der Teilnehmerinnen (Einrichtung, Vorstellung des Nachmittagsprogramms und kleines Aufwärmtraining)</li>



<li style="font-style:normal;font-weight:400">Unterhaltsame Fußball-Workshops für alle Leistungsstufen
<ul class="wp-block-list">
<li>Unterhaltsame Technikparcours</li>



<li>Minispiele mit Ball</li>



<li>Präzisionsschießen</li>



<li>Herausforderungen im Team</li>



<li>Fußball-Relay-Kurs</li>
</ul>
</li>



<li style="font-style:normal;font-weight:400">Miniturnier (kleine Spiele unter Anleitung, um den Fußball auf spielerische Weise zu entdecken)</li>



<li style="font-style:normal;font-weight:400">Geselliger Nachmittagstee</li>



<li style="font-style:normal;font-weight:400">Souvenirgeschenk und Einladung zu einer kostenlosen Fußball-Schnupperstunde</li>
</ul>



<p></p>

Un après-mini football et futsal pour faire découvrir le jeux du ballon aux jeunes filles de 6 à 13 ans ! Le Standard Football Club de Montataire propose ces portes-ouvertes du foot le samedi 20 décembre entre 14h et 17h au gymnase Marcel Coene. Le programme :
