{"id":7258,"date":"2025-11-28T13:04:56","date_gmt":"2025-11-28T13:04:56","guid":{"rendered":"https:\/\/mairie-montataire.fr\/?post_type=event&#038;p=7258"},"modified":"2025-11-28T13:04:57","modified_gmt":"2025-11-28T13:04:57","slug":"jahresendpaket-fur-rentner","status":"publish","type":"event","link":"https:\/\/mairie-montataire.fr\/de\/agenda\/retraites\/colis-de-fin-dannee-pour-les-retraites\/","title":{"rendered":"Weihnachtspakete f\u00fcr Rentner"},"content":{"rendered":"<p>Die Rentner der Stadt erhielten einige Tage vor der Verteilung eine Einladung per Post, in der das Datum, die Uhrzeit, der Ort und die Art des gew\u00fcnschten Pakets (traditionell oder s\u00fc\u00df) angegeben waren. Diese Einladung muss am Tag der Verteilung vorgelegt werden, um das Paket zu erhalten. Es ist m\u00f6glich, eine Vollmacht auszustellen (auf der R\u00fcckseite der Einladung).<\/p>\n\n\n\n<p>Um niemanden zu vergessen, wird im Dezember eine Verteilung in den Seniorenheimen stattfinden, um denjenigen, die die Gemeinde verlassen haben, das Paket zu \u00fcbergeben.<br><\/p>\n\n\n\n<p><\/p>","protected":false},"featured_media":7259,"parent":0,"template":"","meta":{"_acf_changed":true,"_uag_custom_page_level_css":""},"event-theme":[99],"class_list":["post-7258","event","type-event","status-publish","has-post-thumbnail","hentry","event-theme-retraites"],"acf":[],"uagb_featured_image_src":{"full":["https:\/\/mairie-montataire.fr\/app\/uploads\/2025\/11\/Agenda_ColisRetraites.jpg",450,335,false],"thumbnail":["https:\/\/mairie-montataire.fr\/app\/uploads\/2025\/11\/Agenda_ColisRetraites-150x150.jpg",150,150,true],"medium":["https:\/\/mairie-montataire.fr\/app\/uploads\/2025\/11\/Agenda_ColisRetraites-300x223.jpg",300,223,true],"medium_large":["https:\/\/mairie-montataire.fr\/app\/uploads\/2025\/11\/Agenda_ColisRetraites.jpg",450,335,false],"large":["https:\/\/mairie-montataire.fr\/app\/uploads\/2025\/11\/Agenda_ColisRetraites.jpg",450,335,false],"1536x1536":["https:\/\/mairie-montataire.fr\/app\/uploads\/2025\/11\/Agenda_ColisRetraites.jpg",450,335,false],"2048x2048":["https:\/\/mairie-montataire.fr\/app\/uploads\/2025\/11\/Agenda_ColisRetraites.jpg",450,335,false],"trp-custom-language-flag":["https:\/\/mairie-montataire.fr\/app\/uploads\/2025\/11\/Agenda_ColisRetraites-16x12.jpg",16,12,true],"gform-image-choice-sm":["https:\/\/mairie-montataire.fr\/app\/uploads\/2025\/11\/Agenda_ColisRetraites.jpg",300,223,false],"gform-image-choice-md":["https:\/\/mairie-montataire.fr\/app\/uploads\/2025\/11\/Agenda_ColisRetraites.jpg",400,298,false],"gform-image-choice-lg":["https:\/\/mairie-montataire.fr\/app\/uploads\/2025\/11\/Agenda_ColisRetraites.jpg",450,335,false]},"uagb_author_info":{"display_name":"Laure Pubert","author_link":"https:\/\/mairie-montataire.fr\/de\/actualites\/author\/"},"uagb_comment_info":0,"uagb_excerpt":"Les retrait\u00e9s de la Ville ont re\u00e7u un carton d&rsquo;invitation \u00e0 domicile quelques jours avant la distribution pour rappeler la date, l&rsquo;heure, le lieu et le colis qui a \u00e9t\u00e9 demand\u00e9 (traditionnel ou sucr\u00e9). Il faudra le remettre le jour j pour r\u00e9cup\u00e9rer le colis. Il est possible de faire une procuration (au dos de&hellip;","_links":{"self":[{"href":"https:\/\/mairie-montataire.fr\/de\/wp-json\/wp\/v2\/event\/7258","targetHints":{"allow":["GET"]}}],"collection":[{"href":"https:\/\/mairie-montataire.fr\/de\/wp-json\/wp\/v2\/event"}],"about":[{"href":"https:\/\/mairie-montataire.fr\/de\/wp-json\/wp\/v2\/types\/event"}],"wp:featuredmedia":[{"embeddable":true,"href":"https:\/\/mairie-montataire.fr\/de\/wp-json\/wp\/v2\/media\/7259"}],"wp:attachment":[{"href":"https:\/\/mairie-montataire.fr\/de\/wp-json\/wp\/v2\/media?parent=7258"}],"wp:term":[{"taxonomy":"event-theme","embeddable":true,"href":"https:\/\/mairie-montataire.fr\/de\/wp-json\/wp\/v2\/event-theme?post=7258"}],"curies":[{"name":"wp","href":"https:\/\/api.w.org\/{rel}","templated":true}]}}

Weihnachtspakete für Rentner

<p>Die Rentner der Stadt erhielten einige Tage vor der Verteilung eine Einladung per Post, in der das Datum, die Uhrzeit, der Ort und die Art des gewünschten Pakets (traditionell oder süß) angegeben waren. Diese Einladung muss am Tag der Verteilung vorgelegt werden, um das Paket zu erhalten. Es ist möglich, eine Vollmacht auszustellen (auf der Rückseite der Einladung).</p>



<p>Um niemanden zu vergessen, wird im Dezember eine Verteilung in den Seniorenheimen stattfinden, um denjenigen, die die Gemeinde verlassen haben, das Paket zu übergeben.<br></p>



<p></p>

Les retraités de la Ville ont reçu un carton d&rsquo;invitation à domicile quelques jours avant la distribution pour rappeler la date, l&rsquo;heure, le lieu et le colis qui a été demandé (traditionnel ou sucré). Il faudra le remettre le jour j pour récupérer le colis. Il est possible de faire une procuration (au dos de&hellip;
