{"id":7197,"date":"2025-11-14T09:26:07","date_gmt":"2025-11-14T09:26:07","guid":{"rendered":"https:\/\/mairie-montataire.fr\/?post_type=event&#038;p=7197"},"modified":"2025-11-14T09:26:39","modified_gmt":"2025-11-14T09:26:39","slug":"societe-ouvriere-dhorticulture-st-de-temperance-beitragserneuerung-2026","status":"publish","type":"event","link":"https:\/\/mairie-montataire.fr\/de\/agenda\/vie-associative\/societe-ouvriere-dhorticulture-st-de-temperance-renouvellement-des-cotisation-2026\/","title":{"rendered":"Soci\u00e9t\u00e9 Ouvri\u00e8re d'Horticulture et de Temp\u00e9rance - Erneuerung der Mitgliedsbeitr\u00e4ge 2026"},"content":{"rendered":"<p>Um die Mitgliedsbeitr\u00e4ge auf den neuesten Stand zu bringen, \u00f6ffnet die Soci\u00e9t\u00e9 Ouvri\u00e8re d'Horticulture et de Temp\u00e9rance de Montataire ihre R\u00e4umlichkeiten am <strong>samstags 15. und 22. November<\/strong>von <strong>9:00 bis 17:00 Uhr<\/strong> ohne Unterbrechung.<\/p>\n\n\n\n<p>Die Karten sowie die Bestellungen von Setzlingen und Samen werden f\u00fcr die Saison 2026 abgegeben.<\/p>\n\n\n\n<p><mark style=\"background-color:rgba(0, 0, 0, 0)\" class=\"has-inline-color has-secondary-700-color\">Nach Ablauf dieser Frist wird ein Gartenabzug vorgenommen.<\/mark><\/p>\n\n\n\n<p><\/p>","protected":false},"featured_media":2749,"parent":0,"template":"","meta":{"_acf_changed":false,"_uag_custom_page_level_css":""},"event-theme":[73],"class_list":["post-7197","event","type-event","status-publish","has-post-thumbnail","hentry","event-theme-vie-associative"],"acf":[],"uagb_featured_image_src":{"full":["https:\/\/mairie-montataire.fr\/app\/uploads\/2024\/08\/Logo_SocieteOuvriereHorticultureTemperanceMontataire.jpg",270,230,false],"thumbnail":["https:\/\/mairie-montataire.fr\/app\/uploads\/2024\/08\/Logo_SocieteOuvriereHorticultureTemperanceMontataire-150x150.jpg",150,150,true],"medium":["https:\/\/mairie-montataire.fr\/app\/uploads\/2024\/08\/Logo_SocieteOuvriereHorticultureTemperanceMontataire.jpg",270,230,false],"medium_large":["https:\/\/mairie-montataire.fr\/app\/uploads\/2024\/08\/Logo_SocieteOuvriereHorticultureTemperanceMontataire.jpg",270,230,false],"large":["https:\/\/mairie-montataire.fr\/app\/uploads\/2024\/08\/Logo_SocieteOuvriereHorticultureTemperanceMontataire.jpg",270,230,false],"1536x1536":["https:\/\/mairie-montataire.fr\/app\/uploads\/2024\/08\/Logo_SocieteOuvriereHorticultureTemperanceMontataire.jpg",270,230,false],"2048x2048":["https:\/\/mairie-montataire.fr\/app\/uploads\/2024\/08\/Logo_SocieteOuvriereHorticultureTemperanceMontataire.jpg",270,230,false],"trp-custom-language-flag":["https:\/\/mairie-montataire.fr\/app\/uploads\/2024\/08\/Logo_SocieteOuvriereHorticultureTemperanceMontataire.jpg",14,12,false],"gform-image-choice-sm":["https:\/\/mairie-montataire.fr\/app\/uploads\/2024\/08\/Logo_SocieteOuvriereHorticultureTemperanceMontataire.jpg",270,230,false],"gform-image-choice-md":["https:\/\/mairie-montataire.fr\/app\/uploads\/2024\/08\/Logo_SocieteOuvriereHorticultureTemperanceMontataire.jpg",270,230,false],"gform-image-choice-lg":["https:\/\/mairie-montataire.fr\/app\/uploads\/2024\/08\/Logo_SocieteOuvriereHorticultureTemperanceMontataire.jpg",270,230,false]},"uagb_author_info":{"display_name":"Laure Pubert","author_link":"https:\/\/mairie-montataire.fr\/de\/actualites\/author\/"},"uagb_comment_info":0,"uagb_excerpt":"Pour mettre \u00e0 jour la cotisation de ses membres, la Soci\u00e9t\u00e9 Ouvri\u00e8re d&rsquo;Horticulture et de Temp\u00e9rance de Montataire ouvre ses locaux les samedis 15 et 22 novembre, de 9h \u00e0 17h sans interruption. Les cartes ainsi que les commandes de plants et de graines seront remises pour la saison 2026. Pass\u00e9 ce d\u00e9lai, un retrait&hellip;","_links":{"self":[{"href":"https:\/\/mairie-montataire.fr\/de\/wp-json\/wp\/v2\/event\/7197","targetHints":{"allow":["GET"]}}],"collection":[{"href":"https:\/\/mairie-montataire.fr\/de\/wp-json\/wp\/v2\/event"}],"about":[{"href":"https:\/\/mairie-montataire.fr\/de\/wp-json\/wp\/v2\/types\/event"}],"wp:featuredmedia":[{"embeddable":true,"href":"https:\/\/mairie-montataire.fr\/de\/wp-json\/wp\/v2\/media\/2749"}],"wp:attachment":[{"href":"https:\/\/mairie-montataire.fr\/de\/wp-json\/wp\/v2\/media?parent=7197"}],"wp:term":[{"taxonomy":"event-theme","embeddable":true,"href":"https:\/\/mairie-montataire.fr\/de\/wp-json\/wp\/v2\/event-theme?post=7197"}],"curies":[{"name":"wp","href":"https:\/\/api.w.org\/{rel}","templated":true}]}}

Société Ouvrière d'Horticulture et de Tempérance - Erneuerung der Mitgliedsbeiträge 2026

<p>Um die Mitgliedsbeiträge auf den neuesten Stand zu bringen, öffnet die Société Ouvrière d'Horticulture et de Tempérance de Montataire ihre Räumlichkeiten am <strong>samstags 15. und 22. November</strong>von <strong>9:00 bis 17:00 Uhr</strong> ohne Unterbrechung.</p>



<p>Die Karten sowie die Bestellungen von Setzlingen und Samen werden für die Saison 2026 abgegeben.</p>



<p><mark style="background-color:rgba(0, 0, 0, 0)" class="has-inline-color has-secondary-700-color">Nach Ablauf dieser Frist wird ein Gartenabzug vorgenommen.</mark></p>



<p></p>

Pour mettre à jour la cotisation de ses membres, la Société Ouvrière d&rsquo;Horticulture et de Tempérance de Montataire ouvre ses locaux les samedis 15 et 22 novembre, de 9h à 17h sans interruption. Les cartes ainsi que les commandes de plants et de graines seront remises pour la saison 2026. Passé ce délai, un retrait&hellip;
