{"id":7179,"date":"2025-11-07T15:26:22","date_gmt":"2025-11-07T15:26:22","guid":{"rendered":"https:\/\/mairie-montataire.fr\/?post_type=event&#038;p=7179"},"modified":"2025-11-13T10:10:39","modified_gmt":"2025-11-13T10:10:39","slug":"die-stimme-von-hind-rajab-in-einer-vorpremiere","status":"publish","type":"event","link":"https:\/\/mairie-montataire.fr\/de\/agenda\/culture\/la-voix-de-hind-rajab-en-avant-premiere\/","title":{"rendered":"\u00abDie Stimme von Hind Rajab\u00bb in Vorpremiere"},"content":{"rendered":"<p><strong>Entdecken Sie diesen bewegenden Film in einer Vorpremiere und Mehrfachausstrahlung, gefolgt von einer Live-Diskussion mit der Regisseurin Kaouther Ben Hania.<\/strong> unter <a href=\"https:\/\/www.pathe.fr\/films\/la-voix-de-hind-rajab-49679\">Kino Path\u00e9 Montataire<\/a>.<\/p>\n\n\n\n<p><em>Der Film ist auf Franz\u00f6sisch und die Gesangspassagen sind in der Originalfassung.<\/em><\/p>\n\n\n\n<p>\u00ab29. Januar 2024. Die Freiwilligen des Roten Halbmonds erhalten einen Notruf. Ein sechsj\u00e4hriges M\u00e4dchen ist in einem Auto in Gaza unter Beschuss gefangen und fleht um Hilfe. W\u00e4hrend sie versuchen, sie am Telefon zu halten, tun sie alles in ihrer Macht Stehende, um einen Krankenwagen zu schicken. Ihr Name war Hind Rajab.\u00bb<\/p>\n\n\n\n<p><\/p>\n\n\n\n<figure class=\"wp-block-embed is-type-video is-provider-youtube wp-block-embed-youtube wp-embed-aspect-16-9 wp-has-aspect-ratio\"><div class=\"wp-block-embed__wrapper\">\n<script>document.addEventListener('DOMContentLoaded', function() {(tarteaucitron.job = tarteaucitron.job || []).push('youtube');});<\/script><div class=\"youtube_player\" videoid=\"vtfzaSQi8Fw\" width=\"100%\" height=\"100%\" style=\"height:50vw\" theme=\"light\" rel=\"0\" controls=\"1\" showinfo=\"1\" autoplay=\"0\"><\/div>\n<\/div><\/figure>","protected":false},"featured_media":7183,"parent":0,"template":"","meta":{"_acf_changed":true,"_uag_custom_page_level_css":""},"event-theme":[72],"class_list":["post-7179","event","type-event","status-publish","has-post-thumbnail","hentry","event-theme-culture"],"acf":[],"uagb_featured_image_src":{"full":["https:\/\/mairie-montataire.fr\/app\/uploads\/2025\/11\/logo-pathe-ok.png",1221,845,false],"thumbnail":["https:\/\/mairie-montataire.fr\/app\/uploads\/2025\/11\/logo-pathe-ok-150x150.png",150,150,true],"medium":["https:\/\/mairie-montataire.fr\/app\/uploads\/2025\/11\/logo-pathe-ok-300x208.png",300,208,true],"medium_large":["https:\/\/mairie-montataire.fr\/app\/uploads\/2025\/11\/logo-pathe-ok-768x531.png",768,531,true],"large":["https:\/\/mairie-montataire.fr\/app\/uploads\/2025\/11\/logo-pathe-ok-1024x709.png",1024,709,true],"1536x1536":["https:\/\/mairie-montataire.fr\/app\/uploads\/2025\/11\/logo-pathe-ok.png",1221,845,false],"2048x2048":["https:\/\/mairie-montataire.fr\/app\/uploads\/2025\/11\/logo-pathe-ok.png",1221,845,false],"trp-custom-language-flag":["https:\/\/mairie-montataire.fr\/app\/uploads\/2025\/11\/logo-pathe-ok-18x12.png",18,12,true],"gform-image-choice-sm":["https:\/\/mairie-montataire.fr\/app\/uploads\/2025\/11\/logo-pathe-ok.png",300,208,false],"gform-image-choice-md":["https:\/\/mairie-montataire.fr\/app\/uploads\/2025\/11\/logo-pathe-ok.png",400,277,false],"gform-image-choice-lg":["https:\/\/mairie-montataire.fr\/app\/uploads\/2025\/11\/logo-pathe-ok.png",600,415,false]},"uagb_author_info":{"display_name":"Laure Pubert","author_link":"https:\/\/mairie-montataire.fr\/de\/actualites\/author\/"},"uagb_comment_info":0,"uagb_excerpt":"D\u00e9couvrez ce film poignant en avant-premi\u00e8re et multidiffusion suivi d&rsquo;un direct avec la r\u00e9alisatrice Kaouther Ben Hania au cin\u00e9ma Path\u00e9 Montataire. Le film est en fran\u00e7ais et les parties chant\u00e9es en version originale. \u00ab\u00a029 janvier 2024. Les b\u00e9n\u00e9voles du Croissant-Rouge re\u00e7oivent un appel d&rsquo;urgence. Une fillette de six ans est pi\u00e9g\u00e9e dans une voiture sous&hellip;","_links":{"self":[{"href":"https:\/\/mairie-montataire.fr\/de\/wp-json\/wp\/v2\/event\/7179","targetHints":{"allow":["GET"]}}],"collection":[{"href":"https:\/\/mairie-montataire.fr\/de\/wp-json\/wp\/v2\/event"}],"about":[{"href":"https:\/\/mairie-montataire.fr\/de\/wp-json\/wp\/v2\/types\/event"}],"wp:featuredmedia":[{"embeddable":true,"href":"https:\/\/mairie-montataire.fr\/de\/wp-json\/wp\/v2\/media\/7183"}],"wp:attachment":[{"href":"https:\/\/mairie-montataire.fr\/de\/wp-json\/wp\/v2\/media?parent=7179"}],"wp:term":[{"taxonomy":"event-theme","embeddable":true,"href":"https:\/\/mairie-montataire.fr\/de\/wp-json\/wp\/v2\/event-theme?post=7179"}],"curies":[{"name":"wp","href":"https:\/\/api.w.org\/{rel}","templated":true}]}}

<p><strong>Entdecken Sie diesen bewegenden Film in einer Vorpremiere und Mehrfachausstrahlung, gefolgt von einer Live-Diskussion mit der Regisseurin Kaouther Ben Hania.</strong> unter <a href="https://www.pathe.fr/films/la-voix-de-hind-rajab-49679">Kino Pathé Montataire</a>.</p>



<p><em>Der Film ist auf Französisch und die Gesangspassagen sind in der Originalfassung.</em></p>



<p>«29. Januar 2024. Die Freiwilligen des Roten Halbmonds erhalten einen Notruf. Ein sechsjähriges Mädchen ist in einem Auto in Gaza unter Beschuss gefangen und fleht um Hilfe. Während sie versuchen, sie am Telefon zu halten, tun sie alles in ihrer Macht Stehende, um einen Krankenwagen zu schicken. Ihr Name war Hind Rajab.»</p>



<p></p>



<figure class="wp-block-embed is-type-video is-provider-youtube wp-block-embed-youtube wp-embed-aspect-16-9 wp-has-aspect-ratio"><div class="wp-block-embed__wrapper">
<script>document.addEventListener('DOMContentLoaded', function() {(tarteaucitron.job = tarteaucitron.job || []).push('youtube');});</script><div class="youtube_player" videoid="vtfzaSQi8Fw" width="100%" height="100%" style="height:50vw" theme="light" rel="0" controls="1" showinfo="1" autoplay="0"></div>
</div></figure>

Découvrez ce film poignant en avant-première et multidiffusion suivi d&rsquo;un direct avec la réalisatrice Kaouther Ben Hania au cinéma Pathé Montataire. Le film est en français et les parties chantées en version originale. « 29 janvier 2024. Les bénévoles du Croissant-Rouge reçoivent un appel d&rsquo;urgence. Une fillette de six ans est piégée dans une voiture sous&hellip;
