{"id":7149,"date":"2025-11-04T09:19:36","date_gmt":"2025-11-04T09:19:36","guid":{"rendered":"https:\/\/mairie-montataire.fr\/?post_type=event&#038;p=7149"},"modified":"2025-11-13T13:11:53","modified_gmt":"2025-11-13T13:11:53","slug":"festival-les-yeux-ouverts-sur-la-diversite","status":"publish","type":"event","link":"https:\/\/mairie-montataire.fr\/de\/agenda\/festival-films-et-debats\/festival-les-yeux-ouverts-sur-la-diversite\/","title":{"rendered":"Festival - Augen auf f\u00fcr die Vielfalt"},"content":{"rendered":"<p>F\u00fcr seine 20<sup>e<\/sup> Ausgabe, die <strong>festival \u201cAugen auf f\u00fcr die Vielfalt\u201d<\/strong> kehrt nach Montataire zur\u00fcck!<br>Organisiert von <strong><a href=\"https:\/\/laligue.org\/\" target=\"_blank\" rel=\"noreferrer noopener\">die Ligue de l'enseignement de l'Oise (Bildungsliga des Departements Oise)<\/a><\/strong> und <strong><a href=\"https:\/\/www.image-in60.com\/\" target=\"_blank\" rel=\"noreferrer noopener\">Image'IN<\/a><\/strong>, Diese Veranstaltung stellt das Kino als Mittel zur \u00d6ffnung und Reflexion \u00fcber die Welt in den Mittelpunkt.<\/p>\n\n\n\n<p>Auch in diesem Jahr l\u00e4dt das Festival in die <strong>Schulen in Montataire<\/strong> - Mittel- und Oberstufe - um den Sch\u00fclern die M\u00f6glichkeit zu geben, Filme zu entdecken, die wichtige gesellschaftliche Fragen auf angemessene Weise ansprechen: <strong>Gleichheit, Solidarit\u00e4t, Migration, Engagement, Umwelt<\/strong>...<\/p>\n\n\n\n<h2 class=\"wp-block-heading\">Ein Highlight f\u00fcr alle<\/h2>\n\n\n\n<p><strong>Vorf\u00fchrung und Diskussion des Films <em>Die Geschichte von Souleymane<\/em><\/strong> von Boris Lojkin (2024)<\/p>\n\n\n\n<p>\u00abW\u00e4hrend er durch die Stra\u00dfen von Paris radelt, um Essen auszuliefern, wiederholt Souleymane seine Geschichte. In zwei Tagen muss er sein Asylanh\u00f6rungsgespr\u00e4ch absolvieren, der Schl\u00fcssel zu seinen Papieren. Aber Souleymane ist noch nicht bereit\u00bb.\u00bb<\/p>\n\n\n\n<figure class=\"wp-block-embed is-type-video is-provider-youtube wp-block-embed-youtube wp-embed-aspect-16-9 wp-has-aspect-ratio\"><div class=\"wp-block-embed__wrapper\">\n<script>document.addEventListener('DOMContentLoaded', function() {(tarteaucitron.job = tarteaucitron.job || []).push('youtube');});<\/script><div class=\"youtube_player\" videoid=\"CCMvdrBkb6w\" width=\"100%\" height=\"100%\" style=\"height:50vw\" theme=\"light\" rel=\"0\" controls=\"1\" showinfo=\"1\" autoplay=\"0\"><\/div>\n<\/div><\/figure>\n\n\n\n<p>Der Film, der in Cannes und bei den C\u00e9sars ausgezeichnet wurde, bietet einen intimen Blick auf die administrative Realit\u00e4t der Immigration in Frankreich anhand der Reise eines jungen Lieferjungen aus Guinea.<\/p>","protected":false},"featured_media":7186,"parent":0,"template":"","meta":{"_acf_changed":true,"_uag_custom_page_level_css":""},"event-theme":[76],"class_list":["post-7149","event","type-event","status-publish","has-post-thumbnail","hentry","event-theme-festival-films-et-debats"],"acf":[],"uagb_featured_image_src":{"full":["https:\/\/mairie-montataire.fr\/app\/uploads\/2025\/11\/Agenda_FestivalYeuxOuvertsDiversite_2025-2.jpg",450,335,false],"thumbnail":["https:\/\/mairie-montataire.fr\/app\/uploads\/2025\/11\/Agenda_FestivalYeuxOuvertsDiversite_2025-2-150x150.jpg",150,150,true],"medium":["https:\/\/mairie-montataire.fr\/app\/uploads\/2025\/11\/Agenda_FestivalYeuxOuvertsDiversite_2025-2-300x223.jpg",300,223,true],"medium_large":["https:\/\/mairie-montataire.fr\/app\/uploads\/2025\/11\/Agenda_FestivalYeuxOuvertsDiversite_2025-2.jpg",450,335,false],"large":["https:\/\/mairie-montataire.fr\/app\/uploads\/2025\/11\/Agenda_FestivalYeuxOuvertsDiversite_2025-2.jpg",450,335,false],"1536x1536":["https:\/\/mairie-montataire.fr\/app\/uploads\/2025\/11\/Agenda_FestivalYeuxOuvertsDiversite_2025-2.jpg",450,335,false],"2048x2048":["https:\/\/mairie-montataire.fr\/app\/uploads\/2025\/11\/Agenda_FestivalYeuxOuvertsDiversite_2025-2.jpg",450,335,false],"trp-custom-language-flag":["https:\/\/mairie-montataire.fr\/app\/uploads\/2025\/11\/Agenda_FestivalYeuxOuvertsDiversite_2025-2-16x12.jpg",16,12,true],"gform-image-choice-sm":["https:\/\/mairie-montataire.fr\/app\/uploads\/2025\/11\/Agenda_FestivalYeuxOuvertsDiversite_2025-2.jpg",300,223,false],"gform-image-choice-md":["https:\/\/mairie-montataire.fr\/app\/uploads\/2025\/11\/Agenda_FestivalYeuxOuvertsDiversite_2025-2.jpg",400,298,false],"gform-image-choice-lg":["https:\/\/mairie-montataire.fr\/app\/uploads\/2025\/11\/Agenda_FestivalYeuxOuvertsDiversite_2025-2.jpg",450,335,false]},"uagb_author_info":{"display_name":"Laure Pubert","author_link":"https:\/\/mairie-montataire.fr\/de\/actualites\/author\/"},"uagb_comment_info":0,"uagb_excerpt":"Pour sa 20e \u00e9dition, le festival \u201cLes yeux ouverts sur la diversit\u00e9\u201d revient \u00e0 Montataire !Organis\u00e9 par la Ligue de l\u2019enseignement de l\u2019Oise et Image\u2019IN, cet \u00e9v\u00e9nement met \u00e0 l\u2019honneur le cin\u00e9ma comme outil d\u2019ouverture et de r\u00e9flexion sur le monde. Cette ann\u00e9e encore, le festival s\u2019invite dans les \u00e9tablissements scolaires de Montataire \u2013 coll\u00e8ge&hellip;","_links":{"self":[{"href":"https:\/\/mairie-montataire.fr\/de\/wp-json\/wp\/v2\/event\/7149","targetHints":{"allow":["GET"]}}],"collection":[{"href":"https:\/\/mairie-montataire.fr\/de\/wp-json\/wp\/v2\/event"}],"about":[{"href":"https:\/\/mairie-montataire.fr\/de\/wp-json\/wp\/v2\/types\/event"}],"wp:featuredmedia":[{"embeddable":true,"href":"https:\/\/mairie-montataire.fr\/de\/wp-json\/wp\/v2\/media\/7186"}],"wp:attachment":[{"href":"https:\/\/mairie-montataire.fr\/de\/wp-json\/wp\/v2\/media?parent=7149"}],"wp:term":[{"taxonomy":"event-theme","embeddable":true,"href":"https:\/\/mairie-montataire.fr\/de\/wp-json\/wp\/v2\/event-theme?post=7149"}],"curies":[{"name":"wp","href":"https:\/\/api.w.org\/{rel}","templated":true}]}}

Festival - Augen auf für die Vielfalt

<p>Für seine 20<sup>e</sup> Ausgabe, die <strong>festival “Augen auf für die Vielfalt”</strong> kehrt nach Montataire zurück!<br>Organisiert von <strong><a href="https://laligue.org/" target="_blank" rel="noreferrer noopener">die Ligue de l'enseignement de l'Oise (Bildungsliga des Departements Oise)</a></strong> und <strong><a href="https://www.image-in60.com/" target="_blank" rel="noreferrer noopener">Image'IN</a></strong>, Diese Veranstaltung stellt das Kino als Mittel zur Öffnung und Reflexion über die Welt in den Mittelpunkt.</p>



<p>Auch in diesem Jahr lädt das Festival in die <strong>Schulen in Montataire</strong> - Mittel- und Oberstufe - um den Schülern die Möglichkeit zu geben, Filme zu entdecken, die wichtige gesellschaftliche Fragen auf angemessene Weise ansprechen: <strong>Gleichheit, Solidarität, Migration, Engagement, Umwelt</strong>...</p>



<h2 class="wp-block-heading">Ein Highlight für alle</h2>



<p><strong>Vorführung und Diskussion des Films <em>Die Geschichte von Souleymane</em></strong> von Boris Lojkin (2024)</p>



<p>«Während er durch die Straßen von Paris radelt, um Essen auszuliefern, wiederholt Souleymane seine Geschichte. In zwei Tagen muss er sein Asylanhörungsgespräch absolvieren, der Schlüssel zu seinen Papieren. Aber Souleymane ist noch nicht bereit».»</p>



<figure class="wp-block-embed is-type-video is-provider-youtube wp-block-embed-youtube wp-embed-aspect-16-9 wp-has-aspect-ratio"><div class="wp-block-embed__wrapper">
<script>document.addEventListener('DOMContentLoaded', function() {(tarteaucitron.job = tarteaucitron.job || []).push('youtube');});</script><div class="youtube_player" videoid="CCMvdrBkb6w" width="100%" height="100%" style="height:50vw" theme="light" rel="0" controls="1" showinfo="1" autoplay="0"></div>
</div></figure>



<p>Der Film, der in Cannes und bei den Césars ausgezeichnet wurde, bietet einen intimen Blick auf die administrative Realität der Immigration in Frankreich anhand der Reise eines jungen Lieferjungen aus Guinea.</p>

Pour sa 20e édition, le festival “Les yeux ouverts sur la diversité” revient à Montataire !Organisé par la Ligue de l’enseignement de l’Oise et Image’IN, cet événement met à l’honneur le cinéma comme outil d’ouverture et de réflexion sur le monde. Cette année encore, le festival s’invite dans les établissements scolaires de Montataire – collège&hellip;
