{"id":7046,"date":"2025-10-22T14:04:14","date_gmt":"2025-10-22T14:04:14","guid":{"rendered":"https:\/\/mairie-montataire.fr\/?post_type=event&#038;p=7046"},"modified":"2025-10-22T14:26:49","modified_gmt":"2025-10-22T14:26:49","slug":"weihnachtsmarkt","status":"publish","type":"event","link":"https:\/\/mairie-montataire.fr\/de\/agenda\/evenement\/marche-de-noel\/","title":{"rendered":"Weihnachtsmarkt"},"content":{"rendered":"<p><strong>Winterwind weht auf dem Weihnachtsmarkt<\/strong><\/p>\n\n\n\n<p>Am 17.<sup>e<\/sup> Weihnachtsmarkt der Stadt, organisiert vom <a href=\"https:\/\/mairie-montataire.fr\/de\/verzeichnisse\/vereine-2\/sport\/montataire-basketball-mbb\/\">Montataire Basketball<\/a> wird stattfinden <strong>von Samstag, 22. November 10 Uhr bis Sonntag, 23. November 17 Uhr<\/strong>.<\/p>\n\n\n\n<p>Entdecken Sie die St\u00e4nde der 45 Aussteller, die Schmuck, Kunsthandwerk, Getr\u00e4nke und Produkte aus der Region verkaufen. F\u00fcr die J\u00fcngsten steht Ponyreiten auf dem Programm und der Weihnachtsmann wird an beiden Markttagen anwesend sein! Au\u00dferdem gibt es einen Schmink- und Unterhaltungsstand (kostenlos).<\/p>\n\n\n\n<div class=\"wp-block-uagb-image aligncenter uagb-block-81877c29 wp-block-uagb-image--layout-default wp-block-uagb-image--effect-static wp-block-uagb-image--align-center\"><figure class=\"wp-block-uagb-image__figure\"><img decoding=\"async\" srcset=\"https:\/\/mairie-montataire.fr\/app\/uploads\/2025\/10\/aff-marche-noel-2025-724x1024.jpg ,https:\/\/mairie-montataire.fr\/app\/uploads\/2025\/10\/aff-marche-noel-2025-scaled.jpg 780w, https:\/\/mairie-montataire.fr\/app\/uploads\/2025\/10\/aff-marche-noel-2025-scaled.jpg 360w\" sizes=\"auto, (max-width: 480px) 150px\" src=\"https:\/\/mairie-montataire.fr\/app\/uploads\/2025\/10\/aff-marche-noel-2025-724x1024.jpg\" alt=\"\" class=\"uag-image-7048\" width=\"724\" height=\"1024\" title=\"aff markt weihnachten 2025\" loading=\"lazy\" role=\"img\"\/><\/figure><\/div>","protected":false},"featured_media":7047,"parent":0,"template":"","meta":{"_acf_changed":true,"_uag_custom_page_level_css":""},"event-theme":[88],"class_list":["post-7046","event","type-event","status-publish","has-post-thumbnail","hentry","event-theme-evenement"],"acf":[],"uagb_featured_image_src":{"full":["https:\/\/mairie-montataire.fr\/app\/uploads\/2025\/10\/Agenda_MarcheNoelMBB.jpg",450,335,false],"thumbnail":["https:\/\/mairie-montataire.fr\/app\/uploads\/2025\/10\/Agenda_MarcheNoelMBB-150x150.jpg",150,150,true],"medium":["https:\/\/mairie-montataire.fr\/app\/uploads\/2025\/10\/Agenda_MarcheNoelMBB-300x223.jpg",300,223,true],"medium_large":["https:\/\/mairie-montataire.fr\/app\/uploads\/2025\/10\/Agenda_MarcheNoelMBB.jpg",450,335,false],"large":["https:\/\/mairie-montataire.fr\/app\/uploads\/2025\/10\/Agenda_MarcheNoelMBB.jpg",450,335,false],"1536x1536":["https:\/\/mairie-montataire.fr\/app\/uploads\/2025\/10\/Agenda_MarcheNoelMBB.jpg",450,335,false],"2048x2048":["https:\/\/mairie-montataire.fr\/app\/uploads\/2025\/10\/Agenda_MarcheNoelMBB.jpg",450,335,false],"trp-custom-language-flag":["https:\/\/mairie-montataire.fr\/app\/uploads\/2025\/10\/Agenda_MarcheNoelMBB-16x12.jpg",16,12,true],"gform-image-choice-sm":["https:\/\/mairie-montataire.fr\/app\/uploads\/2025\/10\/Agenda_MarcheNoelMBB.jpg",300,223,false],"gform-image-choice-md":["https:\/\/mairie-montataire.fr\/app\/uploads\/2025\/10\/Agenda_MarcheNoelMBB.jpg",400,298,false],"gform-image-choice-lg":["https:\/\/mairie-montataire.fr\/app\/uploads\/2025\/10\/Agenda_MarcheNoelMBB.jpg",450,335,false]},"uagb_author_info":{"display_name":"Laure Pubert","author_link":"https:\/\/mairie-montataire.fr\/de\/actualites\/author\/"},"uagb_comment_info":0,"uagb_excerpt":"Souffle le vent d\u2019hiver sur le march\u00e9 de No\u00ebl Le 17e march\u00e9 de No\u00ebl de la ville, organis\u00e9 par le Montataire Basket Ball aura lieu du samedi 22 novembre 10h au dimanche 23 novembre 17h. D\u00e9couvrez les stands des 45 exposants venus vendre bijoux, objets artisanaux, boissons et produits du terroir. Pour les plus jeunes,&hellip;","_links":{"self":[{"href":"https:\/\/mairie-montataire.fr\/de\/wp-json\/wp\/v2\/event\/7046","targetHints":{"allow":["GET"]}}],"collection":[{"href":"https:\/\/mairie-montataire.fr\/de\/wp-json\/wp\/v2\/event"}],"about":[{"href":"https:\/\/mairie-montataire.fr\/de\/wp-json\/wp\/v2\/types\/event"}],"wp:featuredmedia":[{"embeddable":true,"href":"https:\/\/mairie-montataire.fr\/de\/wp-json\/wp\/v2\/media\/7047"}],"wp:attachment":[{"href":"https:\/\/mairie-montataire.fr\/de\/wp-json\/wp\/v2\/media?parent=7046"}],"wp:term":[{"taxonomy":"event-theme","embeddable":true,"href":"https:\/\/mairie-montataire.fr\/de\/wp-json\/wp\/v2\/event-theme?post=7046"}],"curies":[{"name":"wp","href":"https:\/\/api.w.org\/{rel}","templated":true}]}}

<p><strong>Winterwind weht auf dem Weihnachtsmarkt</strong></p>



<p>Am 17.<sup>e</sup> Weihnachtsmarkt der Stadt, organisiert vom <a href="https://mairie-montataire.fr/de/verzeichnisse/vereine-2/sport/montataire-basketball-mbb/">Montataire Basketball</a> wird stattfinden <strong>von Samstag, 22. November 10 Uhr bis Sonntag, 23. November 17 Uhr</strong>.</p>



<p>Entdecken Sie die Stände der 45 Aussteller, die Schmuck, Kunsthandwerk, Getränke und Produkte aus der Region verkaufen. Für die Jüngsten steht Ponyreiten auf dem Programm und der Weihnachtsmann wird an beiden Markttagen anwesend sein! Außerdem gibt es einen Schmink- und Unterhaltungsstand (kostenlos).</p>



<div class="wp-block-uagb-image aligncenter uagb-block-81877c29 wp-block-uagb-image--layout-default wp-block-uagb-image--effect-static wp-block-uagb-image--align-center"><figure class="wp-block-uagb-image__figure"><img decoding="async" srcset="https://mairie-montataire.fr/app/uploads/2025/10/aff-marche-noel-2025-724x1024.jpg ,https://mairie-montataire.fr/app/uploads/2025/10/aff-marche-noel-2025-scaled.jpg 780w, https://mairie-montataire.fr/app/uploads/2025/10/aff-marche-noel-2025-scaled.jpg 360w" sizes="auto, (max-width: 480px) 150px" src="https://mairie-montataire.fr/app/uploads/2025/10/aff-marche-noel-2025-724x1024.jpg" alt="" class="uag-image-7048" width="724" height="1024" title="aff markt weihnachten 2025" loading="lazy" role="img"/></figure></div>

Souffle le vent d’hiver sur le marché de Noël Le 17e marché de Noël de la ville, organisé par le Montataire Basket Ball aura lieu du samedi 22 novembre 10h au dimanche 23 novembre 17h. Découvrez les stands des 45 exposants venus vendre bijoux, objets artisanaux, boissons et produits du terroir. Pour les plus jeunes,&hellip;
