{"id":6991,"date":"2025-10-03T14:03:18","date_gmt":"2025-10-03T14:03:18","guid":{"rendered":"https:\/\/mairie-montataire.fr\/?post_type=event&#038;p=6991"},"modified":"2025-10-03T14:03:19","modified_gmt":"2025-10-03T14:03:19","slug":"elterncafe","status":"publish","type":"event","link":"https:\/\/mairie-montataire.fr\/de\/agenda\/rencontres\/cafe-parents\/","title":{"rendered":"Elterncaf\u00e9"},"content":{"rendered":"<p>Die Stadt Montataire organisiert einen <strong>Elterncaf\u00e9<\/strong> die <strong>Dienstag, 14. Oktober 2025<\/strong>von <strong>17:00 bis 19:00 Uhr<\/strong>am <strong>Coll\u00e8ge Anatole France (1 chemin des Champarts, Montataire)<\/strong>.<\/p>\n\n\n\n<p>Diese kostenlose Veranstaltung ist eine Gelegenheit f\u00fcr die Eltern des <strong>Viertkl\u00e4ssler, F\u00fcnftkl\u00e4ssler, der Mittelstufe und des Gymnasiums<\/strong> sich in einer freundlichen Atmosph\u00e4re bei einem angebotenen Kaffee zu treffen.<br>Eine Zeit der<strong>Austausch, Teilen und Zuh\u00f6ren<\/strong>Sie k\u00f6nnen sich \u00fcber den Alltag als Eltern austauschen und gemeinsam neue Wege und Ideen finden.<\/p>\n\n\n\n<h3 class=\"wp-block-heading\">Kinderbetreuung nach Anmeldung<\/h3>\n\n\n\n<p>Um allen eine ruhige Teilnahme zu erm\u00f6glichen, wurde eine <strong>Kinderbetreuung wird angeboten<\/strong>.<br><a href=\"https:\/\/questionnaire.apps.education.fr\/visualizer\/DKpNq97rjsx6bY8e7\">Melden Sie sich an, indem Sie dem Link folgen.<\/a> <strong>Achtung: Anmeldeschluss ist der 9. Oktober.<\/strong><\/p>","protected":false},"featured_media":6992,"parent":0,"template":"","meta":{"_acf_changed":true,"_uag_custom_page_level_css":""},"event-theme":[78],"class_list":["post-6991","event","type-event","status-publish","has-post-thumbnail","hentry","event-theme-rencontres"],"acf":[],"uagb_featured_image_src":{"full":["https:\/\/mairie-montataire.fr\/app\/uploads\/2025\/10\/Agenda_CafeParentsCiteEducative.jpg",450,335,false],"thumbnail":["https:\/\/mairie-montataire.fr\/app\/uploads\/2025\/10\/Agenda_CafeParentsCiteEducative-150x150.jpg",150,150,true],"medium":["https:\/\/mairie-montataire.fr\/app\/uploads\/2025\/10\/Agenda_CafeParentsCiteEducative-300x223.jpg",300,223,true],"medium_large":["https:\/\/mairie-montataire.fr\/app\/uploads\/2025\/10\/Agenda_CafeParentsCiteEducative.jpg",450,335,false],"large":["https:\/\/mairie-montataire.fr\/app\/uploads\/2025\/10\/Agenda_CafeParentsCiteEducative.jpg",450,335,false],"1536x1536":["https:\/\/mairie-montataire.fr\/app\/uploads\/2025\/10\/Agenda_CafeParentsCiteEducative.jpg",450,335,false],"2048x2048":["https:\/\/mairie-montataire.fr\/app\/uploads\/2025\/10\/Agenda_CafeParentsCiteEducative.jpg",450,335,false],"trp-custom-language-flag":["https:\/\/mairie-montataire.fr\/app\/uploads\/2025\/10\/Agenda_CafeParentsCiteEducative-16x12.jpg",16,12,true],"gform-image-choice-sm":["https:\/\/mairie-montataire.fr\/app\/uploads\/2025\/10\/Agenda_CafeParentsCiteEducative.jpg",300,223,false],"gform-image-choice-md":["https:\/\/mairie-montataire.fr\/app\/uploads\/2025\/10\/Agenda_CafeParentsCiteEducative.jpg",400,298,false],"gform-image-choice-lg":["https:\/\/mairie-montataire.fr\/app\/uploads\/2025\/10\/Agenda_CafeParentsCiteEducative.jpg",450,335,false]},"uagb_author_info":{"display_name":"Laure Pubert","author_link":"https:\/\/mairie-montataire.fr\/de\/actualites\/author\/"},"uagb_comment_info":0,"uagb_excerpt":"La Ville de Montataire organise un caf\u00e9-parents le mardi 14 octobre 2025, de 17h \u00e0 19h, au coll\u00e8ge Anatole France (1 chemin des Champarts, Montataire). Cet \u00e9v\u00e9nement gratuit est l\u2019occasion pour les parents d\u2019\u00e9l\u00e8ves du CM1, CM2, du coll\u00e8ge et du lyc\u00e9e de se retrouver dans une ambiance conviviale, autour d\u2019un caf\u00e9 offert.Un temps d\u2019\u00e9change,&hellip;","_links":{"self":[{"href":"https:\/\/mairie-montataire.fr\/de\/wp-json\/wp\/v2\/event\/6991","targetHints":{"allow":["GET"]}}],"collection":[{"href":"https:\/\/mairie-montataire.fr\/de\/wp-json\/wp\/v2\/event"}],"about":[{"href":"https:\/\/mairie-montataire.fr\/de\/wp-json\/wp\/v2\/types\/event"}],"wp:featuredmedia":[{"embeddable":true,"href":"https:\/\/mairie-montataire.fr\/de\/wp-json\/wp\/v2\/media\/6992"}],"wp:attachment":[{"href":"https:\/\/mairie-montataire.fr\/de\/wp-json\/wp\/v2\/media?parent=6991"}],"wp:term":[{"taxonomy":"event-theme","embeddable":true,"href":"https:\/\/mairie-montataire.fr\/de\/wp-json\/wp\/v2\/event-theme?post=6991"}],"curies":[{"name":"wp","href":"https:\/\/api.w.org\/{rel}","templated":true}]}}

Elterncafé

<p>Die Stadt Montataire organisiert einen <strong>Elterncafé</strong> die <strong>Dienstag, 14. Oktober 2025</strong>von <strong>17:00 bis 19:00 Uhr</strong>am <strong>Collège Anatole France (1 chemin des Champarts, Montataire)</strong>.</p>



<p>Diese kostenlose Veranstaltung ist eine Gelegenheit für die Eltern des <strong>Viertklässler, Fünftklässler, der Mittelstufe und des Gymnasiums</strong> sich in einer freundlichen Atmosphäre bei einem angebotenen Kaffee zu treffen.<br>Eine Zeit der<strong>Austausch, Teilen und Zuhören</strong>Sie können sich über den Alltag als Eltern austauschen und gemeinsam neue Wege und Ideen finden.</p>



<h3 class="wp-block-heading">Kinderbetreuung nach Anmeldung</h3>



<p>Um allen eine ruhige Teilnahme zu ermöglichen, wurde eine <strong>Kinderbetreuung wird angeboten</strong>.<br><a href="https://questionnaire.apps.education.fr/visualizer/DKpNq97rjsx6bY8e7">Melden Sie sich an, indem Sie dem Link folgen.</a> <strong>Achtung: Anmeldeschluss ist der 9. Oktober.</strong></p>

La Ville de Montataire organise un café-parents le mardi 14 octobre 2025, de 17h à 19h, au collège Anatole France (1 chemin des Champarts, Montataire). Cet événement gratuit est l’occasion pour les parents d’élèves du CM1, CM2, du collège et du lycée de se retrouver dans une ambiance conviviale, autour d’un café offert.Un temps d’échange,&hellip;
