{"id":6878,"date":"2025-09-23T12:41:47","date_gmt":"2025-09-23T12:41:47","guid":{"rendered":"https:\/\/mairie-montataire.fr\/?post_type=event&#038;p=6878"},"modified":"2025-09-23T12:41:48","modified_gmt":"2025-09-23T12:41:48","slug":"gemeinsam-lernen-wir-wie-wir-unseren-mull-sortieren","status":"publish","type":"event","link":"https:\/\/mairie-montataire.fr\/de\/agenda\/information\/ensemble-apprenons-comment-trier-nos-dechets\/","title":{"rendered":"Gemeinsam lernen wir, wie man seinen M\u00fcll trennt"},"content":{"rendered":"<p>Die Stadt Montataire organisiert in Partnerschaft mit der SA HLM de l'Oise eine <strong>nachmittag zur Sensibilisierung f\u00fcr die Abfallwirtschaft<\/strong> die <strong>Mittwoch, 24. September 2025<\/strong>In der Residenz Colonel Fabien<\/p>\n\n\n\n<h3 class=\"wp-block-heading\">Warum diese Aktion?<\/h3>\n\n\n\n<p>Trotz der j\u00fcngsten Renovierung der Geb\u00e4ude in der Rue Colonel Fabien bleibt die Abfallentsorgung eine t\u00e4gliche Herausforderung. Besch\u00e4digte M\u00fcllr\u00e4ume, wilde Sperrm\u00fcllablagerungen, im \u00f6ffentlichen Raum zur\u00fcckgelassene S\u00e4cke: Diese Verhaltensweisen beeintr\u00e4chtigen die Lebensqualit\u00e4t und das Image des Viertels.<br>Aus diesem Grund mobilisieren sich die Stadt und ihre Partner, um die Einwohner dabei zu unterst\u00fctzen, gute Reflexe bei der M\u00fclltrennung und beim Respekt der Gemeinschaftsr\u00e4ume anzunehmen.<\/p>\n\n\n\n<h3 class=\"wp-block-heading\">Das Programm f\u00fcr den Nachmittag<\/h3>\n\n\n\n<p>Von <strong>14h bis 16h<\/strong> :<\/p>\n\n\n\n<ul class=\"wp-block-list\">\n<li style=\"font-style:normal;font-weight:400\">T\u00fcr-zu-T\u00fcr-Befragung und Verteilung von wiederverwendbaren Tragetaschen<\/li>\n\n\n\n<li style=\"font-style:normal;font-weight:400\">Samji-Atelier (kreativ und partizipativ)<\/li>\n<\/ul>\n\n\n\n<p>Von <strong>16h bis 18h<\/strong> :<\/p>\n\n\n\n<ul class=\"wp-block-list\">\n<li style=\"font-style:normal;font-weight:400\">P\u00e4dagogischer Workshop rund um die M\u00fclltrennung<\/li>\n\n\n\n<li style=\"font-style:normal;font-weight:400\">Stand zur Erstellung der M\u00fcllkarte<\/li>\n\n\n\n<li style=\"font-style:normal;font-weight:400\">Mobiler Recyclinghof<\/li>\n\n\n\n<li style=\"font-style:normal;font-weight:400\">Ausstellung und Sensibilisierungsanimationen<\/li>\n\n\n\n<li style=\"font-style:normal;font-weight:400\">Informationsstand \u00fcber die Verwendung von Bio-Eimern<\/li>\n\n\n\n<li style=\"font-style:normal;font-weight:400\">Atelier Samji<\/li>\n\n\n\n<li style=\"font-style:normal;font-weight:400\">Geselliger Imbiss, angeboten von der SA HLM de l'Oise<\/li>\n<\/ul>\n\n\n\n<h3 class=\"wp-block-heading\">Wie geht es weiter?<\/h3>\n\n\n\n<p>Die Aktion wird fortgesetzt mit :<\/p>\n\n\n\n<ul class=\"wp-block-list\">\n<li style=\"font-style:normal;font-weight:400\"><strong>Eine begleitete Sperrm\u00fcllsammlung<\/strong>am <strong>Dienstag, 14. Oktober<\/strong>Auf dem Parkplatz in der Rue Colonel Fabien Nr. 38.<\/li>\n\n\n\n<li style=\"font-style:normal;font-weight:400\"><strong>Eine Besichtigung des Sortierzentrums<\/strong>am <strong>Mittwoch, 22. Oktober<\/strong>von 10:00 bis 12:00 Uhr, mit Transport durch die SA HLM de l'Oise.<\/li>\n<\/ul>\n\n\n\n<h3 class=\"wp-block-heading\">Eine kollektive Mobilisierung<\/h3>\n\n\n\n<p>Diese Veranstaltung wird mit Unterst\u00fctzung der <strong>SA HLM de l'Oise<\/strong>Die <strong>Sortierbotschafter<\/strong>vom <strong>Abteilung f\u00fcr Stadtpolitik<\/strong>der <strong>Agglomerationsgemeinschaft Creil Sud Oise (ACSO)<\/strong>und mehreren lokalen Verb\u00e4nden.<\/p>","protected":false},"featured_media":6879,"parent":0,"template":"","meta":{"_acf_changed":true,"_uag_custom_page_level_css":""},"event-theme":[91],"class_list":["post-6878","event","type-event","status-publish","has-post-thumbnail","hentry","event-theme-information"],"acf":[],"uagb_featured_image_src":{"full":["https:\/\/mairie-montataire.fr\/app\/uploads\/2025\/09\/Agenda_actionTriColonelFabien.jpg",450,335,false],"thumbnail":["https:\/\/mairie-montataire.fr\/app\/uploads\/2025\/09\/Agenda_actionTriColonelFabien-150x150.jpg",150,150,true],"medium":["https:\/\/mairie-montataire.fr\/app\/uploads\/2025\/09\/Agenda_actionTriColonelFabien-300x223.jpg",300,223,true],"medium_large":["https:\/\/mairie-montataire.fr\/app\/uploads\/2025\/09\/Agenda_actionTriColonelFabien.jpg",450,335,false],"large":["https:\/\/mairie-montataire.fr\/app\/uploads\/2025\/09\/Agenda_actionTriColonelFabien.jpg",450,335,false],"1536x1536":["https:\/\/mairie-montataire.fr\/app\/uploads\/2025\/09\/Agenda_actionTriColonelFabien.jpg",450,335,false],"2048x2048":["https:\/\/mairie-montataire.fr\/app\/uploads\/2025\/09\/Agenda_actionTriColonelFabien.jpg",450,335,false],"trp-custom-language-flag":["https:\/\/mairie-montataire.fr\/app\/uploads\/2025\/09\/Agenda_actionTriColonelFabien-16x12.jpg",16,12,true],"gform-image-choice-sm":["https:\/\/mairie-montataire.fr\/app\/uploads\/2025\/09\/Agenda_actionTriColonelFabien.jpg",300,223,false],"gform-image-choice-md":["https:\/\/mairie-montataire.fr\/app\/uploads\/2025\/09\/Agenda_actionTriColonelFabien.jpg",400,298,false],"gform-image-choice-lg":["https:\/\/mairie-montataire.fr\/app\/uploads\/2025\/09\/Agenda_actionTriColonelFabien.jpg",450,335,false]},"uagb_author_info":{"display_name":"Laure Pubert","author_link":"https:\/\/mairie-montataire.fr\/de\/actualites\/author\/"},"uagb_comment_info":0,"uagb_excerpt":"La Ville de Montataire, en partenariat avec la SA HLM de l\u2019Oise, organisent une apr\u00e8s-midi de sensibilisation \u00e0 la gestion des d\u00e9chets le mercredi 24 septembre 2025, \u00e0 la r\u00e9sidence Colonel Fabien. Pourquoi cette action ? Malgr\u00e9 les r\u00e9habilitations r\u00e9centes des immeubles situ\u00e9s rue Colonel Fabien, la gestion des d\u00e9chets reste un d\u00e9fi quotidien. Locaux&hellip;","_links":{"self":[{"href":"https:\/\/mairie-montataire.fr\/de\/wp-json\/wp\/v2\/event\/6878","targetHints":{"allow":["GET"]}}],"collection":[{"href":"https:\/\/mairie-montataire.fr\/de\/wp-json\/wp\/v2\/event"}],"about":[{"href":"https:\/\/mairie-montataire.fr\/de\/wp-json\/wp\/v2\/types\/event"}],"wp:featuredmedia":[{"embeddable":true,"href":"https:\/\/mairie-montataire.fr\/de\/wp-json\/wp\/v2\/media\/6879"}],"wp:attachment":[{"href":"https:\/\/mairie-montataire.fr\/de\/wp-json\/wp\/v2\/media?parent=6878"}],"wp:term":[{"taxonomy":"event-theme","embeddable":true,"href":"https:\/\/mairie-montataire.fr\/de\/wp-json\/wp\/v2\/event-theme?post=6878"}],"curies":[{"name":"wp","href":"https:\/\/api.w.org\/{rel}","templated":true}]}}

Gemeinsam lernen wir, wie man seinen Müll trennt

<p>Die Stadt Montataire organisiert in Partnerschaft mit der SA HLM de l'Oise eine <strong>nachmittag zur Sensibilisierung für die Abfallwirtschaft</strong> die <strong>Mittwoch, 24. September 2025</strong>In der Residenz Colonel Fabien</p>



<h3 class="wp-block-heading">Warum diese Aktion?</h3>



<p>Trotz der jüngsten Renovierung der Gebäude in der Rue Colonel Fabien bleibt die Abfallentsorgung eine tägliche Herausforderung. Beschädigte Müllräume, wilde Sperrmüllablagerungen, im öffentlichen Raum zurückgelassene Säcke: Diese Verhaltensweisen beeinträchtigen die Lebensqualität und das Image des Viertels.<br>Aus diesem Grund mobilisieren sich die Stadt und ihre Partner, um die Einwohner dabei zu unterstützen, gute Reflexe bei der Mülltrennung und beim Respekt der Gemeinschaftsräume anzunehmen.</p>



<h3 class="wp-block-heading">Das Programm für den Nachmittag</h3>



<p>Von <strong>14h bis 16h</strong> :</p>



<ul class="wp-block-list">
<li style="font-style:normal;font-weight:400">Tür-zu-Tür-Befragung und Verteilung von wiederverwendbaren Tragetaschen</li>



<li style="font-style:normal;font-weight:400">Samji-Atelier (kreativ und partizipativ)</li>
</ul>



<p>Von <strong>16h bis 18h</strong> :</p>



<ul class="wp-block-list">
<li style="font-style:normal;font-weight:400">Pädagogischer Workshop rund um die Mülltrennung</li>



<li style="font-style:normal;font-weight:400">Stand zur Erstellung der Müllkarte</li>



<li style="font-style:normal;font-weight:400">Mobiler Recyclinghof</li>



<li style="font-style:normal;font-weight:400">Ausstellung und Sensibilisierungsanimationen</li>



<li style="font-style:normal;font-weight:400">Informationsstand über die Verwendung von Bio-Eimern</li>



<li style="font-style:normal;font-weight:400">Atelier Samji</li>



<li style="font-style:normal;font-weight:400">Geselliger Imbiss, angeboten von der SA HLM de l'Oise</li>
</ul>



<h3 class="wp-block-heading">Wie geht es weiter?</h3>



<p>Die Aktion wird fortgesetzt mit :</p>



<ul class="wp-block-list">
<li style="font-style:normal;font-weight:400"><strong>Eine begleitete Sperrmüllsammlung</strong>am <strong>Dienstag, 14. Oktober</strong>Auf dem Parkplatz in der Rue Colonel Fabien Nr. 38.</li>



<li style="font-style:normal;font-weight:400"><strong>Eine Besichtigung des Sortierzentrums</strong>am <strong>Mittwoch, 22. Oktober</strong>von 10:00 bis 12:00 Uhr, mit Transport durch die SA HLM de l'Oise.</li>
</ul>



<h3 class="wp-block-heading">Eine kollektive Mobilisierung</h3>



<p>Diese Veranstaltung wird mit Unterstützung der <strong>SA HLM de l'Oise</strong>Die <strong>Sortierbotschafter</strong>vom <strong>Abteilung für Stadtpolitik</strong>der <strong>Agglomerationsgemeinschaft Creil Sud Oise (ACSO)</strong>und mehreren lokalen Verbänden.</p>

La Ville de Montataire, en partenariat avec la SA HLM de l’Oise, organisent une après-midi de sensibilisation à la gestion des déchets le mercredi 24 septembre 2025, à la résidence Colonel Fabien. Pourquoi cette action ? Malgré les réhabilitations récentes des immeubles situés rue Colonel Fabien, la gestion des déchets reste un défi quotidien. Locaux&hellip;
