{"id":6794,"date":"2025-08-27T08:00:00","date_gmt":"2025-08-27T08:00:00","guid":{"rendered":"https:\/\/mairie-montataire.fr\/?post_type=event&#038;p=6794"},"modified":"2025-08-22T06:57:22","modified_gmt":"2025-08-22T06:57:22","slug":"tag-der-offenen-tur-emm-der-15-monate","status":"publish","type":"event","link":"https:\/\/mairie-montataire.fr\/de\/agenda\/vie-associative\/portes-ouvertes-emm-des-15-mois\/","title":{"rendered":"Offene T\u00fcren EMM - Ab 15 Monaten"},"content":{"rendered":"<p>Der Verein <a href=\"https:\/\/mairie-montataire.fr\/de\/verzeichnisse\/vereine-2\/sport\/esperance-municipale-de-montataire\/\">Esp\u00e9rance Municipale de Montataire<\/a> bietet Ihnen Gymnastik f\u00fcr Kleinkinder ab 15 Monaten, Kinder ohne Behinderung oder mit Behinderung an. <\/p>\n\n\n\n<p><strong>Auf dem Programm stehen:<\/strong>&nbsp;<\/p>\n\n\n\n<ul class=\"wp-block-list\">\n<li style=\"font-style:normal;font-weight:400\">Riesen-Motorikparcours (um zu lernen, wie man schaukelt, rollt, auf dem Balken l\u00e4uft...)<\/li>\n\n\n\n<li style=\"font-style:normal;font-weight:400\">Gruppenspiele (Reifen, B\u00e4lle...)<\/li>\n\n\n\n<li style=\"font-style:normal;font-weight:400\">Kinderreime<\/li>\n<\/ul>\n\n\n\n<p>Es ist die ideale Aktivit\u00e4t, um einen besonderen Moment mit Mama, Papa, Tante, Opa... zu teilen. Jedes Kind muss auf dem \u00dcbungsgel\u00e4nde von einem Erwachsenen begleitet werden. Bequeme Sportkleidung f\u00fcr Kinder und Erwachsene empfohlen.<\/p>\n\n\n\n<div class=\"wp-block-uagb-image aligncenter uagb-block-a1abe891 wp-block-uagb-image--layout-default wp-block-uagb-image--effect-static wp-block-uagb-image--align-center\"><figure class=\"wp-block-uagb-image__figure\"><img decoding=\"async\" srcset=\"https:\/\/mairie-montataire.fr\/app\/uploads\/2025\/08\/BEBE-1-682x1024.jpg ,https:\/\/mairie-montataire.fr\/app\/uploads\/2025\/08\/BEBE-1.jpg 780w, https:\/\/mairie-montataire.fr\/app\/uploads\/2025\/08\/BEBE-1.jpg 360w\" sizes=\"auto, (max-width: 480px) 150px\" src=\"https:\/\/mairie-montataire.fr\/app\/uploads\/2025\/08\/BEBE-1-682x1024.jpg\" alt=\"\" class=\"uag-image-6798\" width=\"682\" height=\"1024\" title=\"BEBE2\" loading=\"lazy\" role=\"img\"\/><\/figure><\/div>\n\n\n\n<p class=\"has-text-align-center\"><em>Esp\u00e9rance Municipale de Montataire (St\u00e4dtische Hoffnung von Montataire)<\/em><\/p>\n\n\n\n<p>Weitere Aktivit\u00e4ten : <\/p>\n\n\n\n<ul class=\"wp-block-list\">\n<li style=\"font-style:normal;font-weight:400\">Fitness: 10 Gruppenfitnesskurse vom 8. bis 19. September in verschiedenen Turnhallen in Montataire und im Marie Curie-Komplex in Nogent-sur-Oise.<\/li>\n\n\n\n<li style=\"font-style:normal;font-weight:400\">Parkour, urbane Gymnastik f\u00fcr 2016, 2015 und \u00c4ltere, Mittwoch, 10. von 20.00 bis 21.15 Uhr und Freitag, 12. September, von 20.15 bis 21.30 Uhr.&nbsp;<\/li>\n\n\n\n<li style=\"font-style:normal;font-weight:400\">Handi Gym, f\u00fcr Vollj\u00e4hrige, die in einem Heim, IME... oder zu Hause sind, nach Absprache. Sitzung, bei der die Geselligkeit und das Spielerische im Vordergrund stehen.<\/li>\n\n\n\n<li style=\"font-style:normal;font-weight:400\">Ger\u00e4teturnen, Freizeit- und Wettkampfturnen, f\u00fcr Kinder ab 6 Jahren.<\/li>\n<\/ul>\n\n\n\n<p><\/p>","protected":false},"featured_media":6795,"parent":0,"template":"","meta":{"_acf_changed":false,"_uag_custom_page_level_css":""},"event-theme":[73],"class_list":["post-6794","event","type-event","status-publish","has-post-thumbnail","hentry","event-theme-vie-associative"],"acf":[],"uagb_featured_image_src":{"full":["https:\/\/mairie-montataire.fr\/app\/uploads\/2025\/08\/BEBE-e1755786034903.jpg",1364,990,false],"thumbnail":["https:\/\/mairie-montataire.fr\/app\/uploads\/2025\/08\/BEBE-e1755786034903-150x150.jpg",150,150,true],"medium":["https:\/\/mairie-montataire.fr\/app\/uploads\/2025\/08\/BEBE-e1755786034903-300x218.jpg",300,218,true],"medium_large":["https:\/\/mairie-montataire.fr\/app\/uploads\/2025\/08\/BEBE-e1755786034903-768x557.jpg",768,557,true],"large":["https:\/\/mairie-montataire.fr\/app\/uploads\/2025\/08\/BEBE-e1755786034903-1024x743.jpg",1024,743,true],"1536x1536":["https:\/\/mairie-montataire.fr\/app\/uploads\/2025\/08\/BEBE-1023x1536.jpg",1023,1536,true],"2048x2048":["https:\/\/mairie-montataire.fr\/app\/uploads\/2025\/08\/BEBE-e1755786034903.jpg",1364,990,false],"trp-custom-language-flag":["https:\/\/mairie-montataire.fr\/app\/uploads\/2025\/08\/BEBE-e1755786034903-18x12.jpg",18,12,true],"gform-image-choice-sm":["https:\/\/mairie-montataire.fr\/app\/uploads\/2025\/08\/BEBE-e1755786034903-300x300.jpg",300,300,true],"gform-image-choice-md":["https:\/\/mairie-montataire.fr\/app\/uploads\/2025\/08\/BEBE-e1755786034903-400x400.jpg",400,400,true],"gform-image-choice-lg":["https:\/\/mairie-montataire.fr\/app\/uploads\/2025\/08\/BEBE-e1755786034903-600x600.jpg",600,600,true]},"uagb_author_info":{"display_name":"Laure Pubert","author_link":"https:\/\/mairie-montataire.fr\/de\/actualites\/author\/"},"uagb_comment_info":0,"uagb_excerpt":"L&rsquo;association Esp\u00e9rance Municipale de Montataire vous propose de la gym pour a petite enfance d\u00e8s 15 mois, enfants valides ou en situation de handicap. Au programme :&nbsp; C&rsquo;est l&rsquo;activit\u00e9 id\u00e9ale pour partager un moment privil\u00e9gi\u00e9 avec maman, papa, tatie, papi&#8230;&nbsp;Chaque enfant doit \u00eatre accompagn\u00e9 d&rsquo;un adulte sur l&rsquo;aire de pratique. Tenue confortable\/de sport conseill\u00e9e pour&hellip;","_links":{"self":[{"href":"https:\/\/mairie-montataire.fr\/de\/wp-json\/wp\/v2\/event\/6794","targetHints":{"allow":["GET"]}}],"collection":[{"href":"https:\/\/mairie-montataire.fr\/de\/wp-json\/wp\/v2\/event"}],"about":[{"href":"https:\/\/mairie-montataire.fr\/de\/wp-json\/wp\/v2\/types\/event"}],"wp:featuredmedia":[{"embeddable":true,"href":"https:\/\/mairie-montataire.fr\/de\/wp-json\/wp\/v2\/media\/6795"}],"wp:attachment":[{"href":"https:\/\/mairie-montataire.fr\/de\/wp-json\/wp\/v2\/media?parent=6794"}],"wp:term":[{"taxonomy":"event-theme","embeddable":true,"href":"https:\/\/mairie-montataire.fr\/de\/wp-json\/wp\/v2\/event-theme?post=6794"}],"curies":[{"name":"wp","href":"https:\/\/api.w.org\/{rel}","templated":true}]}}

Offene Türen EMM - Ab 15 Monaten

<p>Der Verein <a href="https://mairie-montataire.fr/de/verzeichnisse/vereine-2/sport/esperance-municipale-de-montataire/">Espérance Municipale de Montataire</a> bietet Ihnen Gymnastik für Kleinkinder ab 15 Monaten, Kinder ohne Behinderung oder mit Behinderung an. </p>



<p><strong>Auf dem Programm stehen:</strong>&nbsp;</p>



<ul class="wp-block-list">
<li style="font-style:normal;font-weight:400">Riesen-Motorikparcours (um zu lernen, wie man schaukelt, rollt, auf dem Balken läuft...)</li>



<li style="font-style:normal;font-weight:400">Gruppenspiele (Reifen, Bälle...)</li>



<li style="font-style:normal;font-weight:400">Kinderreime</li>
</ul>



<p>Es ist die ideale Aktivität, um einen besonderen Moment mit Mama, Papa, Tante, Opa... zu teilen. Jedes Kind muss auf dem Übungsgelände von einem Erwachsenen begleitet werden. Bequeme Sportkleidung für Kinder und Erwachsene empfohlen.</p>



<div class="wp-block-uagb-image aligncenter uagb-block-a1abe891 wp-block-uagb-image--layout-default wp-block-uagb-image--effect-static wp-block-uagb-image--align-center"><figure class="wp-block-uagb-image__figure"><img decoding="async" srcset="https://mairie-montataire.fr/app/uploads/2025/08/BEBE-1-682x1024.jpg ,https://mairie-montataire.fr/app/uploads/2025/08/BEBE-1.jpg 780w, https://mairie-montataire.fr/app/uploads/2025/08/BEBE-1.jpg 360w" sizes="auto, (max-width: 480px) 150px" src="https://mairie-montataire.fr/app/uploads/2025/08/BEBE-1-682x1024.jpg" alt="" class="uag-image-6798" width="682" height="1024" title="BEBE2" loading="lazy" role="img"/></figure></div>



<p class="has-text-align-center"><em>Espérance Municipale de Montataire (Städtische Hoffnung von Montataire)</em></p>



<p>Weitere Aktivitäten : </p>



<ul class="wp-block-list">
<li style="font-style:normal;font-weight:400">Fitness: 10 Gruppenfitnesskurse vom 8. bis 19. September in verschiedenen Turnhallen in Montataire und im Marie Curie-Komplex in Nogent-sur-Oise.</li>



<li style="font-style:normal;font-weight:400">Parkour, urbane Gymnastik für 2016, 2015 und Ältere, Mittwoch, 10. von 20.00 bis 21.15 Uhr und Freitag, 12. September, von 20.15 bis 21.30 Uhr.&nbsp;</li>



<li style="font-style:normal;font-weight:400">Handi Gym, für Volljährige, die in einem Heim, IME... oder zu Hause sind, nach Absprache. Sitzung, bei der die Geselligkeit und das Spielerische im Vordergrund stehen.</li>



<li style="font-style:normal;font-weight:400">Geräteturnen, Freizeit- und Wettkampfturnen, für Kinder ab 6 Jahren.</li>
</ul>



<p></p>

L&rsquo;association Espérance Municipale de Montataire vous propose de la gym pour a petite enfance dès 15 mois, enfants valides ou en situation de handicap. Au programme :&nbsp; C&rsquo;est l&rsquo;activité idéale pour partager un moment privilégié avec maman, papa, tatie, papi&#8230;&nbsp;Chaque enfant doit être accompagné d&rsquo;un adulte sur l&rsquo;aire de pratique. Tenue confortable/de sport conseillée pour&hellip;
