{"id":6787,"date":"2025-09-06T08:33:00","date_gmt":"2025-09-06T08:33:00","guid":{"rendered":"https:\/\/mairie-montataire.fr\/?post_type=event&#038;p=6787"},"modified":"2025-08-21T13:47:17","modified_gmt":"2025-08-21T13:47:17","slug":"tage-des-kulturerbes","status":"publish","type":"event","link":"https:\/\/mairie-montataire.fr\/de\/agenda\/culture\/journees-du-patrimoine\/","title":{"rendered":"Tage des Kulturerbes"},"content":{"rendered":"<p>Anl\u00e4sslich der <strong>Europ\u00e4ische Tage des Kulturerbes<\/strong>, die Stadt Montataire und die <strong>Vereine f\u00fcr Erinnerung und Kulturerbe<\/strong> schlie\u00dfen sich zusammen, um Ihnen ein reichhaltiges und abwechslungsreiches Programm zu bieten.<\/p>\n\n\n\n<p>Diese Ausgabe 2025 steht unter dem Motto :<br><strong>\"Erz\u00e4hl mir ein Schloss... vom Mittelalter bis heute!\"<\/strong><\/p>\n\n\n\n<p>Schl\u00f6sser, Zeugen der Vergangenheit, wecken auch heute noch unsere Neugier und n\u00e4hren unsere kollektive Geschichte. An diesem Wochenende wird das <strong>Schloss von Montataire<\/strong>Die <strong>Stiftskirche Notre-Dame<\/strong> und der <strong>Kleines Schloss Khardys<\/strong> werden ihre T\u00fcren \u00f6ffnen, um Ihnen zu zeigen, wie die gro\u00dfe Geschichte auf die kleine traf, anhand von Orten, Personen und Traditionen.<\/p>\n\n\n\n<h2 class=\"wp-block-heading\">Programm f\u00fcr das Wochenende<\/h2>\n\n\n\n<h3 class=\"wp-block-heading\">Besichtigungen des Schlosses von Montataire<\/h3>\n\n\n\n<p>Tauchen Sie bei einem Besuch in die Geschichte ein :<\/p>\n\n\n\n<ul class=\"wp-block-list\">\n<li style=\"font-style:normal;font-weight:400\">die Bibliothek<\/li>\n\n\n\n<li style=\"font-style:normal;font-weight:400\">die Waffenkammer<\/li>\n\n\n\n<li style=\"font-style:normal;font-weight:400\">der W\u00e4chterraum<\/li>\n\n\n\n<li style=\"font-style:normal;font-weight:400\">der Stall<\/li>\n<\/ul>\n\n\n\n<h3 class=\"wp-block-heading\">Ausstellungen und Animationen in der Stiftskirche Notre-Dame<\/h3>\n\n\n\n<ul class=\"wp-block-list\">\n<li style=\"font-style:normal;font-weight:400\">Ausstellung der Kirchenfenster der Abteikirche von Saint-Leu d'Esserent<\/li>\n\n\n\n<li style=\"font-style:normal;font-weight:400\">Ausstellung \"Dessine-moi un ch\u00e2teau\" mit Kinderzeichnungen und \u00f6ffentlicher Abstimmung<\/li>\n\n\n\n<li style=\"font-style:normal;font-weight:400\">Runder Tisch der Mode, vom Mittelalter bis heute<\/li>\n\n\n\n<li style=\"font-style:normal;font-weight:400\">Workshops f\u00fcr alle :\n<ul class=\"wp-block-list\">\n<li>Herstellung von Glasmalereien (aus Papier) und Mosaiken<\/li>\n\n\n\n<li>historische Kochrezepte<\/li>\n\n\n\n<li>Kalligraphie und Buchmalerei<\/li>\n\n\n\n<li>Einf\u00fchrung in das Fechten und Bogenschie\u00dfen<\/li>\n<\/ul>\n<\/li>\n<\/ul>\n\n\n\n<h3 class=\"wp-block-heading\">Zus\u00e4tzliche Entdeckungen<\/h3>\n\n\n\n<p>Besuche des <strong>Kleines Schloss Khardys<\/strong> und der <strong>Scheune<\/strong> (Samstag und Sonntag von 14:00 bis 16:00 Uhr).<\/p>\n\n\n\n<h3 class=\"wp-block-heading\">Musikalischer Abschluss um 16:30 Uhr<\/h3>\n\n\n\n<p>Ein Konzert der<strong>AMEM<\/strong> wird diese beiden Tage in der Stiftskirche abschlie\u00dfen.<\/p>\n\n\n\n<h2 class=\"wp-block-heading\">F\u00fcr Kinder<\/h2>\n\n\n\n<ul class=\"wp-block-list\">\n<li>Entdecker-Spielp\u00e4sse zur Verf\u00fcgung<\/li>\n\n\n\n<li>Vorlesestunden f\u00fcr die J\u00fcngsten im Wachraum (mit B\u00fcchern, die das ganze Wochenende \u00fcber f\u00fcr Familienmomente zur Verf\u00fcgung stehen).<\/li>\n<\/ul>\n\n\n\n<p>Diese Europ\u00e4ischen Tage des Kulturerbes werden organisiert <strong>von der Stadt Montataire und den \u00f6rtlichen Vereinen f\u00fcr Erinnerung und Kulturerbe<\/strong>.<br>Es ist eine einzigartige Gelegenheit, sich mit der Familie auszutauschen, zu lernen und gemeinsam den Reichtum unserer Geschichte wiederzuentdecken.<\/p>\n\n\n\n<p><strong>Seien Sie neugierig, kommen Sie zahlreich!<\/strong><\/p>","protected":false},"featured_media":6788,"parent":0,"template":"","meta":{"_acf_changed":true,"_uag_custom_page_level_css":""},"event-theme":[72],"class_list":["post-6787","event","type-event","status-publish","has-post-thumbnail","hentry","event-theme-culture"],"acf":[],"uagb_featured_image_src":{"full":["https:\/\/mairie-montataire.fr\/app\/uploads\/2025\/08\/Actu_JourneesPatrimoine25.jpg",450,335,false],"thumbnail":["https:\/\/mairie-montataire.fr\/app\/uploads\/2025\/08\/Actu_JourneesPatrimoine25-150x150.jpg",150,150,true],"medium":["https:\/\/mairie-montataire.fr\/app\/uploads\/2025\/08\/Actu_JourneesPatrimoine25-300x223.jpg",300,223,true],"medium_large":["https:\/\/mairie-montataire.fr\/app\/uploads\/2025\/08\/Actu_JourneesPatrimoine25.jpg",450,335,false],"large":["https:\/\/mairie-montataire.fr\/app\/uploads\/2025\/08\/Actu_JourneesPatrimoine25.jpg",450,335,false],"1536x1536":["https:\/\/mairie-montataire.fr\/app\/uploads\/2025\/08\/Actu_JourneesPatrimoine25.jpg",450,335,false],"2048x2048":["https:\/\/mairie-montataire.fr\/app\/uploads\/2025\/08\/Actu_JourneesPatrimoine25.jpg",450,335,false],"trp-custom-language-flag":["https:\/\/mairie-montataire.fr\/app\/uploads\/2025\/08\/Actu_JourneesPatrimoine25-16x12.jpg",16,12,true],"gform-image-choice-sm":["https:\/\/mairie-montataire.fr\/app\/uploads\/2025\/08\/Actu_JourneesPatrimoine25.jpg",300,223,false],"gform-image-choice-md":["https:\/\/mairie-montataire.fr\/app\/uploads\/2025\/08\/Actu_JourneesPatrimoine25.jpg",400,298,false],"gform-image-choice-lg":["https:\/\/mairie-montataire.fr\/app\/uploads\/2025\/08\/Actu_JourneesPatrimoine25.jpg",450,335,false]},"uagb_author_info":{"display_name":"Laure Pubert","author_link":"https:\/\/mairie-montataire.fr\/de\/actualites\/author\/"},"uagb_comment_info":0,"uagb_excerpt":"\u00c0 l\u2019occasion des Journ\u00e9es Europ\u00e9ennes du Patrimoine, la Ville de Montataire et les associations de m\u00e9moire et de patrimoine s\u2019associent pour vous proposer un programme riche et vari\u00e9. Cette \u00e9dition 2025 sera plac\u00e9e sous le th\u00e8me :\u00ab Raconte-moi un ch\u00e2teau\u2026 du Moyen \u00c2ge \u00e0 nos jours ! \u00bb Les ch\u00e2teaux, t\u00e9moins du pass\u00e9, continuent d\u2019\u00e9veiller&hellip;","_links":{"self":[{"href":"https:\/\/mairie-montataire.fr\/de\/wp-json\/wp\/v2\/event\/6787","targetHints":{"allow":["GET"]}}],"collection":[{"href":"https:\/\/mairie-montataire.fr\/de\/wp-json\/wp\/v2\/event"}],"about":[{"href":"https:\/\/mairie-montataire.fr\/de\/wp-json\/wp\/v2\/types\/event"}],"wp:featuredmedia":[{"embeddable":true,"href":"https:\/\/mairie-montataire.fr\/de\/wp-json\/wp\/v2\/media\/6788"}],"wp:attachment":[{"href":"https:\/\/mairie-montataire.fr\/de\/wp-json\/wp\/v2\/media?parent=6787"}],"wp:term":[{"taxonomy":"event-theme","embeddable":true,"href":"https:\/\/mairie-montataire.fr\/de\/wp-json\/wp\/v2\/event-theme?post=6787"}],"curies":[{"name":"wp","href":"https:\/\/api.w.org\/{rel}","templated":true}]}}

<p>Anlässlich der <strong>Europäische Tage des Kulturerbes</strong>, die Stadt Montataire und die <strong>Vereine für Erinnerung und Kulturerbe</strong> schließen sich zusammen, um Ihnen ein reichhaltiges und abwechslungsreiches Programm zu bieten.</p>



<p>Diese Ausgabe 2025 steht unter dem Motto :<br><strong>"Erzähl mir ein Schloss... vom Mittelalter bis heute!"</strong></p>



<p>Schlösser, Zeugen der Vergangenheit, wecken auch heute noch unsere Neugier und nähren unsere kollektive Geschichte. An diesem Wochenende wird das <strong>Schloss von Montataire</strong>Die <strong>Stiftskirche Notre-Dame</strong> und der <strong>Kleines Schloss Khardys</strong> werden ihre Türen öffnen, um Ihnen zu zeigen, wie die große Geschichte auf die kleine traf, anhand von Orten, Personen und Traditionen.</p>



<h2 class="wp-block-heading">Programm für das Wochenende</h2>



<h3 class="wp-block-heading">Besichtigungen des Schlosses von Montataire</h3>



<p>Tauchen Sie bei einem Besuch in die Geschichte ein :</p>



<ul class="wp-block-list">
<li style="font-style:normal;font-weight:400">die Bibliothek</li>



<li style="font-style:normal;font-weight:400">die Waffenkammer</li>



<li style="font-style:normal;font-weight:400">der Wächterraum</li>



<li style="font-style:normal;font-weight:400">der Stall</li>
</ul>



<h3 class="wp-block-heading">Ausstellungen und Animationen in der Stiftskirche Notre-Dame</h3>



<ul class="wp-block-list">
<li style="font-style:normal;font-weight:400">Ausstellung der Kirchenfenster der Abteikirche von Saint-Leu d'Esserent</li>



<li style="font-style:normal;font-weight:400">Ausstellung "Dessine-moi un château" mit Kinderzeichnungen und öffentlicher Abstimmung</li>



<li style="font-style:normal;font-weight:400">Runder Tisch der Mode, vom Mittelalter bis heute</li>



<li style="font-style:normal;font-weight:400">Workshops für alle :
<ul class="wp-block-list">
<li>Herstellung von Glasmalereien (aus Papier) und Mosaiken</li>



<li>historische Kochrezepte</li>



<li>Kalligraphie und Buchmalerei</li>



<li>Einführung in das Fechten und Bogenschießen</li>
</ul>
</li>
</ul>



<h3 class="wp-block-heading">Zusätzliche Entdeckungen</h3>



<p>Besuche des <strong>Kleines Schloss Khardys</strong> und der <strong>Scheune</strong> (Samstag und Sonntag von 14:00 bis 16:00 Uhr).</p>



<h3 class="wp-block-heading">Musikalischer Abschluss um 16:30 Uhr</h3>



<p>Ein Konzert der<strong>AMEM</strong> wird diese beiden Tage in der Stiftskirche abschließen.</p>



<h2 class="wp-block-heading">Für Kinder</h2>



<ul class="wp-block-list">
<li>Entdecker-Spielpässe zur Verfügung</li>



<li>Vorlesestunden für die Jüngsten im Wachraum (mit Büchern, die das ganze Wochenende über für Familienmomente zur Verfügung stehen).</li>
</ul>



<p>Diese Europäischen Tage des Kulturerbes werden organisiert <strong>von der Stadt Montataire und den örtlichen Vereinen für Erinnerung und Kulturerbe</strong>.<br>Es ist eine einzigartige Gelegenheit, sich mit der Familie auszutauschen, zu lernen und gemeinsam den Reichtum unserer Geschichte wiederzuentdecken.</p>



<p><strong>Seien Sie neugierig, kommen Sie zahlreich!</strong></p>

À l’occasion des Journées Européennes du Patrimoine, la Ville de Montataire et les associations de mémoire et de patrimoine s’associent pour vous proposer un programme riche et varié. Cette édition 2025 sera placée sous le thème :« Raconte-moi un château… du Moyen Âge à nos jours ! » Les châteaux, témoins du passé, continuent d’éveiller&hellip;
