{"id":6752,"date":"2025-08-31T08:16:50","date_gmt":"2025-08-31T08:16:50","guid":{"rendered":"https:\/\/mairie-montataire.fr\/?post_type=event&#038;p=6752"},"modified":"2025-08-18T09:00:11","modified_gmt":"2025-08-18T09:00:11","slug":"flohmarkt-maysel","status":"publish","type":"event","link":"https:\/\/mairie-montataire.fr\/de\/agenda\/vie-associative\/brocante-maysel\/","title":{"rendered":"Tr\u00f6delmarkt Maysel"},"content":{"rendered":"<p>Der Verein La Ma\u00ffselloise organisiert am Sonntag, den 21. September 2025, von 8 bis 18 Uhr auf dem Rathausplatz einen Flohmarkt in Maysel. <\/p>\n\n\n\n<p>Getr\u00e4nke und Essen vor Ort und mehrere Animationen sind im Laufe des Tages geplant!<\/p>\n\n\n\n<h2 class=\"wp-block-heading\">Anmeldungen <\/h2>\n\n\n\n<p><a href=\"mailto:lamayselloise@gmail.com\">lamayselloise@gmail.com<\/a><br><a href=\"tel:065632729\">06 5 63 27 29<\/a><\/p>\n\n\n\n<h2 class=\"wp-block-heading\">Tarife<\/h2>\n\n\n\n<p>Professionelle oder externe : <strong>4\u20ac\/m<\/strong> <em>(mindestens 2m)<\/em><\/p>\n\n\n\n<p>Einwohner : <strong>3\u20ac\/m<\/strong> <em>(2m kostenlos f\u00fcr Mitglieder des Vereins)<\/em><\/p>\n\n\n\n<p><\/p>","protected":false},"featured_media":6753,"parent":0,"template":"","meta":{"_acf_changed":true,"_uag_custom_page_level_css":""},"event-theme":[73],"class_list":["post-6752","event","type-event","status-publish","has-post-thumbnail","hentry","event-theme-vie-associative"],"acf":[],"uagb_featured_image_src":{"full":["https:\/\/mairie-montataire.fr\/app\/uploads\/2025\/08\/Agenda_BrocanteMaysel.jpg",450,335,false],"thumbnail":["https:\/\/mairie-montataire.fr\/app\/uploads\/2025\/08\/Agenda_BrocanteMaysel-150x150.jpg",150,150,true],"medium":["https:\/\/mairie-montataire.fr\/app\/uploads\/2025\/08\/Agenda_BrocanteMaysel-300x223.jpg",300,223,true],"medium_large":["https:\/\/mairie-montataire.fr\/app\/uploads\/2025\/08\/Agenda_BrocanteMaysel.jpg",450,335,false],"large":["https:\/\/mairie-montataire.fr\/app\/uploads\/2025\/08\/Agenda_BrocanteMaysel.jpg",450,335,false],"1536x1536":["https:\/\/mairie-montataire.fr\/app\/uploads\/2025\/08\/Agenda_BrocanteMaysel.jpg",450,335,false],"2048x2048":["https:\/\/mairie-montataire.fr\/app\/uploads\/2025\/08\/Agenda_BrocanteMaysel.jpg",450,335,false],"trp-custom-language-flag":["https:\/\/mairie-montataire.fr\/app\/uploads\/2025\/08\/Agenda_BrocanteMaysel-16x12.jpg",16,12,true],"gform-image-choice-sm":["https:\/\/mairie-montataire.fr\/app\/uploads\/2025\/08\/Agenda_BrocanteMaysel.jpg",300,223,false],"gform-image-choice-md":["https:\/\/mairie-montataire.fr\/app\/uploads\/2025\/08\/Agenda_BrocanteMaysel.jpg",400,298,false],"gform-image-choice-lg":["https:\/\/mairie-montataire.fr\/app\/uploads\/2025\/08\/Agenda_BrocanteMaysel.jpg",450,335,false]},"uagb_author_info":{"display_name":"Laure Pubert","author_link":"https:\/\/mairie-montataire.fr\/de\/actualites\/author\/"},"uagb_comment_info":0,"uagb_excerpt":"L&rsquo;association La Ma\u00ffselloise organise une brocante \u00e0 Maysel le dimanche 21 septembre 2025, de 8h \u00e0 18h sur la place de la mairie. Buvette et restauration sur place et plusieurs animations sont pr\u00e9vues dans la journ\u00e9e ! Inscriptions lamayselloise@gmail.com06 5 63 27 29 Tarifs Professionnels ou ext\u00e9rieurs : 4\u20ac\/m (minimum 2m) R\u00e9sidents : 3\u20ac\/m (2m&hellip;","_links":{"self":[{"href":"https:\/\/mairie-montataire.fr\/de\/wp-json\/wp\/v2\/event\/6752","targetHints":{"allow":["GET"]}}],"collection":[{"href":"https:\/\/mairie-montataire.fr\/de\/wp-json\/wp\/v2\/event"}],"about":[{"href":"https:\/\/mairie-montataire.fr\/de\/wp-json\/wp\/v2\/types\/event"}],"wp:featuredmedia":[{"embeddable":true,"href":"https:\/\/mairie-montataire.fr\/de\/wp-json\/wp\/v2\/media\/6753"}],"wp:attachment":[{"href":"https:\/\/mairie-montataire.fr\/de\/wp-json\/wp\/v2\/media?parent=6752"}],"wp:term":[{"taxonomy":"event-theme","embeddable":true,"href":"https:\/\/mairie-montataire.fr\/de\/wp-json\/wp\/v2\/event-theme?post=6752"}],"curies":[{"name":"wp","href":"https:\/\/api.w.org\/{rel}","templated":true}]}}

Trödelmarkt Maysel

<p>Der Verein La Maÿselloise organisiert am Sonntag, den 21. September 2025, von 8 bis 18 Uhr auf dem Rathausplatz einen Flohmarkt in Maysel. </p>



<p>Getränke und Essen vor Ort und mehrere Animationen sind im Laufe des Tages geplant!</p>



<h2 class="wp-block-heading">Anmeldungen </h2>



<p><a href="mailto:lamayselloise@gmail.com">lamayselloise@gmail.com</a><br><a href="tel:065632729">06 5 63 27 29</a></p>



<h2 class="wp-block-heading">Tarife</h2>



<p>Professionelle oder externe : <strong>4€/m</strong> <em>(mindestens 2m)</em></p>



<p>Einwohner : <strong>3€/m</strong> <em>(2m kostenlos für Mitglieder des Vereins)</em></p>



<p></p>

L&rsquo;association La Maÿselloise organise une brocante à Maysel le dimanche 21 septembre 2025, de 8h à 18h sur la place de la mairie. Buvette et restauration sur place et plusieurs animations sont prévues dans la journée ! Inscriptions lamayselloise@gmail.com06 5 63 27 29 Tarifs Professionnels ou extérieurs : 4€/m (minimum 2m) Résidents : 3€/m (2m&hellip;
