{"id":6680,"date":"2025-08-01T10:04:37","date_gmt":"2025-08-01T10:04:37","guid":{"rendered":"https:\/\/mairie-montataire.fr\/?post_type=event&#038;p=6680"},"modified":"2025-08-07T13:34:59","modified_gmt":"2025-08-07T13:34:59","slug":"gedenkfeier-der-stadtbefreiung","status":"publish","type":"event","link":"https:\/\/mairie-montataire.fr\/de\/agenda\/evenement\/commemoration-liberation-de-la-ville\/","title":{"rendered":"Gedenken - Befreiung der Stadt"},"content":{"rendered":"<p>Die Stadt Montataire l\u00e4dt Sie ein, an der Gedenkfeier f\u00fcr den <strong>81<sup>e<\/sup> Jahrestag der Befreiung von Montataire<\/strong>am <strong>Sonntag, 31. August 2025 um 10:30 Uhr<\/strong>, <strong>gegen\u00fcber der Schulgruppe Edmond L\u00e9veill\u00e9<\/strong>.<\/p>\n\n\n\n<p>Am 31. August 1944 erlangte Montataire nach vier Jahren deutscher Besatzung seine Freiheit zur\u00fcck. An diesem historischen Tag marschierten die alliierten Truppen in die Stadt ein, unterst\u00fctzt von den mutigen Aktionen der \u00f6rtlichen Widerstandsbewegung. Jedes Jahr ehrt die Stadtverwaltung diejenigen, die f\u00fcr die Freiheit gek\u00e4mpft haben, damit die heutigen Generationen niemals den Preis des Friedens vergessen.<\/p>\n\n\n\n<h2 class=\"wp-block-heading\">Vormittagsprogramm :<\/h2>\n\n\n\n<p><strong>10h30<\/strong> :<\/p>\n\n\n\n<ul class=\"wp-block-list\">\n<li style=\"font-style:normal;font-weight:400\">Kundgebung vor der Edmond-Leveill\u00e9-Schule<\/li>\n\n\n\n<li style=\"font-style:normal;font-weight:400\">Parade bis zum Kriegsdenkmal (Rathausplatz)<\/li>\n\n\n\n<li style=\"font-style:normal;font-weight:400\">Kranzniederlegung, Ansprachen, Schweigeminute, La Marseillaise<\/li>\n<\/ul>\n\n\n\n<p><strong>11h00<\/strong> :<\/p>\n\n\n\n<ul class=\"wp-block-list\">\n<li style=\"font-style:normal;font-weight:400\">Wiederaufnahme der Parade bis zum Denkmal der Deportierten (rue des D\u00e9port\u00e9s)<\/li>\n\n\n\n<li style=\"font-style:normal;font-weight:400\">Kranzniederlegung, Ansprachen, Schweigeminute, La Marseillaise<\/li>\n<\/ul>\n\n\n\n<p>Die Zeremonie wird mit einem gem\u00fctlichen Beisammensein bei einem <strong>Ehrenwein<\/strong> angeboten an die <strong>Salle de la Lib\u00e9ration<\/strong>.<\/p>","protected":false},"featured_media":6681,"parent":0,"template":"","meta":{"_acf_changed":true,"_uag_custom_page_level_css":""},"event-theme":[88],"class_list":["post-6680","event","type-event","status-publish","has-post-thumbnail","hentry","event-theme-evenement"],"acf":[],"uagb_featured_image_src":{"full":["https:\/\/mairie-montataire.fr\/app\/uploads\/2025\/08\/Agenda_ComLiberationVille.jpg",450,335,false],"thumbnail":["https:\/\/mairie-montataire.fr\/app\/uploads\/2025\/08\/Agenda_ComLiberationVille-150x150.jpg",150,150,true],"medium":["https:\/\/mairie-montataire.fr\/app\/uploads\/2025\/08\/Agenda_ComLiberationVille-300x223.jpg",300,223,true],"medium_large":["https:\/\/mairie-montataire.fr\/app\/uploads\/2025\/08\/Agenda_ComLiberationVille.jpg",450,335,false],"large":["https:\/\/mairie-montataire.fr\/app\/uploads\/2025\/08\/Agenda_ComLiberationVille.jpg",450,335,false],"1536x1536":["https:\/\/mairie-montataire.fr\/app\/uploads\/2025\/08\/Agenda_ComLiberationVille.jpg",450,335,false],"2048x2048":["https:\/\/mairie-montataire.fr\/app\/uploads\/2025\/08\/Agenda_ComLiberationVille.jpg",450,335,false],"trp-custom-language-flag":["https:\/\/mairie-montataire.fr\/app\/uploads\/2025\/08\/Agenda_ComLiberationVille-16x12.jpg",16,12,true],"gform-image-choice-sm":["https:\/\/mairie-montataire.fr\/app\/uploads\/2025\/08\/Agenda_ComLiberationVille.jpg",300,223,false],"gform-image-choice-md":["https:\/\/mairie-montataire.fr\/app\/uploads\/2025\/08\/Agenda_ComLiberationVille.jpg",400,298,false],"gform-image-choice-lg":["https:\/\/mairie-montataire.fr\/app\/uploads\/2025\/08\/Agenda_ComLiberationVille.jpg",450,335,false]},"uagb_author_info":{"display_name":"Laure Pubert","author_link":"https:\/\/mairie-montataire.fr\/de\/actualites\/author\/"},"uagb_comment_info":0,"uagb_excerpt":"La Ville de Montataire vous invite \u00e0 participer \u00e0 la \u00e0 la c\u00e9r\u00e9monie de comm\u00e9moration du 81e anniversaire de la Lib\u00e9ration de Montataire, le dimanche 31 ao\u00fbt 2025 \u00e0 10h30, face au groupe scolaire Edmond L\u00e9veill\u00e9. Le 31 ao\u00fbt 1944, Montataire retrouvait la libert\u00e9 apr\u00e8s quatre ann\u00e9es d\u2019occupation allemande. Cette journ\u00e9e historique fut marqu\u00e9e par&hellip;","_links":{"self":[{"href":"https:\/\/mairie-montataire.fr\/de\/wp-json\/wp\/v2\/event\/6680","targetHints":{"allow":["GET"]}}],"collection":[{"href":"https:\/\/mairie-montataire.fr\/de\/wp-json\/wp\/v2\/event"}],"about":[{"href":"https:\/\/mairie-montataire.fr\/de\/wp-json\/wp\/v2\/types\/event"}],"wp:featuredmedia":[{"embeddable":true,"href":"https:\/\/mairie-montataire.fr\/de\/wp-json\/wp\/v2\/media\/6681"}],"wp:attachment":[{"href":"https:\/\/mairie-montataire.fr\/de\/wp-json\/wp\/v2\/media?parent=6680"}],"wp:term":[{"taxonomy":"event-theme","embeddable":true,"href":"https:\/\/mairie-montataire.fr\/de\/wp-json\/wp\/v2\/event-theme?post=6680"}],"curies":[{"name":"wp","href":"https:\/\/api.w.org\/{rel}","templated":true}]}}

<p>Die Stadt Montataire lädt Sie ein, an der Gedenkfeier für den <strong>81<sup>e</sup> Jahrestag der Befreiung von Montataire</strong>am <strong>Sonntag, 31. August 2025 um 10:30 Uhr</strong>, <strong>gegenüber der Schulgruppe Edmond Léveillé</strong>.</p>



<p>Am 31. August 1944 erlangte Montataire nach vier Jahren deutscher Besatzung seine Freiheit zurück. An diesem historischen Tag marschierten die alliierten Truppen in die Stadt ein, unterstützt von den mutigen Aktionen der örtlichen Widerstandsbewegung. Jedes Jahr ehrt die Stadtverwaltung diejenigen, die für die Freiheit gekämpft haben, damit die heutigen Generationen niemals den Preis des Friedens vergessen.</p>



<h2 class="wp-block-heading">Vormittagsprogramm :</h2>



<p><strong>10h30</strong> :</p>



<ul class="wp-block-list">
<li style="font-style:normal;font-weight:400">Kundgebung vor der Edmond-Leveillé-Schule</li>



<li style="font-style:normal;font-weight:400">Parade bis zum Kriegsdenkmal (Rathausplatz)</li>



<li style="font-style:normal;font-weight:400">Kranzniederlegung, Ansprachen, Schweigeminute, La Marseillaise</li>
</ul>



<p><strong>11h00</strong> :</p>



<ul class="wp-block-list">
<li style="font-style:normal;font-weight:400">Wiederaufnahme der Parade bis zum Denkmal der Deportierten (rue des Déportés)</li>



<li style="font-style:normal;font-weight:400">Kranzniederlegung, Ansprachen, Schweigeminute, La Marseillaise</li>
</ul>



<p>Die Zeremonie wird mit einem gemütlichen Beisammensein bei einem <strong>Ehrenwein</strong> angeboten an die <strong>Salle de la Libération</strong>.</p>

La Ville de Montataire vous invite à participer à la à la cérémonie de commémoration du 81e anniversaire de la Libération de Montataire, le dimanche 31 août 2025 à 10h30, face au groupe scolaire Edmond Léveillé. Le 31 août 1944, Montataire retrouvait la liberté après quatre années d’occupation allemande. Cette journée historique fut marquée par&hellip;
