{"id":6665,"date":"2025-08-01T09:17:34","date_gmt":"2025-08-01T09:17:34","guid":{"rendered":"https:\/\/mairie-montataire.fr\/?post_type=event&#038;p=6665"},"modified":"2025-08-18T07:23:35","modified_gmt":"2025-08-18T07:23:35","slug":"jahrmarkt-maskottchen","status":"publish","type":"event","link":"https:\/\/mairie-montataire.fr\/de\/agenda\/evenement\/fete-foraine-mascottes\/","title":{"rendered":"Jahrmarkt"},"content":{"rendered":"\n<p>Du 15 au 31 ao\u00fbt, la f\u00eate foraine s\u2019installe au c\u0153ur de la ville pour le plus grand bonheur des petits et des grands !<\/p>\n\n\n\n<p>Au programme : man\u00e8ges \u00e0 sensations, attractions pour les enfants, stands gourmands\u2026 et bien plus encore !<\/p>\n\n\n\n<h4 class=\"wp-block-heading\">Lundi 18 &amp; jeudi 21 ao\u00fbt de 15h \u00e0 16h<\/h4>\n\n\n\n<p>Distribution de tickets de man\u00e8ge par le Secours populaire<\/p>\n\n\n\n<h4 class=\"wp-block-heading\">Mercredi 20 ao\u00fbt de 15h \u00e0 17h<\/h4>\n\n\n\n<p>Pr\u00e9sence de mascottes pour le bonheur des petits (et des grands !)<\/p>\n\n\n\n<h4 class=\"wp-block-heading\">Dimanche 24 ao\u00fbt de 7h \u00e0 11h<\/h4>\n\n\n\n<p>Concours de p\u00eache organis\u00e9 par les <a href=\"https:\/\/www.facebook.com\/AAPPMALesmartinspcheurs?__cft__[0]=AZULRN5gDeBFJTiJL9shBxYCU61zOZUvXu0n5hOSU3ylclwTC2Xw6JliwFfa_enlE0y3y2P3t0vRd-WWYJPGqR6KzrVsh1Dm1YrBklDgW7V-UVjCIgiBeUD--JDao9R4ToyL57DITmYnjLei02KMWTU5jjzvHQZMMNl3tD3dxV70HJf2SPpGvF99dqD4IUWz9g4&amp;__tn__=-]K-R\">Aappma Les Martins P\u00eacheurs<\/a><\/p>\n\n\n\n<h4 class=\"wp-block-heading\">Lundi 25 ao\u00fbt \u00e0 20h<\/h4>\n\n\n\n<p>Tombola du Secours populaire avec plein de lots \u00e0 gagner !<\/p>\n\n\n\n<p><\/p>\n","protected":false},"featured_media":6666,"parent":0,"template":"","meta":{"_acf_changed":false,"_uag_custom_page_level_css":""},"event-theme":[88],"class_list":["post-6665","event","type-event","status-publish","has-post-thumbnail","hentry","event-theme-evenement"],"acf":[],"uagb_featured_image_src":{"full":["https:\/\/mairie-montataire.fr\/app\/uploads\/2025\/08\/Actu_Fete-foraine.jpg",450,335,false],"thumbnail":["https:\/\/mairie-montataire.fr\/app\/uploads\/2025\/08\/Actu_Fete-foraine-150x150.jpg",150,150,true],"medium":["https:\/\/mairie-montataire.fr\/app\/uploads\/2025\/08\/Actu_Fete-foraine-300x223.jpg",300,223,true],"medium_large":["https:\/\/mairie-montataire.fr\/app\/uploads\/2025\/08\/Actu_Fete-foraine.jpg",450,335,false],"large":["https:\/\/mairie-montataire.fr\/app\/uploads\/2025\/08\/Actu_Fete-foraine.jpg",450,335,false],"1536x1536":["https:\/\/mairie-montataire.fr\/app\/uploads\/2025\/08\/Actu_Fete-foraine.jpg",450,335,false],"2048x2048":["https:\/\/mairie-montataire.fr\/app\/uploads\/2025\/08\/Actu_Fete-foraine.jpg",450,335,false],"trp-custom-language-flag":["https:\/\/mairie-montataire.fr\/app\/uploads\/2025\/08\/Actu_Fete-foraine-16x12.jpg",16,12,true],"gform-image-choice-sm":["https:\/\/mairie-montataire.fr\/app\/uploads\/2025\/08\/Actu_Fete-foraine.jpg",300,223,false],"gform-image-choice-md":["https:\/\/mairie-montataire.fr\/app\/uploads\/2025\/08\/Actu_Fete-foraine.jpg",400,298,false],"gform-image-choice-lg":["https:\/\/mairie-montataire.fr\/app\/uploads\/2025\/08\/Actu_Fete-foraine.jpg",450,335,false]},"uagb_author_info":{"display_name":"Laure Pubert","author_link":"https:\/\/mairie-montataire.fr\/de\/actualites\/author\/"},"uagb_comment_info":0,"uagb_excerpt":"Du 15 au 31 ao\u00fbt, la f\u00eate foraine s\u2019installe au c\u0153ur de la ville pour le plus grand bonheur des petits et des grands ! Au programme : man\u00e8ges \u00e0 sensations, attractions pour les enfants, stands gourmands\u2026 et bien plus encore ! Lundi 18 &amp; jeudi 21 ao\u00fbt de 15h \u00e0 16h Distribution de tickets&hellip;","_links":{"self":[{"href":"https:\/\/mairie-montataire.fr\/de\/wp-json\/wp\/v2\/event\/6665","targetHints":{"allow":["GET"]}}],"collection":[{"href":"https:\/\/mairie-montataire.fr\/de\/wp-json\/wp\/v2\/event"}],"about":[{"href":"https:\/\/mairie-montataire.fr\/de\/wp-json\/wp\/v2\/types\/event"}],"wp:featuredmedia":[{"embeddable":true,"href":"https:\/\/mairie-montataire.fr\/de\/wp-json\/wp\/v2\/media\/6666"}],"wp:attachment":[{"href":"https:\/\/mairie-montataire.fr\/de\/wp-json\/wp\/v2\/media?parent=6665"}],"wp:term":[{"taxonomy":"event-theme","embeddable":true,"href":"https:\/\/mairie-montataire.fr\/de\/wp-json\/wp\/v2\/event-theme?post=6665"}],"curies":[{"name":"wp","href":"https:\/\/api.w.org\/{rel}","templated":true}]}}

<p>Du 15 au 31 août, la fête foraine s’installe au cœur de la ville pour le plus grand bonheur des petits et des grands !</p>



<p>Au programme : manèges à sensations, attractions pour les enfants, stands gourmands… et bien plus encore !</p>



<h4 class="wp-block-heading">Lundi 18 &amp; jeudi 21 août de 15h à 16h</h4>



<p>Distribution de tickets de manège par le Secours populaire</p>



<h4 class="wp-block-heading">Mercredi 20 août de 15h à 17h</h4>



<p>Présence de mascottes pour le bonheur des petits (et des grands !)</p>



<h4 class="wp-block-heading">Dimanche 24 août de 7h à 11h</h4>



<p>Concours de pêche organisé par les <a href="https://www.facebook.com/AAPPMALesmartinspcheurs?__cft__[0]=AZULRN5gDeBFJTiJL9shBxYCU61zOZUvXu0n5hOSU3ylclwTC2Xw6JliwFfa_enlE0y3y2P3t0vRd-WWYJPGqR6KzrVsh1Dm1YrBklDgW7V-UVjCIgiBeUD--JDao9R4ToyL57DITmYnjLei02KMWTU5jjzvHQZMMNl3tD3dxV70HJf2SPpGvF99dqD4IUWz9g4&amp;__tn__=-]K-R">Aappma Les Martins Pêcheurs</a></p>



<h4 class="wp-block-heading">Lundi 25 août à 20h</h4>



<p>Tombola du Secours populaire avec plein de lots à gagner !</p>



<p></p>

Du 15 au 31 août, la fête foraine s’installe au cœur de la ville pour le plus grand bonheur des petits et des grands ! Au programme : manèges à sensations, attractions pour les enfants, stands gourmands… et bien plus encore ! Lundi 18 &amp; jeudi 21 août de 15h à 16h Distribution de tickets&hellip;
