{"id":6642,"date":"2025-09-01T06:00:00","date_gmt":"2025-09-01T06:00:00","guid":{"rendered":"https:\/\/mairie-montataire.fr\/?post_type=event&#038;p=6642"},"modified":"2025-07-30T12:09:16","modified_gmt":"2025-07-30T12:09:16","slug":"tanzgala-2","status":"publish","type":"event","link":"https:\/\/mairie-montataire.fr\/de\/agenda\/danse\/gala-de-danse-2\/","title":{"rendered":"Tanzgala"},"content":{"rendered":"<h2 class=\"wp-block-heading\">von AMEM<\/h2>\n\n\n\n<div class=\"wp-block-uagb-image aligncenter uagb-block-f67768a2 wp-block-uagb-image--layout-default wp-block-uagb-image--effect-static wp-block-uagb-image--align-center\"><figure class=\"wp-block-uagb-image__figure\"><img decoding=\"async\" srcset=\"https:\/\/mairie-montataire.fr\/app\/uploads\/2025\/07\/2024-06-01-Gala-Danse-AMEM-18-1024x683.jpg ,https:\/\/mairie-montataire.fr\/app\/uploads\/2025\/07\/2024-06-01-Gala-Danse-AMEM-18-scaled.jpg 780w, https:\/\/mairie-montataire.fr\/app\/uploads\/2025\/07\/2024-06-01-Gala-Danse-AMEM-18-scaled.jpg 360w\" sizes=\"auto, (max-width: 480px) 150px\" src=\"https:\/\/mairie-montataire.fr\/app\/uploads\/2025\/07\/2024-06-01-Gala-Danse-AMEM-18-1024x683.jpg\" alt=\"\" class=\"uag-image-6606\" width=\"3000\" height=\"2001\" title=\"2024-06-01 Gala-Tanz AMEM (18)\" loading=\"lazy\" role=\"img\"\/><figcaption class=\"uagb-image-caption\">Stadt Montataire - S\u00e9verin Espel<\/figcaption><\/figure><\/div>\n\n\n\n<div style=\"height:32px\" aria-hidden=\"true\" class=\"wp-block-spacer\"><\/div>\n\n\n\n<p><strong>In dieser Auff\u00fchrung treten die Sch\u00fclerinnen und Sch\u00fcler der Klassen f\u00fcr klassischen Tanz, Modern Jazz und Tahitian Dance des<a href=\"https:\/\/mairie-montataire.fr\/de\/aufbluhen\/amem\/\">\u00e9cole de musique de danse et d'arts plastiques de Montataire (Musik-, Tanz- und Kunstschule)<\/a>. Verschiedene Bilder werden zur Freude aller pr\u00e4sentiert.<\/strong><\/p>\n\n\n\n<div class=\"wp-block-columns is-layout-flex wp-container-core-columns-is-layout-9d6595d7 wp-block-columns-is-layout-flex\">\n<div class=\"wp-block-column is-vertically-aligned-center is-layout-flow wp-block-column-is-layout-flow\" style=\"flex-basis:66.66%\"><\/div>\n\n\n\n<div class=\"wp-block-column is-layout-flow wp-block-column-is-layout-flow\" style=\"flex-basis:15%\">\n<figure class=\"wp-block-image size-full\"><img loading=\"lazy\" decoding=\"async\" width=\"1835\" height=\"782\" src=\"https:\/\/mairie-montataire.fr\/app\/uploads\/2024\/08\/Logo_AMEM.png\" alt=\"\" class=\"wp-image-2806\" srcset=\"https:\/\/mairie-montataire.fr\/app\/uploads\/2024\/08\/Logo_AMEM.png 1835w, https:\/\/mairie-montataire.fr\/app\/uploads\/2024\/08\/Logo_AMEM-300x128.png 300w, https:\/\/mairie-montataire.fr\/app\/uploads\/2024\/08\/Logo_AMEM-1024x436.png 1024w, https:\/\/mairie-montataire.fr\/app\/uploads\/2024\/08\/Logo_AMEM-768x327.png 768w, https:\/\/mairie-montataire.fr\/app\/uploads\/2024\/08\/Logo_AMEM-1536x655.png 1536w\" sizes=\"auto, (max-width: 1835px) 100vw, 1835px\" \/><\/figure>\n<\/div>\n<\/div>\n\n\n\n<div style=\"height:19px\" aria-hidden=\"true\" class=\"wp-block-spacer\"><\/div>\n\n\n\n<div class=\"wp-block-uagb-separator uagb-block-9f2e038b\"><div class=\"wp-block-uagb-separator__inner\" style=\"--my-background-image:\"><\/div><\/div>\n\n\n\n<div class=\"wp-block-columns is-layout-flex wp-container-core-columns-is-layout-9d6595d7 wp-block-columns-is-layout-flex\">\n<div class=\"wp-block-column is-layout-flow wp-block-column-is-layout-flow\">\n<h3 class=\"wp-block-heading\">Kontakte von AMEM<\/h3>\n\n\n\n<p>\ud83c\udf10 <a href=\"https:\/\/www.a-m-e-m.fr\/\" target=\"_blank\" rel=\"noreferrer noopener\">a-m-e-m.de<\/a><\/p>\n\n\n\n<p><a href=\"https:\/\/www.facebook.com\/amem.montataire.3\/\" target=\"_blank\" rel=\"noreferrer noopener\"><img loading=\"lazy\" decoding=\"async\" width=\"60\" height=\"58\" class=\"wp-image-4481\" style=\"width: 60px;\" src=\"https:\/\/mairie-montataire.fr\/app\/uploads\/2024\/09\/Facebook.png\" alt=\"\" srcset=\"https:\/\/mairie-montataire.fr\/app\/uploads\/2024\/09\/Facebook.png 398w, https:\/\/mairie-montataire.fr\/app\/uploads\/2024\/09\/Facebook-300x292.png 300w, https:\/\/mairie-montataire.fr\/app\/uploads\/2024\/09\/Facebook-12x12.png 12w\" sizes=\"auto, (max-width: 60px) 100vw, 60px\" \/><\/a><a href=\"https:\/\/www.youtube.com\/watch?v=5J7001Wzbko\" target=\"_blank\" rel=\"noreferrer noopener\"><\/a><\/p>\n<\/div>\n\n\n\n<div class=\"wp-block-column is-layout-flow wp-block-column-is-layout-flow\">\n<h3 class=\"wp-block-heading\">Palace-Kontakte<\/h3>\n\n\n\n<p><strong><a href=\"https:\/\/mairie-montataire.fr\/de\/aufbluhen\/der-palast\/\" target=\"_blank\" rel=\"noreferrer noopener\">Le Palace - Kulturabteilung<br><\/a><\/strong><a href=\"https:\/\/www.google.com\/maps\/dir\/\/8+bis+Rue+des+D%C3%A9port%C3%A9s,+60160+Montataire\/@49.2560594,2.3962432,13z\/data=!3m1!4b1!4m8!4m7!1m0!1m5!1m1!1s0x47e6497d005f6e8b:0xd4944e46ec7768c5!2m2!1d2.4375282!2d49.2560668?entry=ttu\" target=\"_blank\" rel=\"noreferrer noopener\">8 bis, rue des D\u00e9port\u00e9s - 60160 Montataire<\/a><br>Montag bis Freitag von 9 bis 12 Uhr und von 14 bis 17.30 Uhr<br><a href=\"tel:03 44 24 69 97\">03 44 24 69 97<\/a><br><a href=\"https:\/\/mairie-montataire.fr\/de\/online-antrage\/den-palast-kontaktieren\/\" target=\"_blank\" rel=\"noreferrer noopener\">Kontaktformular<\/a><\/p>\n<\/div>\n<\/div>\n\n\n\n<p><\/p>","protected":false},"featured_media":6570,"parent":0,"template":"","meta":{"_acf_changed":true,"_uag_custom_page_level_css":""},"event-theme":[83],"class_list":["post-6642","event","type-event","status-publish","has-post-thumbnail","hentry","event-theme-danse"],"acf":[],"uagb_featured_image_src":{"full":["https:\/\/mairie-montataire.fr\/app\/uploads\/2025\/07\/Agenda_GalaDanseAMEM.jpg",450,335,false],"thumbnail":["https:\/\/mairie-montataire.fr\/app\/uploads\/2025\/07\/Agenda_GalaDanseAMEM-150x150.jpg",150,150,true],"medium":["https:\/\/mairie-montataire.fr\/app\/uploads\/2025\/07\/Agenda_GalaDanseAMEM-300x223.jpg",300,223,true],"medium_large":["https:\/\/mairie-montataire.fr\/app\/uploads\/2025\/07\/Agenda_GalaDanseAMEM.jpg",450,335,false],"large":["https:\/\/mairie-montataire.fr\/app\/uploads\/2025\/07\/Agenda_GalaDanseAMEM.jpg",450,335,false],"1536x1536":["https:\/\/mairie-montataire.fr\/app\/uploads\/2025\/07\/Agenda_GalaDanseAMEM.jpg",450,335,false],"2048x2048":["https:\/\/mairie-montataire.fr\/app\/uploads\/2025\/07\/Agenda_GalaDanseAMEM.jpg",450,335,false],"trp-custom-language-flag":["https:\/\/mairie-montataire.fr\/app\/uploads\/2025\/07\/Agenda_GalaDanseAMEM-16x12.jpg",16,12,true],"gform-image-choice-sm":["https:\/\/mairie-montataire.fr\/app\/uploads\/2025\/07\/Agenda_GalaDanseAMEM.jpg",300,223,false],"gform-image-choice-md":["https:\/\/mairie-montataire.fr\/app\/uploads\/2025\/07\/Agenda_GalaDanseAMEM.jpg",400,298,false],"gform-image-choice-lg":["https:\/\/mairie-montataire.fr\/app\/uploads\/2025\/07\/Agenda_GalaDanseAMEM.jpg",450,335,false]},"uagb_author_info":{"display_name":"Laure Pubert","author_link":"https:\/\/mairie-montataire.fr\/de\/actualites\/author\/"},"uagb_comment_info":0,"uagb_excerpt":"par l&rsquo;AMEM Ce spectacle met en sc\u00e8ne les \u00e9l\u00e8ves des classes de danse classique, modern jazz et tahitienne de l\u2019\u00e9cole de musique de danse et d\u2019arts plastiques de Montataire. Diff\u00e9rents tableaux seront pr\u00e9sent\u00e9s pour le plaisir de tous. Contacts de l&rsquo;AMEM \ud83c\udf10 a-m-e-m.fr Contacts du Palace Le Palace \u2013 Service Culturel8 bis, rue des D\u00e9port\u00e9s&hellip;","_links":{"self":[{"href":"https:\/\/mairie-montataire.fr\/de\/wp-json\/wp\/v2\/event\/6642","targetHints":{"allow":["GET"]}}],"collection":[{"href":"https:\/\/mairie-montataire.fr\/de\/wp-json\/wp\/v2\/event"}],"about":[{"href":"https:\/\/mairie-montataire.fr\/de\/wp-json\/wp\/v2\/types\/event"}],"wp:featuredmedia":[{"embeddable":true,"href":"https:\/\/mairie-montataire.fr\/de\/wp-json\/wp\/v2\/media\/6570"}],"wp:attachment":[{"href":"https:\/\/mairie-montataire.fr\/de\/wp-json\/wp\/v2\/media?parent=6642"}],"wp:term":[{"taxonomy":"event-theme","embeddable":true,"href":"https:\/\/mairie-montataire.fr\/de\/wp-json\/wp\/v2\/event-theme?post=6642"}],"curies":[{"name":"wp","href":"https:\/\/api.w.org\/{rel}","templated":true}]}}

<h2 class="wp-block-heading">von AMEM</h2>



<div class="wp-block-uagb-image aligncenter uagb-block-f67768a2 wp-block-uagb-image--layout-default wp-block-uagb-image--effect-static wp-block-uagb-image--align-center"><figure class="wp-block-uagb-image__figure"><img decoding="async" srcset="https://mairie-montataire.fr/app/uploads/2025/07/2024-06-01-Gala-Danse-AMEM-18-1024x683.jpg ,https://mairie-montataire.fr/app/uploads/2025/07/2024-06-01-Gala-Danse-AMEM-18-scaled.jpg 780w, https://mairie-montataire.fr/app/uploads/2025/07/2024-06-01-Gala-Danse-AMEM-18-scaled.jpg 360w" sizes="auto, (max-width: 480px) 150px" src="https://mairie-montataire.fr/app/uploads/2025/07/2024-06-01-Gala-Danse-AMEM-18-1024x683.jpg" alt="" class="uag-image-6606" width="3000" height="2001" title="2024-06-01 Gala-Tanz AMEM (18)" loading="lazy" role="img"/><figcaption class="uagb-image-caption">Stadt Montataire - Séverin Espel</figcaption></figure></div>



<div style="height:32px" aria-hidden="true" class="wp-block-spacer"></div>



<p><strong>In dieser Aufführung treten die Schülerinnen und Schüler der Klassen für klassischen Tanz, Modern Jazz und Tahitian Dance des<a href="https://mairie-montataire.fr/de/aufbluhen/amem/">école de musique de danse et d'arts plastiques de Montataire (Musik-, Tanz- und Kunstschule)</a>. Verschiedene Bilder werden zur Freude aller präsentiert.</strong></p>



<div class="wp-block-columns is-layout-flex wp-container-core-columns-is-layout-9d6595d7 wp-block-columns-is-layout-flex">
<div class="wp-block-column is-vertically-aligned-center is-layout-flow wp-block-column-is-layout-flow" style="flex-basis:66.66%"></div>



<div class="wp-block-column is-layout-flow wp-block-column-is-layout-flow" style="flex-basis:15%">
<figure class="wp-block-image size-full"><img loading="lazy" decoding="async" width="1835" height="782" src="https://mairie-montataire.fr/app/uploads/2024/08/Logo_AMEM.png" alt="" class="wp-image-2806" srcset="https://mairie-montataire.fr/app/uploads/2024/08/Logo_AMEM.png 1835w, https://mairie-montataire.fr/app/uploads/2024/08/Logo_AMEM-300x128.png 300w, https://mairie-montataire.fr/app/uploads/2024/08/Logo_AMEM-1024x436.png 1024w, https://mairie-montataire.fr/app/uploads/2024/08/Logo_AMEM-768x327.png 768w, https://mairie-montataire.fr/app/uploads/2024/08/Logo_AMEM-1536x655.png 1536w" sizes="auto, (max-width: 1835px) 100vw, 1835px" /></figure>
</div>
</div>



<div style="height:19px" aria-hidden="true" class="wp-block-spacer"></div>



<div class="wp-block-uagb-separator uagb-block-9f2e038b"><div class="wp-block-uagb-separator__inner" style="--my-background-image:"></div></div>



<div class="wp-block-columns is-layout-flex wp-container-core-columns-is-layout-9d6595d7 wp-block-columns-is-layout-flex">
<div class="wp-block-column is-layout-flow wp-block-column-is-layout-flow">
<h3 class="wp-block-heading">Kontakte von AMEM</h3>



<p>🌐 <a href="https://www.a-m-e-m.fr/" target="_blank" rel="noreferrer noopener">a-m-e-m.de</a></p>



<p><a href="https://www.facebook.com/amem.montataire.3/" target="_blank" rel="noreferrer noopener"><img loading="lazy" decoding="async" width="60" height="58" class="wp-image-4481" style="width: 60px;" src="https://mairie-montataire.fr/app/uploads/2024/09/Facebook.png" alt="" srcset="https://mairie-montataire.fr/app/uploads/2024/09/Facebook.png 398w, https://mairie-montataire.fr/app/uploads/2024/09/Facebook-300x292.png 300w, https://mairie-montataire.fr/app/uploads/2024/09/Facebook-12x12.png 12w" sizes="auto, (max-width: 60px) 100vw, 60px" /></a><a href="https://www.youtube.com/watch?v=5J7001Wzbko" target="_blank" rel="noreferrer noopener"></a></p>
</div>



<div class="wp-block-column is-layout-flow wp-block-column-is-layout-flow">
<h3 class="wp-block-heading">Palace-Kontakte</h3>



<p><strong><a href="https://mairie-montataire.fr/de/aufbluhen/der-palast/" target="_blank" rel="noreferrer noopener">Le Palace - Kulturabteilung<br></a></strong><a href="https://www.google.com/maps/dir//8+bis+Rue+des+D%C3%A9port%C3%A9s,+60160+Montataire/@49.2560594,2.3962432,13z/data=!3m1!4b1!4m8!4m7!1m0!1m5!1m1!1s0x47e6497d005f6e8b:0xd4944e46ec7768c5!2m2!1d2.4375282!2d49.2560668?entry=ttu" target="_blank" rel="noreferrer noopener">8 bis, rue des Déportés - 60160 Montataire</a><br>Montag bis Freitag von 9 bis 12 Uhr und von 14 bis 17.30 Uhr<br><a href="tel:03 44 24 69 97">03 44 24 69 97</a><br><a href="https://mairie-montataire.fr/de/online-antrage/den-palast-kontaktieren/" target="_blank" rel="noreferrer noopener">Kontaktformular</a></p>
</div>
</div>



<p></p>

par l&rsquo;AMEM Ce spectacle met en scène les élèves des classes de danse classique, modern jazz et tahitienne de l’école de musique de danse et d’arts plastiques de Montataire. Différents tableaux seront présentés pour le plaisir de tous. Contacts de l&rsquo;AMEM 🌐 a-m-e-m.fr Contacts du Palace Le Palace – Service Culturel8 bis, rue des Déportés&hellip;
