{"id":6641,"date":"2025-09-01T06:00:00","date_gmt":"2025-09-01T06:00:00","guid":{"rendered":"https:\/\/mairie-montataire.fr\/?post_type=event&#038;p=6641"},"modified":"2025-10-10T09:15:32","modified_gmt":"2025-10-10T09:15:32","slug":"britannicus-musical-circus","status":"publish","type":"event","link":"https:\/\/mairie-montataire.fr\/de\/agenda\/theatre\/britannicus-musical-circus\/","title":{"rendered":"Britannicus Musical Circus"},"content":{"rendered":"<h2 class=\"wp-block-heading\">von der Compagnie Les \u00c9pis Noirs<\/h2>\n\n\n\n<div class=\"wp-block-uagb-image aligncenter uagb-block-f67768a2 wp-block-uagb-image--layout-default wp-block-uagb-image--effect-static wp-block-uagb-image--align-center\"><figure class=\"wp-block-uagb-image__figure\"><img decoding=\"async\" srcset=\"https:\/\/mairie-montataire.fr\/app\/uploads\/2025\/07\/BRITANNICUS-copyrightOlivierBrajon76-site-1024x683.jpg ,https:\/\/mairie-montataire.fr\/app\/uploads\/2025\/07\/BRITANNICUS-copyrightOlivierBrajon76-site.jpg 780w, https:\/\/mairie-montataire.fr\/app\/uploads\/2025\/07\/BRITANNICUS-copyrightOlivierBrajon76-site.jpg 360w\" sizes=\"auto, (max-width: 480px) 150px\" src=\"https:\/\/mairie-montataire.fr\/app\/uploads\/2025\/07\/BRITANNICUS-copyrightOlivierBrajon76-site-1024x683.jpg\" alt=\"\" class=\"uag-image-6613\" width=\"3000\" height=\"2001\" title=\"BRITANNICUS-copyrightOlivierBrajon76 site\" loading=\"lazy\" role=\"img\"\/><figcaption class=\"uagb-image-caption\">Olivier Brajon<\/figcaption><\/figure><\/div>\n\n\n\n<div style=\"height:32px\" aria-hidden=\"true\" class=\"wp-block-spacer\"><\/div>\n\n\n\n<p><strong>In einer Wandertheatergruppe f\u00fchrt ein donnernder \"Monsieur Loyal\" seine Schauspieler mit der Peitsche an, um Ihnen die wahre und nicht weniger ungeheuerliche Geschichte von Britannicus zu erz\u00e4hlen. Alles spielt sich an einem einzigen Tag in Rom ab. Im Mai 68 n. Chr., am Tag seiner Kr\u00f6nung, entf\u00fchrt Nero, der durch die rechtzeitige Ermordung seines Vaters Claudius durch seine geliebte Mutter Agrippina auf den Thron gesetzt wurde, Junia, die z\u00e4rtlich geliebte Verlobte seines Bruders Britannicus. All dies wird die Figuren in eine wahnhafte und jubilierende Raserei treiben.<br>Musikalisches, rockiges, popul\u00e4res und verr\u00fccktes Theater!<\/strong><\/p>\n\n\n\n<div style=\"height:19px\" aria-hidden=\"true\" class=\"wp-block-spacer\"><\/div>\n\n\n\n<figure class=\"wp-block-embed is-type-video is-provider-youtube wp-block-embed-youtube wp-embed-aspect-16-9 wp-has-aspect-ratio\"><div class=\"wp-block-embed__wrapper\">\n<script>document.addEventListener('DOMContentLoaded', function() {(tarteaucitron.job = tarteaucitron.job || []).push('youtube');});<\/script><div class=\"youtube_player\" videoid=\"1WSq-0oXXII\" width=\"100%\" height=\"100%\" style=\"height:50vw\" theme=\"light\" rel=\"0\" controls=\"1\" showinfo=\"1\" autoplay=\"0\"><\/div>\n<\/div><\/figure>\n\n\n\n<div style=\"height:19px\" aria-hidden=\"true\" class=\"wp-block-spacer\"><\/div>\n\n\n\n<div class=\"wp-block-uagb-separator uagb-block-bf7086f3\"><div class=\"wp-block-uagb-separator__inner\" style=\"--my-background-image:\"><\/div><\/div>\n\n\n\n<h3 class=\"wp-block-heading\">Produktionen und Erw\u00e4hnungen<\/h3>\n\n\n\n<p><strong>Vorgestellt von<\/strong> Les \u00c9pis Noirs (Die schwarzen \u00c4hren)<br><strong>Text, Regie und Originalmusik :<\/strong> Pierre Lericq<br><strong>Mit<\/strong> <strong>:<\/strong> Jules Fabre, Pierre Lericq, Gilles Nicolas, Marie R\u00e9ache oder St\u00e9phanie Lassus Debat, Juliette De Ribaucourt und Tchavdar<br><strong>Regieassistentin :<\/strong> Manon Andersen<br><strong>Musik : <\/strong>Pierre Lericq<br><strong>Lichter : <\/strong>Fran\u00e7ois Alapetite<br><strong>Kost\u00fcme : <\/strong>Chantal Hocd\u00e9 Del Pappas<br><strong>B\u00fchnenbild : <\/strong>Yves Kuperberg<br><strong>Produktion :<\/strong> Atelier Th\u00e9\u00e2tre Actuel, Louis D'or production und Arts et Spectacles production<br><strong>Unterst\u00fctzungen:<\/strong> Centre National de la Musique, Th\u00e9\u00e2tre de Saint-Maur, Espace Sorano de Vincennes, Centre Culturel Marc Brinon de Saint-Thibault-des-Vignes, D'Anis Gras-le-lieu de l'autre und Ph\u00e9nix Festival<\/p>\n\n\n\n<div style=\"height:19px\" aria-hidden=\"true\" class=\"wp-block-spacer\"><\/div>\n\n\n\n<div class=\"wp-block-uagb-separator uagb-block-5799be37\"><div class=\"wp-block-uagb-separator__inner\" style=\"--my-background-image:\"><\/div><\/div>\n\n\n\n<div class=\"wp-block-columns is-layout-flex wp-container-core-columns-is-layout-9d6595d7 wp-block-columns-is-layout-flex\">\n<div class=\"wp-block-column is-layout-flow wp-block-column-is-layout-flow\">\n<h3 class=\"wp-block-heading\">Kontakte des Unternehmens<\/h3>\n\n\n\n<p>\ud83c\udf10 <a href=\"https:\/\/www.lesepisnoirs.com\/\" target=\"_blank\" rel=\"noreferrer noopener\">lesepisnoirs.com<\/a><\/p>\n\n\n\n<p><a href=\"https:\/\/www.facebook.com\/profile.php?id=100063496242572\" target=\"_blank\" rel=\"noreferrer noopener\"><img loading=\"lazy\" decoding=\"async\" width=\"60\" height=\"58\" class=\"wp-image-4481\" style=\"width: 60px;\" src=\"https:\/\/mairie-montataire.fr\/app\/uploads\/2024\/09\/Facebook.png\" alt=\"\" srcset=\"https:\/\/mairie-montataire.fr\/app\/uploads\/2024\/09\/Facebook.png 398w, https:\/\/mairie-montataire.fr\/app\/uploads\/2024\/09\/Facebook-300x292.png 300w, https:\/\/mairie-montataire.fr\/app\/uploads\/2024\/09\/Facebook-12x12.png 12w\" sizes=\"auto, (max-width: 60px) 100vw, 60px\" \/><\/a><a href=\"https:\/\/www.instagram.com\/lesepisnoirs\/?hl=fr\" target=\"_blank\" rel=\"noreferrer noopener\"><img loading=\"lazy\" decoding=\"async\" width=\"60\" height=\"58\" class=\"wp-image-4482\" style=\"width: 60px;\" src=\"https:\/\/mairie-montataire.fr\/app\/uploads\/2024\/09\/Instagram.png\" alt=\"\" srcset=\"https:\/\/mairie-montataire.fr\/app\/uploads\/2024\/09\/Instagram.png 399w, https:\/\/mairie-montataire.fr\/app\/uploads\/2024\/09\/Instagram-300x292.png 300w, https:\/\/mairie-montataire.fr\/app\/uploads\/2024\/09\/Instagram-12x12.png 12w\" sizes=\"auto, (max-width: 60px) 100vw, 60px\" \/><\/a><a href=\"https:\/\/www.youtube.com\/watch?v=1WSq-0oXXII\" target=\"_blank\" rel=\"noreferrer noopener\"><img loading=\"lazy\" decoding=\"async\" width=\"60\" height=\"58\" class=\"wp-image-4286\" style=\"width: 60px;\" src=\"https:\/\/mairie-montataire.fr\/app\/uploads\/2024\/09\/Youtube.png\" alt=\"\" srcset=\"https:\/\/mairie-montataire.fr\/app\/uploads\/2024\/09\/Youtube.png 398w, https:\/\/mairie-montataire.fr\/app\/uploads\/2024\/09\/Youtube-300x292.png 300w, https:\/\/mairie-montataire.fr\/app\/uploads\/2024\/09\/Youtube-12x12.png 12w\" sizes=\"auto, (max-width: 60px) 100vw, 60px\" \/><\/a><\/p>\n<\/div>\n\n\n\n<div class=\"wp-block-column is-layout-flow wp-block-column-is-layout-flow\">\n<h3 class=\"wp-block-heading\">Palace-Kontakte<\/h3>\n\n\n\n<p><strong><a href=\"https:\/\/mairie-montataire.fr\/de\/aufbluhen\/der-palast\/\" target=\"_blank\" rel=\"noreferrer noopener\">Le Palace - Kulturabteilung<br><\/a><\/strong><a href=\"https:\/\/www.google.com\/maps\/dir\/\/8+bis+Rue+des+D%C3%A9port%C3%A9s,+60160+Montataire\/@49.2560594,2.3962432,13z\/data=!3m1!4b1!4m8!4m7!1m0!1m5!1m1!1s0x47e6497d005f6e8b:0xd4944e46ec7768c5!2m2!1d2.4375282!2d49.2560668?entry=ttu\" target=\"_blank\" rel=\"noreferrer noopener\">8 bis, rue des D\u00e9port\u00e9s - 60160 Montataire<\/a><br>Montag bis Freitag von 9 bis 12 Uhr und von 14 bis 17.30 Uhr<br><a href=\"tel:03 44 24 69 97\">03 44 24 69 97<\/a><br><a href=\"https:\/\/mairie-montataire.fr\/de\/online-antrage\/den-palast-kontaktieren\/\" target=\"_blank\" rel=\"noreferrer noopener\">Kontaktformular<\/a><\/p>\n<\/div>\n<\/div>\n\n\n\n<p><\/p>","protected":false},"featured_media":6613,"parent":0,"template":"","meta":{"_acf_changed":true,"_uag_custom_page_level_css":""},"event-theme":[64],"class_list":["post-6641","event","type-event","status-publish","has-post-thumbnail","hentry","event-theme-theatre"],"acf":[],"uagb_featured_image_src":{"full":["https:\/\/mairie-montataire.fr\/app\/uploads\/2025\/07\/BRITANNICUS-copyrightOlivierBrajon76-site.jpg",1500,1000,false],"thumbnail":["https:\/\/mairie-montataire.fr\/app\/uploads\/2025\/07\/BRITANNICUS-copyrightOlivierBrajon76-site-150x150.jpg",150,150,true],"medium":["https:\/\/mairie-montataire.fr\/app\/uploads\/2025\/07\/BRITANNICUS-copyrightOlivierBrajon76-site-300x200.jpg",300,200,true],"medium_large":["https:\/\/mairie-montataire.fr\/app\/uploads\/2025\/07\/BRITANNICUS-copyrightOlivierBrajon76-site-768x512.jpg",768,512,true],"large":["https:\/\/mairie-montataire.fr\/app\/uploads\/2025\/07\/BRITANNICUS-copyrightOlivierBrajon76-site-1024x683.jpg",1024,683,true],"1536x1536":["https:\/\/mairie-montataire.fr\/app\/uploads\/2025\/07\/BRITANNICUS-copyrightOlivierBrajon76-site.jpg",1500,1000,false],"2048x2048":["https:\/\/mairie-montataire.fr\/app\/uploads\/2025\/07\/BRITANNICUS-copyrightOlivierBrajon76-site.jpg",1500,1000,false],"trp-custom-language-flag":["https:\/\/mairie-montataire.fr\/app\/uploads\/2025\/07\/BRITANNICUS-copyrightOlivierBrajon76-site-18x12.jpg",18,12,true],"gform-image-choice-sm":["https:\/\/mairie-montataire.fr\/app\/uploads\/2025\/07\/BRITANNICUS-copyrightOlivierBrajon76-site.jpg",300,200,false],"gform-image-choice-md":["https:\/\/mairie-montataire.fr\/app\/uploads\/2025\/07\/BRITANNICUS-copyrightOlivierBrajon76-site.jpg",400,267,false],"gform-image-choice-lg":["https:\/\/mairie-montataire.fr\/app\/uploads\/2025\/07\/BRITANNICUS-copyrightOlivierBrajon76-site.jpg",600,400,false]},"uagb_author_info":{"display_name":"Laure Pubert","author_link":"https:\/\/mairie-montataire.fr\/de\/actualites\/author\/"},"uagb_comment_info":0,"uagb_excerpt":"par la Compagnie Les \u00c9pis Noirs Dans une troupe de the\u0301a\u0302tre ambulant, un \u00ab\u00a0Monsieur Loyal \u00bb tonitruant me\u0300ne ses come\u0301diens a\u0300 la cravache pour vous raconter la ve\u0301ritable, et non moins monstrueuse, histoire de Britannicus. Tout se passe en un seul jour a\u0300 Rome. En mai 68 de notre e\u0300re, le jour de son couronnement,&hellip;","_links":{"self":[{"href":"https:\/\/mairie-montataire.fr\/de\/wp-json\/wp\/v2\/event\/6641","targetHints":{"allow":["GET"]}}],"collection":[{"href":"https:\/\/mairie-montataire.fr\/de\/wp-json\/wp\/v2\/event"}],"about":[{"href":"https:\/\/mairie-montataire.fr\/de\/wp-json\/wp\/v2\/types\/event"}],"wp:featuredmedia":[{"embeddable":true,"href":"https:\/\/mairie-montataire.fr\/de\/wp-json\/wp\/v2\/media\/6613"}],"wp:attachment":[{"href":"https:\/\/mairie-montataire.fr\/de\/wp-json\/wp\/v2\/media?parent=6641"}],"wp:term":[{"taxonomy":"event-theme","embeddable":true,"href":"https:\/\/mairie-montataire.fr\/de\/wp-json\/wp\/v2\/event-theme?post=6641"}],"curies":[{"name":"wp","href":"https:\/\/api.w.org\/{rel}","templated":true}]}}

<h2 class="wp-block-heading">von der Compagnie Les Épis Noirs</h2>



<div class="wp-block-uagb-image aligncenter uagb-block-f67768a2 wp-block-uagb-image--layout-default wp-block-uagb-image--effect-static wp-block-uagb-image--align-center"><figure class="wp-block-uagb-image__figure"><img decoding="async" srcset="https://mairie-montataire.fr/app/uploads/2025/07/BRITANNICUS-copyrightOlivierBrajon76-site-1024x683.jpg ,https://mairie-montataire.fr/app/uploads/2025/07/BRITANNICUS-copyrightOlivierBrajon76-site.jpg 780w, https://mairie-montataire.fr/app/uploads/2025/07/BRITANNICUS-copyrightOlivierBrajon76-site.jpg 360w" sizes="auto, (max-width: 480px) 150px" src="https://mairie-montataire.fr/app/uploads/2025/07/BRITANNICUS-copyrightOlivierBrajon76-site-1024x683.jpg" alt="" class="uag-image-6613" width="3000" height="2001" title="BRITANNICUS-copyrightOlivierBrajon76 site" loading="lazy" role="img"/><figcaption class="uagb-image-caption">Olivier Brajon</figcaption></figure></div>



<div style="height:32px" aria-hidden="true" class="wp-block-spacer"></div>



<p><strong>In einer Wandertheatergruppe führt ein donnernder "Monsieur Loyal" seine Schauspieler mit der Peitsche an, um Ihnen die wahre und nicht weniger ungeheuerliche Geschichte von Britannicus zu erzählen. Alles spielt sich an einem einzigen Tag in Rom ab. Im Mai 68 n. Chr., am Tag seiner Krönung, entführt Nero, der durch die rechtzeitige Ermordung seines Vaters Claudius durch seine geliebte Mutter Agrippina auf den Thron gesetzt wurde, Junia, die zärtlich geliebte Verlobte seines Bruders Britannicus. All dies wird die Figuren in eine wahnhafte und jubilierende Raserei treiben.<br>Musikalisches, rockiges, populäres und verrücktes Theater!</strong></p>



<div style="height:19px" aria-hidden="true" class="wp-block-spacer"></div>



<figure class="wp-block-embed is-type-video is-provider-youtube wp-block-embed-youtube wp-embed-aspect-16-9 wp-has-aspect-ratio"><div class="wp-block-embed__wrapper">
<script>document.addEventListener('DOMContentLoaded', function() {(tarteaucitron.job = tarteaucitron.job || []).push('youtube');});</script><div class="youtube_player" videoid="1WSq-0oXXII" width="100%" height="100%" style="height:50vw" theme="light" rel="0" controls="1" showinfo="1" autoplay="0"></div>
</div></figure>



<div style="height:19px" aria-hidden="true" class="wp-block-spacer"></div>



<div class="wp-block-uagb-separator uagb-block-bf7086f3"><div class="wp-block-uagb-separator__inner" style="--my-background-image:"></div></div>



<h3 class="wp-block-heading">Produktionen und Erwähnungen</h3>



<p><strong>Vorgestellt von</strong> Les Épis Noirs (Die schwarzen Ähren)<br><strong>Text, Regie und Originalmusik :</strong> Pierre Lericq<br><strong>Mit</strong> <strong>:</strong> Jules Fabre, Pierre Lericq, Gilles Nicolas, Marie Réache oder Stéphanie Lassus Debat, Juliette De Ribaucourt und Tchavdar<br><strong>Regieassistentin :</strong> Manon Andersen<br><strong>Musik : </strong>Pierre Lericq<br><strong>Lichter : </strong>François Alapetite<br><strong>Kostüme : </strong>Chantal Hocdé Del Pappas<br><strong>Bühnenbild : </strong>Yves Kuperberg<br><strong>Produktion :</strong> Atelier Théâtre Actuel, Louis D'or production und Arts et Spectacles production<br><strong>Unterstützungen:</strong> Centre National de la Musique, Théâtre de Saint-Maur, Espace Sorano de Vincennes, Centre Culturel Marc Brinon de Saint-Thibault-des-Vignes, D'Anis Gras-le-lieu de l'autre und Phénix Festival</p>



<div style="height:19px" aria-hidden="true" class="wp-block-spacer"></div>



<div class="wp-block-uagb-separator uagb-block-5799be37"><div class="wp-block-uagb-separator__inner" style="--my-background-image:"></div></div>



<div class="wp-block-columns is-layout-flex wp-container-core-columns-is-layout-9d6595d7 wp-block-columns-is-layout-flex">
<div class="wp-block-column is-layout-flow wp-block-column-is-layout-flow">
<h3 class="wp-block-heading">Kontakte des Unternehmens</h3>



<p>🌐 <a href="https://www.lesepisnoirs.com/" target="_blank" rel="noreferrer noopener">lesepisnoirs.com</a></p>



<p><a href="https://www.facebook.com/profile.php?id=100063496242572" target="_blank" rel="noreferrer noopener"><img loading="lazy" decoding="async" width="60" height="58" class="wp-image-4481" style="width: 60px;" src="https://mairie-montataire.fr/app/uploads/2024/09/Facebook.png" alt="" srcset="https://mairie-montataire.fr/app/uploads/2024/09/Facebook.png 398w, https://mairie-montataire.fr/app/uploads/2024/09/Facebook-300x292.png 300w, https://mairie-montataire.fr/app/uploads/2024/09/Facebook-12x12.png 12w" sizes="auto, (max-width: 60px) 100vw, 60px" /></a><a href="https://www.instagram.com/lesepisnoirs/?hl=fr" target="_blank" rel="noreferrer noopener"><img loading="lazy" decoding="async" width="60" height="58" class="wp-image-4482" style="width: 60px;" src="https://mairie-montataire.fr/app/uploads/2024/09/Instagram.png" alt="" srcset="https://mairie-montataire.fr/app/uploads/2024/09/Instagram.png 399w, https://mairie-montataire.fr/app/uploads/2024/09/Instagram-300x292.png 300w, https://mairie-montataire.fr/app/uploads/2024/09/Instagram-12x12.png 12w" sizes="auto, (max-width: 60px) 100vw, 60px" /></a><a href="https://www.youtube.com/watch?v=1WSq-0oXXII" target="_blank" rel="noreferrer noopener"><img loading="lazy" decoding="async" width="60" height="58" class="wp-image-4286" style="width: 60px;" src="https://mairie-montataire.fr/app/uploads/2024/09/Youtube.png" alt="" srcset="https://mairie-montataire.fr/app/uploads/2024/09/Youtube.png 398w, https://mairie-montataire.fr/app/uploads/2024/09/Youtube-300x292.png 300w, https://mairie-montataire.fr/app/uploads/2024/09/Youtube-12x12.png 12w" sizes="auto, (max-width: 60px) 100vw, 60px" /></a></p>
</div>



<div class="wp-block-column is-layout-flow wp-block-column-is-layout-flow">
<h3 class="wp-block-heading">Palace-Kontakte</h3>



<p><strong><a href="https://mairie-montataire.fr/de/aufbluhen/der-palast/" target="_blank" rel="noreferrer noopener">Le Palace - Kulturabteilung<br></a></strong><a href="https://www.google.com/maps/dir//8+bis+Rue+des+D%C3%A9port%C3%A9s,+60160+Montataire/@49.2560594,2.3962432,13z/data=!3m1!4b1!4m8!4m7!1m0!1m5!1m1!1s0x47e6497d005f6e8b:0xd4944e46ec7768c5!2m2!1d2.4375282!2d49.2560668?entry=ttu" target="_blank" rel="noreferrer noopener">8 bis, rue des Déportés - 60160 Montataire</a><br>Montag bis Freitag von 9 bis 12 Uhr und von 14 bis 17.30 Uhr<br><a href="tel:03 44 24 69 97">03 44 24 69 97</a><br><a href="https://mairie-montataire.fr/de/online-antrage/den-palast-kontaktieren/" target="_blank" rel="noreferrer noopener">Kontaktformular</a></p>
</div>
</div>



<p></p>

par la Compagnie Les Épis Noirs Dans une troupe de théâtre ambulant, un « Monsieur Loyal » tonitruant mène ses comédiens à la cravache pour vous raconter la véritable, et non moins monstrueuse, histoire de Britannicus. Tout se passe en un seul jour à Rome. En mai 68 de notre ère, le jour de son couronnement,&hellip;
