{"id":6635,"date":"2025-09-01T06:00:00","date_gmt":"2025-09-01T06:00:00","guid":{"rendered":"https:\/\/mairie-montataire.fr\/?post_type=event&#038;p=6635"},"modified":"2025-10-10T08:55:50","modified_gmt":"2025-10-10T08:55:50","slug":"cerebro","status":"publish","type":"event","link":"https:\/\/mairie-montataire.fr\/de\/agenda\/magie\/cerebro\/","title":{"rendered":"Zerebro"},"content":{"rendered":"<h2 class=\"wp-block-heading\">von der Compagnie du Faro<\/h2>\n\n\n\n<div class=\"wp-block-uagb-image aligncenter uagb-block-f67768a2 wp-block-uagb-image--layout-default wp-block-uagb-image--effect-static wp-block-uagb-image--align-center\"><figure class=\"wp-block-uagb-image__figure\"><img decoding=\"async\" srcset=\"https:\/\/mairie-montataire.fr\/app\/uploads\/2025\/07\/Cerebro\u00a9JPLoyer_02-1024x682.jpg ,https:\/\/mairie-montataire.fr\/app\/uploads\/2025\/07\/Cerebro\u00a9JPLoyer_02-scaled.jpg 780w, https:\/\/mairie-montataire.fr\/app\/uploads\/2025\/07\/Cerebro\u00a9JPLoyer_02-scaled.jpg 360w\" sizes=\"auto, (max-width: 480px) 150px\" src=\"https:\/\/mairie-montataire.fr\/app\/uploads\/2025\/07\/Cerebro\u00a9JPLoyer_02-1024x682.jpg\" alt=\"\" class=\"uag-image-6614\" width=\"3000\" height=\"2001\" title=\"Cerebro\u00a9JPLoyer_02\" loading=\"lazy\" role=\"img\"\/><figcaption class=\"uagb-image-caption\">JP Loyer<\/figcaption><\/figure><\/div>\n\n\n\n<div style=\"height:32px\" aria-hidden=\"true\" class=\"wp-block-spacer\"><\/div>\n\n\n\n<p><strong>Matthieu Villatelle, halb Guru, halb Lebensberater, erfindet mit den Zuschauern Cerebro, ein (falsches) Programm zur pers\u00f6nlichen Entwicklung, das es ihnen erm\u00f6glichen soll, ihr wahres Potenzial zu entfalten. Ausgehend von dieser Fiktion werden die Zuschauer eingeladen, mit den revolution\u00e4ren Methoden von Cerebro zu experimentieren, um gemeinsam die \u00dcberzeugungs- und Manipulationsmechanismen zu entlarven, die dabei am Werk sind. Eine Einladung, unsere Wachsamkeit zu wecken.<\/strong><\/p>\n\n\n\n<p><strong><em>\"Wenn Sie nicht wissen, wie Ihr Gehirn funktioniert, werden andere wissen, wie es f\u00fcr Sie funktioniert\".<\/em><\/strong><\/p>\n\n\n\n<p><strong>Cerebro, das von Kurt Demey (\u00c9vidences inconnues, Garden of chance) mitgeschrieben und inszeniert wurde, nutzt die Magie, um unser Verh\u00e4ltnis zu Autorit\u00e4t, Glauben und Realit\u00e4t zu hinterfragen.<\/strong><\/p>\n\n\n\n<div style=\"height:19px\" aria-hidden=\"true\" class=\"wp-block-spacer\"><\/div>\n\n\n\n<figure class=\"wp-block-embed is-type-video is-provider-youtube wp-block-embed-youtube wp-embed-aspect-16-9 wp-has-aspect-ratio\"><div class=\"wp-block-embed__wrapper\">\n<script>document.addEventListener('DOMContentLoaded', function() {(tarteaucitron.job = tarteaucitron.job || []).push('youtube');});<\/script><div class=\"youtube_player\" videoid=\"kbtbB9QSzkE\" width=\"100%\" height=\"100%\" style=\"height:50vw\" theme=\"light\" rel=\"0\" controls=\"1\" showinfo=\"1\" autoplay=\"0\"><\/div>\n<\/div><\/figure>\n\n\n\n<div style=\"height:19px\" aria-hidden=\"true\" class=\"wp-block-spacer\"><\/div>\n\n\n\n<div class=\"wp-block-uagb-separator uagb-block-bf7086f3\"><div class=\"wp-block-uagb-separator__inner\" style=\"--my-background-image:\"><\/div><\/div>\n\n\n\n<h3 class=\"wp-block-heading\">Produktionen und Erw\u00e4hnungen<\/h3>\n\n\n\n<p><strong>Konzeption, Szenografie und Interpretation : <\/strong>Matthieu Villatelle<br><strong>Regie und Co-Autorenschaft :<\/strong> Kurt Demey<br><strong>Blick von au\u00dfen :<\/strong> Marien Tillet<br><strong>Tonsch\u00f6pfung : <\/strong>Chkrrr (David Gubitsch und J\u00e9r\u00f4me Bensoussan)<br><strong>Lichtgestaltung :<\/strong> Yann Struillou<br><strong>Regie auf Tournee :<\/strong> Yann Struillou oder Tom Dekel<br><strong>Grafik :<\/strong> Damien Cazeils<br><strong>Koproduktion :<\/strong> La Villette, ECAM - Theater von Kremlin-Bic\u00eatre, Fl\u00e4mische Gemeinschaft<br><strong>Mit der Unterst\u00fctzung von :<\/strong> Espace P\u00e9riph\u00e9rique, l'Echalier und l'Hectare - Sc\u00e8ne conventionn\u00e9e de Vend\u00f4me, le Silo de M\u00e9r\u00e9ville, la Ferme du Buisson - Sc\u00e8ne nationale de Noisiel, Animakt, die Stadt Boussy-Saint-Antoine. Die DRAC \u00cele-de-France unterst\u00fctzt das Projekt durch einen territorialen Wohnsitz in Schulen.<\/p>\n\n\n\n<div style=\"height:19px\" aria-hidden=\"true\" class=\"wp-block-spacer\"><\/div>\n\n\n\n<div class=\"wp-block-uagb-separator uagb-block-5799be37\"><div class=\"wp-block-uagb-separator__inner\" style=\"--my-background-image:\"><\/div><\/div>\n\n\n\n<div class=\"wp-block-columns is-layout-flex wp-container-core-columns-is-layout-9d6595d7 wp-block-columns-is-layout-flex\">\n<div class=\"wp-block-column is-layout-flow wp-block-column-is-layout-flow\">\n<h3 class=\"wp-block-heading\">Kontakte des Unternehmens<\/h3>\n\n\n\n<p>\ud83c\udf10 <a href=\"https:\/\/www.compagniedufaro.com\/cerebro\" target=\"_blank\" rel=\"noreferrer noopener\">companydufaro.com<\/a><\/p>\n\n\n\n<p><a href=\"https:\/\/www.facebook.com\/p\/Compagnie-du-Faro-100064488920995\/\" target=\"_blank\" rel=\"noreferrer noopener\"><img loading=\"lazy\" decoding=\"async\" width=\"60\" height=\"58\" class=\"wp-image-4481\" style=\"width: 60px;\" src=\"https:\/\/mairie-montataire.fr\/app\/uploads\/2024\/09\/Facebook.png\" alt=\"\" srcset=\"https:\/\/mairie-montataire.fr\/app\/uploads\/2024\/09\/Facebook.png 398w, https:\/\/mairie-montataire.fr\/app\/uploads\/2024\/09\/Facebook-300x292.png 300w, https:\/\/mairie-montataire.fr\/app\/uploads\/2024\/09\/Facebook-12x12.png 12w\" sizes=\"auto, (max-width: 60px) 100vw, 60px\" \/><\/a><a href=\"https:\/\/www.youtube.com\/watch?v=kbtbB9QSzkE\" target=\"_blank\" rel=\"noreferrer noopener\"><img loading=\"lazy\" decoding=\"async\" width=\"60\" height=\"58\" class=\"wp-image-4286\" style=\"width: 60px;\" src=\"https:\/\/mairie-montataire.fr\/app\/uploads\/2024\/09\/Youtube.png\" alt=\"\" srcset=\"https:\/\/mairie-montataire.fr\/app\/uploads\/2024\/09\/Youtube.png 398w, https:\/\/mairie-montataire.fr\/app\/uploads\/2024\/09\/Youtube-300x292.png 300w, https:\/\/mairie-montataire.fr\/app\/uploads\/2024\/09\/Youtube-12x12.png 12w\" sizes=\"auto, (max-width: 60px) 100vw, 60px\" \/><\/a><\/p>\n<\/div>\n\n\n\n<div class=\"wp-block-column is-layout-flow wp-block-column-is-layout-flow\">\n<h3 class=\"wp-block-heading\">Palace-Kontakte<\/h3>\n\n\n\n<p><strong><a href=\"https:\/\/mairie-montataire.fr\/de\/aufbluhen\/der-palast\/\" target=\"_blank\" rel=\"noreferrer noopener\">Le Palace - Kulturabteilung<br><\/a><\/strong><a href=\"https:\/\/www.google.com\/maps\/dir\/\/8+bis+Rue+des+D%C3%A9port%C3%A9s,+60160+Montataire\/@49.2560594,2.3962432,13z\/data=!3m1!4b1!4m8!4m7!1m0!1m5!1m1!1s0x47e6497d005f6e8b:0xd4944e46ec7768c5!2m2!1d2.4375282!2d49.2560668?entry=ttu\" target=\"_blank\" rel=\"noreferrer noopener\">8 bis, rue des D\u00e9port\u00e9s - 60160 Montataire<\/a><br>Montag bis Freitag von 9 bis 12 Uhr und von 14 bis 17.30 Uhr<br><a href=\"tel:03 44 24 69 97\">03 44 24 69 97<\/a><br><a href=\"https:\/\/mairie-montataire.fr\/de\/online-antrage\/den-palast-kontaktieren\/\" target=\"_blank\" rel=\"noreferrer noopener\">Kontaktformular<\/a><\/p>\n<\/div>\n<\/div>\n\n\n\n<p><\/p>","protected":false},"featured_media":6563,"parent":0,"template":"","meta":{"_acf_changed":true,"_uag_custom_page_level_css":""},"event-theme":[97],"class_list":["post-6635","event","type-event","status-publish","has-post-thumbnail","hentry","event-theme-magie"],"acf":[],"uagb_featured_image_src":{"full":["https:\/\/mairie-montataire.fr\/app\/uploads\/2025\/07\/Agenda_Cerebro.jpg",450,335,false],"thumbnail":["https:\/\/mairie-montataire.fr\/app\/uploads\/2025\/07\/Agenda_Cerebro-150x150.jpg",150,150,true],"medium":["https:\/\/mairie-montataire.fr\/app\/uploads\/2025\/07\/Agenda_Cerebro-300x223.jpg",300,223,true],"medium_large":["https:\/\/mairie-montataire.fr\/app\/uploads\/2025\/07\/Agenda_Cerebro.jpg",450,335,false],"large":["https:\/\/mairie-montataire.fr\/app\/uploads\/2025\/07\/Agenda_Cerebro.jpg",450,335,false],"1536x1536":["https:\/\/mairie-montataire.fr\/app\/uploads\/2025\/07\/Agenda_Cerebro.jpg",450,335,false],"2048x2048":["https:\/\/mairie-montataire.fr\/app\/uploads\/2025\/07\/Agenda_Cerebro.jpg",450,335,false],"trp-custom-language-flag":["https:\/\/mairie-montataire.fr\/app\/uploads\/2025\/07\/Agenda_Cerebro-16x12.jpg",16,12,true],"gform-image-choice-sm":["https:\/\/mairie-montataire.fr\/app\/uploads\/2025\/07\/Agenda_Cerebro.jpg",300,223,false],"gform-image-choice-md":["https:\/\/mairie-montataire.fr\/app\/uploads\/2025\/07\/Agenda_Cerebro.jpg",400,298,false],"gform-image-choice-lg":["https:\/\/mairie-montataire.fr\/app\/uploads\/2025\/07\/Agenda_Cerebro.jpg",450,335,false]},"uagb_author_info":{"display_name":"Laure Pubert","author_link":"https:\/\/mairie-montataire.fr\/de\/actualites\/author\/"},"uagb_comment_info":0,"uagb_excerpt":"par la Compagnie du Faro Mi-gourou mi-coach de vie, Matthieu Villatelle imagine avec les spectateurs Cerebro un (faux) programme de d\u00e9veloppement personnel qui va leur permettre de r\u00e9v\u00e9ler leur v\u00e9ritable potentiel. \u00c0 partir de cette fiction, ils sont invit\u00e9s \u00e0 exp\u00e9rimenter les m\u00e9thodes r\u00e9volutionnaires de Cerebro afin de d\u00e9monter ensemble les m\u00e9canismes de persuasion et&hellip;","_links":{"self":[{"href":"https:\/\/mairie-montataire.fr\/de\/wp-json\/wp\/v2\/event\/6635","targetHints":{"allow":["GET"]}}],"collection":[{"href":"https:\/\/mairie-montataire.fr\/de\/wp-json\/wp\/v2\/event"}],"about":[{"href":"https:\/\/mairie-montataire.fr\/de\/wp-json\/wp\/v2\/types\/event"}],"wp:featuredmedia":[{"embeddable":true,"href":"https:\/\/mairie-montataire.fr\/de\/wp-json\/wp\/v2\/media\/6563"}],"wp:attachment":[{"href":"https:\/\/mairie-montataire.fr\/de\/wp-json\/wp\/v2\/media?parent=6635"}],"wp:term":[{"taxonomy":"event-theme","embeddable":true,"href":"https:\/\/mairie-montataire.fr\/de\/wp-json\/wp\/v2\/event-theme?post=6635"}],"curies":[{"name":"wp","href":"https:\/\/api.w.org\/{rel}","templated":true}]}}

<h2 class="wp-block-heading">von der Compagnie du Faro</h2>



<div class="wp-block-uagb-image aligncenter uagb-block-f67768a2 wp-block-uagb-image--layout-default wp-block-uagb-image--effect-static wp-block-uagb-image--align-center"><figure class="wp-block-uagb-image__figure"><img decoding="async" srcset="https://mairie-montataire.fr/app/uploads/2025/07/Cerebro©JPLoyer_02-1024x682.jpg ,https://mairie-montataire.fr/app/uploads/2025/07/Cerebro©JPLoyer_02-scaled.jpg 780w, https://mairie-montataire.fr/app/uploads/2025/07/Cerebro©JPLoyer_02-scaled.jpg 360w" sizes="auto, (max-width: 480px) 150px" src="https://mairie-montataire.fr/app/uploads/2025/07/Cerebro©JPLoyer_02-1024x682.jpg" alt="" class="uag-image-6614" width="3000" height="2001" title="Cerebro©JPLoyer_02" loading="lazy" role="img"/><figcaption class="uagb-image-caption">JP Loyer</figcaption></figure></div>



<div style="height:32px" aria-hidden="true" class="wp-block-spacer"></div>



<p><strong>Matthieu Villatelle, halb Guru, halb Lebensberater, erfindet mit den Zuschauern Cerebro, ein (falsches) Programm zur persönlichen Entwicklung, das es ihnen ermöglichen soll, ihr wahres Potenzial zu entfalten. Ausgehend von dieser Fiktion werden die Zuschauer eingeladen, mit den revolutionären Methoden von Cerebro zu experimentieren, um gemeinsam die Überzeugungs- und Manipulationsmechanismen zu entlarven, die dabei am Werk sind. Eine Einladung, unsere Wachsamkeit zu wecken.</strong></p>



<p><strong><em>"Wenn Sie nicht wissen, wie Ihr Gehirn funktioniert, werden andere wissen, wie es für Sie funktioniert".</em></strong></p>



<p><strong>Cerebro, das von Kurt Demey (Évidences inconnues, Garden of chance) mitgeschrieben und inszeniert wurde, nutzt die Magie, um unser Verhältnis zu Autorität, Glauben und Realität zu hinterfragen.</strong></p>



<div style="height:19px" aria-hidden="true" class="wp-block-spacer"></div>



<figure class="wp-block-embed is-type-video is-provider-youtube wp-block-embed-youtube wp-embed-aspect-16-9 wp-has-aspect-ratio"><div class="wp-block-embed__wrapper">
<script>document.addEventListener('DOMContentLoaded', function() {(tarteaucitron.job = tarteaucitron.job || []).push('youtube');});</script><div class="youtube_player" videoid="kbtbB9QSzkE" width="100%" height="100%" style="height:50vw" theme="light" rel="0" controls="1" showinfo="1" autoplay="0"></div>
</div></figure>



<div style="height:19px" aria-hidden="true" class="wp-block-spacer"></div>



<div class="wp-block-uagb-separator uagb-block-bf7086f3"><div class="wp-block-uagb-separator__inner" style="--my-background-image:"></div></div>



<h3 class="wp-block-heading">Produktionen und Erwähnungen</h3>



<p><strong>Konzeption, Szenografie und Interpretation : </strong>Matthieu Villatelle<br><strong>Regie und Co-Autorenschaft :</strong> Kurt Demey<br><strong>Blick von außen :</strong> Marien Tillet<br><strong>Tonschöpfung : </strong>Chkrrr (David Gubitsch und Jérôme Bensoussan)<br><strong>Lichtgestaltung :</strong> Yann Struillou<br><strong>Regie auf Tournee :</strong> Yann Struillou oder Tom Dekel<br><strong>Grafik :</strong> Damien Cazeils<br><strong>Koproduktion :</strong> La Villette, ECAM - Theater von Kremlin-Bicêtre, Flämische Gemeinschaft<br><strong>Mit der Unterstützung von :</strong> Espace Périphérique, l'Echalier und l'Hectare - Scène conventionnée de Vendôme, le Silo de Méréville, la Ferme du Buisson - Scène nationale de Noisiel, Animakt, die Stadt Boussy-Saint-Antoine. Die DRAC Île-de-France unterstützt das Projekt durch einen territorialen Wohnsitz in Schulen.</p>



<div style="height:19px" aria-hidden="true" class="wp-block-spacer"></div>



<div class="wp-block-uagb-separator uagb-block-5799be37"><div class="wp-block-uagb-separator__inner" style="--my-background-image:"></div></div>



<div class="wp-block-columns is-layout-flex wp-container-core-columns-is-layout-9d6595d7 wp-block-columns-is-layout-flex">
<div class="wp-block-column is-layout-flow wp-block-column-is-layout-flow">
<h3 class="wp-block-heading">Kontakte des Unternehmens</h3>



<p>🌐 <a href="https://www.compagniedufaro.com/cerebro" target="_blank" rel="noreferrer noopener">companydufaro.com</a></p>



<p><a href="https://www.facebook.com/p/Compagnie-du-Faro-100064488920995/" target="_blank" rel="noreferrer noopener"><img loading="lazy" decoding="async" width="60" height="58" class="wp-image-4481" style="width: 60px;" src="https://mairie-montataire.fr/app/uploads/2024/09/Facebook.png" alt="" srcset="https://mairie-montataire.fr/app/uploads/2024/09/Facebook.png 398w, https://mairie-montataire.fr/app/uploads/2024/09/Facebook-300x292.png 300w, https://mairie-montataire.fr/app/uploads/2024/09/Facebook-12x12.png 12w" sizes="auto, (max-width: 60px) 100vw, 60px" /></a><a href="https://www.youtube.com/watch?v=kbtbB9QSzkE" target="_blank" rel="noreferrer noopener"><img loading="lazy" decoding="async" width="60" height="58" class="wp-image-4286" style="width: 60px;" src="https://mairie-montataire.fr/app/uploads/2024/09/Youtube.png" alt="" srcset="https://mairie-montataire.fr/app/uploads/2024/09/Youtube.png 398w, https://mairie-montataire.fr/app/uploads/2024/09/Youtube-300x292.png 300w, https://mairie-montataire.fr/app/uploads/2024/09/Youtube-12x12.png 12w" sizes="auto, (max-width: 60px) 100vw, 60px" /></a></p>
</div>



<div class="wp-block-column is-layout-flow wp-block-column-is-layout-flow">
<h3 class="wp-block-heading">Palace-Kontakte</h3>



<p><strong><a href="https://mairie-montataire.fr/de/aufbluhen/der-palast/" target="_blank" rel="noreferrer noopener">Le Palace - Kulturabteilung<br></a></strong><a href="https://www.google.com/maps/dir//8+bis+Rue+des+D%C3%A9port%C3%A9s,+60160+Montataire/@49.2560594,2.3962432,13z/data=!3m1!4b1!4m8!4m7!1m0!1m5!1m1!1s0x47e6497d005f6e8b:0xd4944e46ec7768c5!2m2!1d2.4375282!2d49.2560668?entry=ttu" target="_blank" rel="noreferrer noopener">8 bis, rue des Déportés - 60160 Montataire</a><br>Montag bis Freitag von 9 bis 12 Uhr und von 14 bis 17.30 Uhr<br><a href="tel:03 44 24 69 97">03 44 24 69 97</a><br><a href="https://mairie-montataire.fr/de/online-antrage/den-palast-kontaktieren/" target="_blank" rel="noreferrer noopener">Kontaktformular</a></p>
</div>
</div>



<p></p>

par la Compagnie du Faro Mi-gourou mi-coach de vie, Matthieu Villatelle imagine avec les spectateurs Cerebro un (faux) programme de développement personnel qui va leur permettre de révéler leur véritable potentiel. À partir de cette fiction, ils sont invités à expérimenter les méthodes révolutionnaires de Cerebro afin de démonter ensemble les mécanismes de persuasion et&hellip;
