{"id":6634,"date":"2025-09-01T06:00:00","date_gmt":"2025-09-01T06:00:00","guid":{"rendered":"https:\/\/mairie-montataire.fr\/?post_type=event&#038;p=6634"},"modified":"2025-07-30T09:06:12","modified_gmt":"2025-07-30T09:06:12","slug":"volle-kraft-voraus","status":"publish","type":"event","link":"https:\/\/mairie-montataire.fr\/de\/agenda\/theatre\/en-avant-toutes\/","title":{"rendered":"Volle Kraft voraus"},"content":{"rendered":"<h2 class=\"wp-block-heading\">von der Compagnie Boom<\/h2>\n\n\n\n<div class=\"wp-block-uagb-image aligncenter uagb-block-f67768a2 wp-block-uagb-image--layout-default wp-block-uagb-image--effect-static wp-block-uagb-image--align-center\"><figure class=\"wp-block-uagb-image__figure\"><img decoding=\"async\" srcset=\"https:\/\/mairie-montataire.fr\/app\/uploads\/2025\/07\/EAT1-Credit-photo-Romain-le-Gall-Brachet--1024x659.jpg ,https:\/\/mairie-montataire.fr\/app\/uploads\/2025\/07\/EAT1-Credit-photo-Romain-le-Gall-Brachet--scaled.jpg 780w, https:\/\/mairie-montataire.fr\/app\/uploads\/2025\/07\/EAT1-Credit-photo-Romain-le-Gall-Brachet--scaled.jpg 360w\" sizes=\"auto, (max-width: 480px) 150px\" src=\"https:\/\/mairie-montataire.fr\/app\/uploads\/2025\/07\/EAT1-Credit-photo-Romain-le-Gall-Brachet--1024x659.jpg\" alt=\"\" class=\"uag-image-6617\" width=\"3000\" height=\"2001\" title=\"DSC06337 v2\" loading=\"lazy\" role=\"img\"\/><figcaption class=\"uagb-image-caption\">Romain le Gall Brachet<\/figcaption><\/figure><\/div>\n\n\n\n<div style=\"height:32px\" aria-hidden=\"true\" class=\"wp-block-spacer\"><\/div>\n\n\n\n<p><strong>Kennen Sie Anne Lister, Josephine Pencalet und Louise Chatelain? Wussten Sie, dass es in Nubien eine matriarchalische Zivilisation gab, die genauso reich und bl\u00fchend war wie die \u00e4gyptische Zivilisation? Oder dass die gr\u00f6\u00dfte Piratenflotte von einer Frau angef\u00fchrt worden war? In einer einzigen Inszenierung gr\u00e4bt Zo\u00e9 Grossot Portr\u00e4ts von Frauen mit au\u00dfergew\u00f6hnlichen Schicksalen aus, die unsere Geschichte ausgel\u00f6scht hat. Aber neben diesen historischen Figuren, die wir vergessen haben, gibt es auch all jene, deren Namen wir nie erfahren werden, all jene, die im Schatten bleiben und die wir kaum wahrnehmen. Mit Hilfe von Papiersilhouetten zeichnen Zo\u00e9 Grossot und Lou Simon, die Mitsch\u00f6pferin des St\u00fccks, eine andere Realit\u00e4t, die von unserer kollektiven Vorstellungswelt ignoriert wird, und schlagen uns andere Modelle und Darstellungen au\u00dferhalb der Geschlechterstereotypen vor. Eine Reise zwischen den Kontinenten und Epochen, die den Frauen, ihrer Vielfalt, ihren au\u00dfergew\u00f6hnlichen, aber auch dramatischen Schicksalen, ihrem Alltag, ihren K\u00e4mpfen und ihrer St\u00e4rke einen gro\u00dfen Platz einr\u00e4umt. Eine kollektive Feier, zu der sie das Publikum mit Wohlwollen und Humor einl\u00e4dt.<\/strong><\/p>\n\n\n\n<div class=\"wp-block-columns is-layout-flex wp-container-core-columns-is-layout-9d6595d7 wp-block-columns-is-layout-flex\">\n<div class=\"wp-block-column is-vertically-aligned-center is-layout-flow wp-block-column-is-layout-flow\" style=\"flex-basis:66.66%\">\n<p>Im Rahmen des 8. M\u00e4rz, dem Internationalen Tag der Frauenrechte.<\/p>\n<\/div>\n\n\n\n<div class=\"wp-block-column is-layout-flow wp-block-column-is-layout-flow\" style=\"flex-basis:15%\"><\/div>\n<\/div>\n\n\n\n<figure class=\"wp-block-embed is-type-video is-provider-vimeo wp-block-embed-vimeo wp-embed-aspect-16-9 wp-has-aspect-ratio\"><div class=\"wp-block-embed__wrapper\">\n<script>document.addEventListener('DOMContentLoaded', function() {(tarteaucitron.job = tarteaucitron.job || []).push('vimeo');});<\/script><div class=\"vimeo_player\" videoid=\"664824782\" width=\"100%\" height=\"100%\" style=\"height:50vw\"><\/div>\n<\/div><\/figure>\n\n\n\n<div style=\"height:19px\" aria-hidden=\"true\" class=\"wp-block-spacer\"><\/div>\n\n\n\n<div class=\"wp-block-uagb-separator uagb-block-bf7086f3\"><div class=\"wp-block-uagb-separator__inner\" style=\"--my-background-image:\"><\/div><\/div>\n\n\n\n<h3 class=\"wp-block-heading\">Produktionen und Erw\u00e4hnungen<\/h3>\n\n\n\n<p><strong>Co-Regie :<\/strong> Zo\u00e9 Grossot und Lou Simon<br><strong>Spiel und Interpretation :<\/strong> Zo\u00e9 Grossot<br><strong>B\u00fchnenbild : <\/strong>Cerise Guyon<br><strong>Assistentin f\u00fcr B\u00fchnenbild und Kost\u00fcme :<\/strong> Salome Vandendriessche<br><strong>Clownsblick :<\/strong> Erwan David<br><strong>Dramaturgische Beraterin : <\/strong>Karima El Kharraze<br><strong>Aufbau der Silhouetten :<\/strong> Zo\u00e9 Grossot und Ana\u00efs Aubry<br><strong>Lichtgestaltung :<\/strong> Romain Le Gall-Brachet<br><strong>Tonsch\u00f6pfung : <\/strong>Thomas Demay<br><strong>Regie :<\/strong> Romain Le Gall-Brachet oder Eliah Elhadad Ramon<br><strong>Verwaltung : <\/strong>Am\u00e9 Wallerant<br><br>Th\u00e9\u00e2tre le Passage in F\u00e9camp (Koproduktion - Aufnahme in Residence), Th\u00e9\u00e2tre de la Halle Roublot in Fontenay-sous-Bois (Compagnonnage - Koproduktion - Aufnahme in Residence - Vorkauf), La Nef - Manufacture d'utopies in Pantin (Compagnonnage), Th\u00e9\u00e2tre Jean-Arp in Clamart (Aufnahme in Residenz - Koproduktion), Festival Marto (Koproduktion - Vorabkauf), Th\u00e9\u00e2tre 71 - Fabrique des Arts in Malakoff (Aufnahme in Residenz), PIVO - Th\u00e9\u00e2tre en territoire 95 (Koproduktion - Vorabkauf).<br><br>Diese Produktion wird von der Region Ile-de-France, dem Departement Val de Marne und dem Departement Seine-Saint-Denis unterst\u00fctzt.<\/p>\n\n\n\n<div style=\"height:19px\" aria-hidden=\"true\" class=\"wp-block-spacer\"><\/div>\n\n\n\n<div class=\"wp-block-uagb-separator uagb-block-5799be37\"><div class=\"wp-block-uagb-separator__inner\" style=\"--my-background-image:\"><\/div><\/div>\n\n\n\n<div class=\"wp-block-columns is-layout-flex wp-container-core-columns-is-layout-9d6595d7 wp-block-columns-is-layout-flex\">\n<div class=\"wp-block-column is-layout-flow wp-block-column-is-layout-flow\">\n<h3 class=\"wp-block-heading\">Kontakte des Unternehmens<\/h3>\n\n\n\n<p>\ud83c\udf10 <a href=\"https:\/\/compagnieboom.com\/index.php\/elles\/\" target=\"_blank\" rel=\"noreferrer noopener\">compagnieboom.com<\/a><\/p>\n\n\n\n<p><a href=\"https:\/\/www.facebook.com\/compagnieboom\/\" target=\"_blank\" rel=\"noreferrer noopener\"><img loading=\"lazy\" decoding=\"async\" width=\"60\" height=\"58\" class=\"wp-image-4481\" style=\"width: 60px;\" src=\"https:\/\/mairie-montataire.fr\/app\/uploads\/2024\/09\/Facebook.png\" alt=\"\" srcset=\"https:\/\/mairie-montataire.fr\/app\/uploads\/2024\/09\/Facebook.png 398w, https:\/\/mairie-montataire.fr\/app\/uploads\/2024\/09\/Facebook-300x292.png 300w, https:\/\/mairie-montataire.fr\/app\/uploads\/2024\/09\/Facebook-12x12.png 12w\" sizes=\"auto, (max-width: 60px) 100vw, 60px\" \/><\/a><a href=\"https:\/\/www.instagram.com\/compagnieboom\/\" target=\"_blank\" rel=\"noreferrer noopener\"><img loading=\"lazy\" decoding=\"async\" width=\"60\" height=\"58\" class=\"wp-image-4482\" style=\"width: 60px;\" src=\"https:\/\/mairie-montataire.fr\/app\/uploads\/2024\/09\/Instagram.png\" alt=\"\" srcset=\"https:\/\/mairie-montataire.fr\/app\/uploads\/2024\/09\/Instagram.png 399w, https:\/\/mairie-montataire.fr\/app\/uploads\/2024\/09\/Instagram-300x292.png 300w, https:\/\/mairie-montataire.fr\/app\/uploads\/2024\/09\/Instagram-12x12.png 12w\" sizes=\"auto, (max-width: 60px) 100vw, 60px\" \/><\/a><a href=\"https:\/\/vimeo.com\/664824782?fl=pl&amp;fe=ti\" target=\"_blank\" rel=\"noreferrer noopener\"><img loading=\"lazy\" decoding=\"async\" width=\"60\" height=\"58\" class=\"wp-image-4286\" style=\"width: 60px;\" src=\"https:\/\/mairie-montataire.fr\/app\/uploads\/2024\/09\/Youtube.png\" alt=\"\" srcset=\"https:\/\/mairie-montataire.fr\/app\/uploads\/2024\/09\/Youtube.png 398w, https:\/\/mairie-montataire.fr\/app\/uploads\/2024\/09\/Youtube-300x292.png 300w, https:\/\/mairie-montataire.fr\/app\/uploads\/2024\/09\/Youtube-12x12.png 12w\" sizes=\"auto, (max-width: 60px) 100vw, 60px\" \/><\/a><\/p>\n<\/div>\n\n\n\n<div class=\"wp-block-column is-layout-flow wp-block-column-is-layout-flow\">\n<h3 class=\"wp-block-heading\">Palace-Kontakte<\/h3>\n\n\n\n<p><strong><a href=\"https:\/\/mairie-montataire.fr\/de\/aufbluhen\/der-palast\/\" target=\"_blank\" rel=\"noreferrer noopener\">Le Palace - Kulturabteilung<br><\/a><\/strong><a href=\"https:\/\/www.google.com\/maps\/dir\/\/8+bis+Rue+des+D%C3%A9port%C3%A9s,+60160+Montataire\/@49.2560594,2.3962432,13z\/data=!3m1!4b1!4m8!4m7!1m0!1m5!1m1!1s0x47e6497d005f6e8b:0xd4944e46ec7768c5!2m2!1d2.4375282!2d49.2560668?entry=ttu\" target=\"_blank\" rel=\"noreferrer noopener\">8 bis, rue des D\u00e9port\u00e9s - 60160 Montataire<\/a><br>Montag bis Freitag von 9 bis 12 Uhr und von 14 bis 17.30 Uhr<br><a href=\"tel:03 44 24 69 97\">03 44 24 69 97<\/a><br><a href=\"https:\/\/mairie-montataire.fr\/de\/online-antrage\/den-palast-kontaktieren\/\" target=\"_blank\" rel=\"noreferrer noopener\">Kontaktformular<\/a><\/p>\n<\/div>\n<\/div>\n\n\n\n<p><\/p>","protected":false},"featured_media":6567,"parent":0,"template":"","meta":{"_acf_changed":true,"_uag_custom_page_level_css":""},"event-theme":[64],"class_list":["post-6634","event","type-event","status-publish","has-post-thumbnail","hentry","event-theme-theatre"],"acf":[],"uagb_featured_image_src":{"full":["https:\/\/mairie-montataire.fr\/app\/uploads\/2025\/07\/Agenda_EnAvantToutes.jpg",450,335,false],"thumbnail":["https:\/\/mairie-montataire.fr\/app\/uploads\/2025\/07\/Agenda_EnAvantToutes-150x150.jpg",150,150,true],"medium":["https:\/\/mairie-montataire.fr\/app\/uploads\/2025\/07\/Agenda_EnAvantToutes-300x223.jpg",300,223,true],"medium_large":["https:\/\/mairie-montataire.fr\/app\/uploads\/2025\/07\/Agenda_EnAvantToutes.jpg",450,335,false],"large":["https:\/\/mairie-montataire.fr\/app\/uploads\/2025\/07\/Agenda_EnAvantToutes.jpg",450,335,false],"1536x1536":["https:\/\/mairie-montataire.fr\/app\/uploads\/2025\/07\/Agenda_EnAvantToutes.jpg",450,335,false],"2048x2048":["https:\/\/mairie-montataire.fr\/app\/uploads\/2025\/07\/Agenda_EnAvantToutes.jpg",450,335,false],"trp-custom-language-flag":["https:\/\/mairie-montataire.fr\/app\/uploads\/2025\/07\/Agenda_EnAvantToutes-16x12.jpg",16,12,true],"gform-image-choice-sm":["https:\/\/mairie-montataire.fr\/app\/uploads\/2025\/07\/Agenda_EnAvantToutes.jpg",300,223,false],"gform-image-choice-md":["https:\/\/mairie-montataire.fr\/app\/uploads\/2025\/07\/Agenda_EnAvantToutes.jpg",400,298,false],"gform-image-choice-lg":["https:\/\/mairie-montataire.fr\/app\/uploads\/2025\/07\/Agenda_EnAvantToutes.jpg",450,335,false]},"uagb_author_info":{"display_name":"Laure Pubert","author_link":"https:\/\/mairie-montataire.fr\/de\/actualites\/author\/"},"uagb_comment_info":0,"uagb_excerpt":"par la Compagnie Boom Connaissez-vous Anne Lister, Jos\u00e9phine Pencalet, Louise Chatelain ? Savez-vous qu\u2019en Nubie il existait une civilisation matriarcale aussi riche et florissante que la civilisation \u00e9gyptienne ? Ou bien que la plus grande flotte de pirates avait \u00e9t\u00e9 dirig\u00e9e par une femme ? Dans un seule en sc\u00e8ne, Zo\u00e9 Grossot exhume des portraits&hellip;","_links":{"self":[{"href":"https:\/\/mairie-montataire.fr\/de\/wp-json\/wp\/v2\/event\/6634","targetHints":{"allow":["GET"]}}],"collection":[{"href":"https:\/\/mairie-montataire.fr\/de\/wp-json\/wp\/v2\/event"}],"about":[{"href":"https:\/\/mairie-montataire.fr\/de\/wp-json\/wp\/v2\/types\/event"}],"wp:featuredmedia":[{"embeddable":true,"href":"https:\/\/mairie-montataire.fr\/de\/wp-json\/wp\/v2\/media\/6567"}],"wp:attachment":[{"href":"https:\/\/mairie-montataire.fr\/de\/wp-json\/wp\/v2\/media?parent=6634"}],"wp:term":[{"taxonomy":"event-theme","embeddable":true,"href":"https:\/\/mairie-montataire.fr\/de\/wp-json\/wp\/v2\/event-theme?post=6634"}],"curies":[{"name":"wp","href":"https:\/\/api.w.org\/{rel}","templated":true}]}}

<h2 class="wp-block-heading">von der Compagnie Boom</h2>



<div class="wp-block-uagb-image aligncenter uagb-block-f67768a2 wp-block-uagb-image--layout-default wp-block-uagb-image--effect-static wp-block-uagb-image--align-center"><figure class="wp-block-uagb-image__figure"><img decoding="async" srcset="https://mairie-montataire.fr/app/uploads/2025/07/EAT1-Credit-photo-Romain-le-Gall-Brachet--1024x659.jpg ,https://mairie-montataire.fr/app/uploads/2025/07/EAT1-Credit-photo-Romain-le-Gall-Brachet--scaled.jpg 780w, https://mairie-montataire.fr/app/uploads/2025/07/EAT1-Credit-photo-Romain-le-Gall-Brachet--scaled.jpg 360w" sizes="auto, (max-width: 480px) 150px" src="https://mairie-montataire.fr/app/uploads/2025/07/EAT1-Credit-photo-Romain-le-Gall-Brachet--1024x659.jpg" alt="" class="uag-image-6617" width="3000" height="2001" title="DSC06337 v2" loading="lazy" role="img"/><figcaption class="uagb-image-caption">Romain le Gall Brachet</figcaption></figure></div>



<div style="height:32px" aria-hidden="true" class="wp-block-spacer"></div>



<p><strong>Kennen Sie Anne Lister, Josephine Pencalet und Louise Chatelain? Wussten Sie, dass es in Nubien eine matriarchalische Zivilisation gab, die genauso reich und blühend war wie die ägyptische Zivilisation? Oder dass die größte Piratenflotte von einer Frau angeführt worden war? In einer einzigen Inszenierung gräbt Zoé Grossot Porträts von Frauen mit außergewöhnlichen Schicksalen aus, die unsere Geschichte ausgelöscht hat. Aber neben diesen historischen Figuren, die wir vergessen haben, gibt es auch all jene, deren Namen wir nie erfahren werden, all jene, die im Schatten bleiben und die wir kaum wahrnehmen. Mit Hilfe von Papiersilhouetten zeichnen Zoé Grossot und Lou Simon, die Mitschöpferin des Stücks, eine andere Realität, die von unserer kollektiven Vorstellungswelt ignoriert wird, und schlagen uns andere Modelle und Darstellungen außerhalb der Geschlechterstereotypen vor. Eine Reise zwischen den Kontinenten und Epochen, die den Frauen, ihrer Vielfalt, ihren außergewöhnlichen, aber auch dramatischen Schicksalen, ihrem Alltag, ihren Kämpfen und ihrer Stärke einen großen Platz einräumt. Eine kollektive Feier, zu der sie das Publikum mit Wohlwollen und Humor einlädt.</strong></p>



<div class="wp-block-columns is-layout-flex wp-container-core-columns-is-layout-9d6595d7 wp-block-columns-is-layout-flex">
<div class="wp-block-column is-vertically-aligned-center is-layout-flow wp-block-column-is-layout-flow" style="flex-basis:66.66%">
<p>Im Rahmen des 8. März, dem Internationalen Tag der Frauenrechte.</p>
</div>



<div class="wp-block-column is-layout-flow wp-block-column-is-layout-flow" style="flex-basis:15%"></div>
</div>



<figure class="wp-block-embed is-type-video is-provider-vimeo wp-block-embed-vimeo wp-embed-aspect-16-9 wp-has-aspect-ratio"><div class="wp-block-embed__wrapper">
<script>document.addEventListener('DOMContentLoaded', function() {(tarteaucitron.job = tarteaucitron.job || []).push('vimeo');});</script><div class="vimeo_player" videoid="664824782" width="100%" height="100%" style="height:50vw"></div>
</div></figure>



<div style="height:19px" aria-hidden="true" class="wp-block-spacer"></div>



<div class="wp-block-uagb-separator uagb-block-bf7086f3"><div class="wp-block-uagb-separator__inner" style="--my-background-image:"></div></div>



<h3 class="wp-block-heading">Produktionen und Erwähnungen</h3>



<p><strong>Co-Regie :</strong> Zoé Grossot und Lou Simon<br><strong>Spiel und Interpretation :</strong> Zoé Grossot<br><strong>Bühnenbild : </strong>Cerise Guyon<br><strong>Assistentin für Bühnenbild und Kostüme :</strong> Salome Vandendriessche<br><strong>Clownsblick :</strong> Erwan David<br><strong>Dramaturgische Beraterin : </strong>Karima El Kharraze<br><strong>Aufbau der Silhouetten :</strong> Zoé Grossot und Anaïs Aubry<br><strong>Lichtgestaltung :</strong> Romain Le Gall-Brachet<br><strong>Tonschöpfung : </strong>Thomas Demay<br><strong>Regie :</strong> Romain Le Gall-Brachet oder Eliah Elhadad Ramon<br><strong>Verwaltung : </strong>Amé Wallerant<br><br>Théâtre le Passage in Fécamp (Koproduktion - Aufnahme in Residence), Théâtre de la Halle Roublot in Fontenay-sous-Bois (Compagnonnage - Koproduktion - Aufnahme in Residence - Vorkauf), La Nef - Manufacture d'utopies in Pantin (Compagnonnage), Théâtre Jean-Arp in Clamart (Aufnahme in Residenz - Koproduktion), Festival Marto (Koproduktion - Vorabkauf), Théâtre 71 - Fabrique des Arts in Malakoff (Aufnahme in Residenz), PIVO - Théâtre en territoire 95 (Koproduktion - Vorabkauf).<br><br>Diese Produktion wird von der Region Ile-de-France, dem Departement Val de Marne und dem Departement Seine-Saint-Denis unterstützt.</p>



<div style="height:19px" aria-hidden="true" class="wp-block-spacer"></div>



<div class="wp-block-uagb-separator uagb-block-5799be37"><div class="wp-block-uagb-separator__inner" style="--my-background-image:"></div></div>



<div class="wp-block-columns is-layout-flex wp-container-core-columns-is-layout-9d6595d7 wp-block-columns-is-layout-flex">
<div class="wp-block-column is-layout-flow wp-block-column-is-layout-flow">
<h3 class="wp-block-heading">Kontakte des Unternehmens</h3>



<p>🌐 <a href="https://compagnieboom.com/index.php/elles/" target="_blank" rel="noreferrer noopener">compagnieboom.com</a></p>



<p><a href="https://www.facebook.com/compagnieboom/" target="_blank" rel="noreferrer noopener"><img loading="lazy" decoding="async" width="60" height="58" class="wp-image-4481" style="width: 60px;" src="https://mairie-montataire.fr/app/uploads/2024/09/Facebook.png" alt="" srcset="https://mairie-montataire.fr/app/uploads/2024/09/Facebook.png 398w, https://mairie-montataire.fr/app/uploads/2024/09/Facebook-300x292.png 300w, https://mairie-montataire.fr/app/uploads/2024/09/Facebook-12x12.png 12w" sizes="auto, (max-width: 60px) 100vw, 60px" /></a><a href="https://www.instagram.com/compagnieboom/" target="_blank" rel="noreferrer noopener"><img loading="lazy" decoding="async" width="60" height="58" class="wp-image-4482" style="width: 60px;" src="https://mairie-montataire.fr/app/uploads/2024/09/Instagram.png" alt="" srcset="https://mairie-montataire.fr/app/uploads/2024/09/Instagram.png 399w, https://mairie-montataire.fr/app/uploads/2024/09/Instagram-300x292.png 300w, https://mairie-montataire.fr/app/uploads/2024/09/Instagram-12x12.png 12w" sizes="auto, (max-width: 60px) 100vw, 60px" /></a><a href="https://vimeo.com/664824782?fl=pl&amp;fe=ti" target="_blank" rel="noreferrer noopener"><img loading="lazy" decoding="async" width="60" height="58" class="wp-image-4286" style="width: 60px;" src="https://mairie-montataire.fr/app/uploads/2024/09/Youtube.png" alt="" srcset="https://mairie-montataire.fr/app/uploads/2024/09/Youtube.png 398w, https://mairie-montataire.fr/app/uploads/2024/09/Youtube-300x292.png 300w, https://mairie-montataire.fr/app/uploads/2024/09/Youtube-12x12.png 12w" sizes="auto, (max-width: 60px) 100vw, 60px" /></a></p>
</div>



<div class="wp-block-column is-layout-flow wp-block-column-is-layout-flow">
<h3 class="wp-block-heading">Palace-Kontakte</h3>



<p><strong><a href="https://mairie-montataire.fr/de/aufbluhen/der-palast/" target="_blank" rel="noreferrer noopener">Le Palace - Kulturabteilung<br></a></strong><a href="https://www.google.com/maps/dir//8+bis+Rue+des+D%C3%A9port%C3%A9s,+60160+Montataire/@49.2560594,2.3962432,13z/data=!3m1!4b1!4m8!4m7!1m0!1m5!1m1!1s0x47e6497d005f6e8b:0xd4944e46ec7768c5!2m2!1d2.4375282!2d49.2560668?entry=ttu" target="_blank" rel="noreferrer noopener">8 bis, rue des Déportés - 60160 Montataire</a><br>Montag bis Freitag von 9 bis 12 Uhr und von 14 bis 17.30 Uhr<br><a href="tel:03 44 24 69 97">03 44 24 69 97</a><br><a href="https://mairie-montataire.fr/de/online-antrage/den-palast-kontaktieren/" target="_blank" rel="noreferrer noopener">Kontaktformular</a></p>
</div>
</div>



<p></p>

par la Compagnie Boom Connaissez-vous Anne Lister, Joséphine Pencalet, Louise Chatelain ? Savez-vous qu’en Nubie il existait une civilisation matriarcale aussi riche et florissante que la civilisation égyptienne ? Ou bien que la plus grande flotte de pirates avait été dirigée par une femme ? Dans un seule en scène, Zoé Grossot exhume des portraits&hellip;
