{"id":6600,"date":"2025-09-01T06:00:00","date_gmt":"2025-09-01T06:00:00","guid":{"rendered":"https:\/\/mairie-montataire.fr\/?post_type=event&#038;p=6600"},"modified":"2025-07-30T07:37:59","modified_gmt":"2025-07-30T07:37:59","slug":"die-ausbrecher","status":"publish","type":"event","link":"https:\/\/mairie-montataire.fr\/de\/agenda\/theatre\/les-evades\/","title":{"rendered":"Die Entflohenen"},"content":{"rendered":"<h2 class=\"wp-block-heading\">von der Compagnie Licorne de Brume<\/h2>\n\n\n\n<div class=\"wp-block-uagb-image aligncenter uagb-block-f67768a2 wp-block-uagb-image--layout-default wp-block-uagb-image--effect-static wp-block-uagb-image--align-center\"><figure class=\"wp-block-uagb-image__figure\"><img decoding=\"async\" srcset=\"https:\/\/mairie-montataire.fr\/app\/uploads\/2025\/07\/3_IMG_9014-1024x713.jpg ,https:\/\/mairie-montataire.fr\/app\/uploads\/2025\/07\/3_IMG_9014-scaled.jpg 780w, https:\/\/mairie-montataire.fr\/app\/uploads\/2025\/07\/3_IMG_9014-scaled.jpg 360w\" sizes=\"auto, (max-width: 480px) 150px\" src=\"https:\/\/mairie-montataire.fr\/app\/uploads\/2025\/07\/3_IMG_9014-1024x713.jpg\" alt=\"\" class=\"uag-image-6605\" width=\"3000\" height=\"2001\" title=\"3_IMG_9014.CR2\" loading=\"lazy\" role=\"img\"\/><figcaption class=\"uagb-image-caption\">Capth\u00e9a<\/figcaption><\/figure><\/div>\n\n\n\n<div style=\"height:32px\" aria-hidden=\"true\" class=\"wp-block-spacer\"><\/div>\n\n\n\n<p><strong>Das Aktivistenkollektiv Sauvons Les Riches organisiert eine direkte Aktion vor den R\u00e4umlichkeiten eines Unternehmens, das verd\u00e4chtigt wird, Steuerhinterziehung zu erleichtern. Unter den verd\u00e4chtigten Pers\u00f6nlichkeiten befindet sich auch Jacques Trompe, der favorisierte Kandidat f\u00fcr die Pr\u00e4sidentschaftswahlen. Rosa, eine idealistische Enth\u00fcllungsjournalistin, kommt, um \u00fcber die Veranstaltung zu berichten. In der Verwirrung um die Aktion wird sie jedoch unfreiwillig als Fahnentr\u00e4gerin des Kollektivs identifiziert und von der Polizei abgef\u00fchrt...<\/strong><\/p>\n\n\n\n<p><strong>Frei nach dem bestehenden Kollektiv Sauvons Les Riches ist Les \u00c9vad\u00e9s eine Doku-Fiktion, die auf wahren Begebenheiten und Zeugenaussagen beruht. Ein Pl\u00e4doyer f\u00fcr Gerechtigkeit und B\u00fcrgerrechte.<\/strong><\/p>\n\n\n\n<div style=\"height:32px\" aria-hidden=\"true\" class=\"wp-block-spacer\"><\/div>\n\n\n\n<figure class=\"wp-block-embed is-type-video is-provider-youtube wp-block-embed-youtube wp-embed-aspect-16-9 wp-has-aspect-ratio\"><div class=\"wp-block-embed__wrapper\">\n<iframe loading=\"lazy\" title=\"Die Entflohenen - TDB - 02 - 2025\" width=\"500\" height=\"281\" src=\"https:\/\/www.youtube.com\/embed\/iLrOLeUXMDc?feature=oembed\" frameborder=\"0\" allow=\"accelerometer; autoplay; clipboard-write; encrypted-media; gyroscope; picture-in-picture; web-share\" referrerpolicy=\"strict-origin-when-cross-origin\" allowfullscreen><\/iframe>\n<\/div><\/figure>\n\n\n\n<div style=\"height:19px\" aria-hidden=\"true\" class=\"wp-block-spacer\"><\/div>\n\n\n\n<div class=\"wp-block-uagb-separator uagb-block-bf7086f3\"><div class=\"wp-block-uagb-separator__inner\" style=\"--my-background-image:\"><\/div><\/div>\n\n\n\n<h3 class=\"wp-block-heading\">Produktionen und Erw\u00e4hnungen<\/h3>\n\n\n\n<p><strong>Text &amp; Regie<\/strong> Am\u00e9lie Cornu Mit Jean Barlerin, Am\u00e9lie Cornu, Tristan Legoff, Aur\u00e9lie Noblesse, Cindy Rodrigues &amp; Hugo Sablic <br><strong>K\u00fcnstlerischer Blick<\/strong> Andr\u00e9 Obadia Musikalische Gestaltung Jo Zeugma &amp; Fabrice l'Oiseau B\u00fchnenbild und Kost\u00fcme Am\u00e9lie Cornu Videoeinrichtung Jean Barlerin <br><strong>Grafische Gestaltung<\/strong> Cl\u00e9ment Cornu Videokreation JT Ulysse Andr\u00e9 <br><strong>Lichtgestaltung<\/strong> Emilie Nguyen Externe Blicke Elodie Segui &amp; Pauline Van Lancker <br><strong>Produktion<\/strong> Compagnie Licorne de Brume Koproduktion Com\u00e9die de Picardie, sc\u00e8ne conventionn\u00e9e des Hauts-de-France<br><strong>Subventioniert durch<\/strong> die DRAC Hauts-de-France (dispositif Tremplin), Region Hauts-de-France (Schreibf\u00f6rderung), Conseil d\u00e9partemental de l'Oise (Urauff\u00fchrungsf\u00f6rderung), SPEDIDAM<br><strong>Unterst\u00fctzungen<\/strong> Th\u00e9\u00e2tre du Beauvaisis Sc\u00e8ne nationale des Hauts-de-France, Palace de Montataire, Sc\u00e8nes d'Abbeville, Chantiers du Th\u00e9\u00e2tre de Villeneuve-sur-Yonne, Centre culturel L\u00e9o Lagrange d'Amiens, Communaut\u00e9 de Communes de la Picardie Verte.<\/p>\n\n\n\n<div style=\"height:19px\" aria-hidden=\"true\" class=\"wp-block-spacer\"><\/div>\n\n\n\n<div class=\"wp-block-uagb-separator uagb-block-5799be37\"><div class=\"wp-block-uagb-separator__inner\" style=\"--my-background-image:\"><\/div><\/div>\n\n\n\n<div class=\"wp-block-columns is-layout-flex wp-container-core-columns-is-layout-9d6595d7 wp-block-columns-is-layout-flex\">\n<div class=\"wp-block-column is-layout-flow wp-block-column-is-layout-flow\">\n<h3 class=\"wp-block-heading\">Kontakte des Unternehmens<\/h3>\n\n\n\n<p>\ud83c\udf10 <a href=\"https:\/\/www.licornedebrume.com\/\" target=\"_blank\" rel=\"noreferrer noopener\">einhorndebrume.com<\/a><\/p>\n\n\n\n<p><a href=\"https:\/\/www.facebook.com\/Compagnie.LicorneDeBrume\" target=\"_blank\" rel=\"noreferrer noopener\"><img loading=\"lazy\" decoding=\"async\" width=\"60\" height=\"58\" class=\"wp-image-4481\" style=\"width: 60px;\" src=\"https:\/\/mairie-montataire.fr\/app\/uploads\/2024\/09\/Facebook.png\" alt=\"\" srcset=\"https:\/\/mairie-montataire.fr\/app\/uploads\/2024\/09\/Facebook.png 398w, https:\/\/mairie-montataire.fr\/app\/uploads\/2024\/09\/Facebook-300x292.png 300w, https:\/\/mairie-montataire.fr\/app\/uploads\/2024\/09\/Facebook-12x12.png 12w\" sizes=\"auto, (max-width: 60px) 100vw, 60px\" \/><\/a><a href=\"https:\/\/www.instagram.com\/licorne_de_brume\/\" target=\"_blank\" rel=\"noreferrer noopener\"><img loading=\"lazy\" decoding=\"async\" width=\"60\" height=\"58\" class=\"wp-image-4482\" style=\"width: 60px;\" src=\"https:\/\/mairie-montataire.fr\/app\/uploads\/2024\/09\/Instagram.png\" alt=\"\" srcset=\"https:\/\/mairie-montataire.fr\/app\/uploads\/2024\/09\/Instagram.png 399w, https:\/\/mairie-montataire.fr\/app\/uploads\/2024\/09\/Instagram-300x292.png 300w, https:\/\/mairie-montataire.fr\/app\/uploads\/2024\/09\/Instagram-12x12.png 12w\" sizes=\"auto, (max-width: 60px) 100vw, 60px\" \/><\/a><a href=\"https:\/\/www.youtube.com\/@compagnielicornedebrume4977\" target=\"_blank\" rel=\"noreferrer noopener\"><img loading=\"lazy\" decoding=\"async\" width=\"60\" height=\"58\" class=\"wp-image-4286\" style=\"width: 60px;\" src=\"https:\/\/mairie-montataire.fr\/app\/uploads\/2024\/09\/Youtube.png\" alt=\"\" srcset=\"https:\/\/mairie-montataire.fr\/app\/uploads\/2024\/09\/Youtube.png 398w, https:\/\/mairie-montataire.fr\/app\/uploads\/2024\/09\/Youtube-300x292.png 300w, https:\/\/mairie-montataire.fr\/app\/uploads\/2024\/09\/Youtube-12x12.png 12w\" sizes=\"auto, (max-width: 60px) 100vw, 60px\" \/><\/a><\/p>\n<\/div>\n\n\n\n<div class=\"wp-block-column is-layout-flow wp-block-column-is-layout-flow\">\n<h3 class=\"wp-block-heading\">Palace-Kontakte<\/h3>\n\n\n\n<p><strong><a href=\"https:\/\/mairie-montataire.fr\/de\/aufbluhen\/der-palast\/\" target=\"_blank\" rel=\"noreferrer noopener\">Le Palace - Kulturabteilung<br><\/a><\/strong><a href=\"https:\/\/www.google.com\/maps\/dir\/\/8+bis+Rue+des+D%C3%A9port%C3%A9s,+60160+Montataire\/@49.2560594,2.3962432,13z\/data=!3m1!4b1!4m8!4m7!1m0!1m5!1m1!1s0x47e6497d005f6e8b:0xd4944e46ec7768c5!2m2!1d2.4375282!2d49.2560668?entry=ttu\" target=\"_blank\" rel=\"noreferrer noopener\">8 bis, rue des D\u00e9port\u00e9s - 60160 Montataire<\/a><br>Montag bis Freitag von 9 bis 12 Uhr und von 14 bis 17.30 Uhr<br><a href=\"tel:03 44 24 69 97\">03 44 24 69 97<\/a><br><a href=\"https:\/\/mairie-montataire.fr\/de\/online-antrage\/den-palast-kontaktieren\/\" target=\"_blank\" rel=\"noreferrer noopener\">Kontaktformular<\/a><\/p>\n<\/div>\n<\/div>\n\n\n\n<p><\/p>","protected":false},"featured_media":6574,"parent":0,"template":"","meta":{"_acf_changed":true,"_uag_custom_page_level_css":""},"event-theme":[64],"class_list":["post-6600","event","type-event","status-publish","has-post-thumbnail","hentry","event-theme-theatre"],"acf":[],"uagb_featured_image_src":{"full":["https:\/\/mairie-montataire.fr\/app\/uploads\/2025\/07\/Agenda_LesEvades.jpg",450,335,false],"thumbnail":["https:\/\/mairie-montataire.fr\/app\/uploads\/2025\/07\/Agenda_LesEvades-150x150.jpg",150,150,true],"medium":["https:\/\/mairie-montataire.fr\/app\/uploads\/2025\/07\/Agenda_LesEvades-300x223.jpg",300,223,true],"medium_large":["https:\/\/mairie-montataire.fr\/app\/uploads\/2025\/07\/Agenda_LesEvades.jpg",450,335,false],"large":["https:\/\/mairie-montataire.fr\/app\/uploads\/2025\/07\/Agenda_LesEvades.jpg",450,335,false],"1536x1536":["https:\/\/mairie-montataire.fr\/app\/uploads\/2025\/07\/Agenda_LesEvades.jpg",450,335,false],"2048x2048":["https:\/\/mairie-montataire.fr\/app\/uploads\/2025\/07\/Agenda_LesEvades.jpg",450,335,false],"trp-custom-language-flag":["https:\/\/mairie-montataire.fr\/app\/uploads\/2025\/07\/Agenda_LesEvades-16x12.jpg",16,12,true],"gform-image-choice-sm":["https:\/\/mairie-montataire.fr\/app\/uploads\/2025\/07\/Agenda_LesEvades.jpg",300,223,false],"gform-image-choice-md":["https:\/\/mairie-montataire.fr\/app\/uploads\/2025\/07\/Agenda_LesEvades.jpg",400,298,false],"gform-image-choice-lg":["https:\/\/mairie-montataire.fr\/app\/uploads\/2025\/07\/Agenda_LesEvades.jpg",450,335,false]},"uagb_author_info":{"display_name":"Laure Pubert","author_link":"https:\/\/mairie-montataire.fr\/de\/actualites\/author\/"},"uagb_comment_info":0,"uagb_excerpt":"par la Compagnie Licorne de Brume Le collectif activiste Sauvons Les Riches organise une action directe devant les locaux d\u2019une entreprise suspect\u00e9e de faciliter l\u2019\u00e9vasion fiscale. Parmi les personnalit\u00e9s soup\u00e7onn\u00e9es, Jacques Trompe, candidat favori \u00e0 l\u2019\u00e9lection pr\u00e9sidentielle. Rosa, journaliste d\u2019investigation id\u00e9aliste, vient couvrir l\u2019\u00e9v\u00e8nement. Mais dans la confusion li\u00e9e \u00e0 l\u2019action, elle est identifi\u00e9e malgr\u00e9&hellip;","_links":{"self":[{"href":"https:\/\/mairie-montataire.fr\/de\/wp-json\/wp\/v2\/event\/6600","targetHints":{"allow":["GET"]}}],"collection":[{"href":"https:\/\/mairie-montataire.fr\/de\/wp-json\/wp\/v2\/event"}],"about":[{"href":"https:\/\/mairie-montataire.fr\/de\/wp-json\/wp\/v2\/types\/event"}],"wp:featuredmedia":[{"embeddable":true,"href":"https:\/\/mairie-montataire.fr\/de\/wp-json\/wp\/v2\/media\/6574"}],"wp:attachment":[{"href":"https:\/\/mairie-montataire.fr\/de\/wp-json\/wp\/v2\/media?parent=6600"}],"wp:term":[{"taxonomy":"event-theme","embeddable":true,"href":"https:\/\/mairie-montataire.fr\/de\/wp-json\/wp\/v2\/event-theme?post=6600"}],"curies":[{"name":"wp","href":"https:\/\/api.w.org\/{rel}","templated":true}]}}

<h2 class="wp-block-heading">von der Compagnie Licorne de Brume</h2>



<div class="wp-block-uagb-image aligncenter uagb-block-f67768a2 wp-block-uagb-image--layout-default wp-block-uagb-image--effect-static wp-block-uagb-image--align-center"><figure class="wp-block-uagb-image__figure"><img decoding="async" srcset="https://mairie-montataire.fr/app/uploads/2025/07/3_IMG_9014-1024x713.jpg ,https://mairie-montataire.fr/app/uploads/2025/07/3_IMG_9014-scaled.jpg 780w, https://mairie-montataire.fr/app/uploads/2025/07/3_IMG_9014-scaled.jpg 360w" sizes="auto, (max-width: 480px) 150px" src="https://mairie-montataire.fr/app/uploads/2025/07/3_IMG_9014-1024x713.jpg" alt="" class="uag-image-6605" width="3000" height="2001" title="3_IMG_9014.CR2" loading="lazy" role="img"/><figcaption class="uagb-image-caption">Capthéa</figcaption></figure></div>



<div style="height:32px" aria-hidden="true" class="wp-block-spacer"></div>



<p><strong>Das Aktivistenkollektiv Sauvons Les Riches organisiert eine direkte Aktion vor den Räumlichkeiten eines Unternehmens, das verdächtigt wird, Steuerhinterziehung zu erleichtern. Unter den verdächtigten Persönlichkeiten befindet sich auch Jacques Trompe, der favorisierte Kandidat für die Präsidentschaftswahlen. Rosa, eine idealistische Enthüllungsjournalistin, kommt, um über die Veranstaltung zu berichten. In der Verwirrung um die Aktion wird sie jedoch unfreiwillig als Fahnenträgerin des Kollektivs identifiziert und von der Polizei abgeführt...</strong></p>



<p><strong>Frei nach dem bestehenden Kollektiv Sauvons Les Riches ist Les Évadés eine Doku-Fiktion, die auf wahren Begebenheiten und Zeugenaussagen beruht. Ein Plädoyer für Gerechtigkeit und Bürgerrechte.</strong></p>



<div style="height:32px" aria-hidden="true" class="wp-block-spacer"></div>



<figure class="wp-block-embed is-type-video is-provider-youtube wp-block-embed-youtube wp-embed-aspect-16-9 wp-has-aspect-ratio"><div class="wp-block-embed__wrapper">
<iframe loading="lazy" title="Die Entflohenen - TDB - 02 - 2025" width="500" height="281" src="https://www.youtube.com/embed/iLrOLeUXMDc?feature=oembed" frameborder="0" allow="accelerometer; autoplay; clipboard-write; encrypted-media; gyroscope; picture-in-picture; web-share" referrerpolicy="strict-origin-when-cross-origin" allowfullscreen></iframe>
</div></figure>



<div style="height:19px" aria-hidden="true" class="wp-block-spacer"></div>



<div class="wp-block-uagb-separator uagb-block-bf7086f3"><div class="wp-block-uagb-separator__inner" style="--my-background-image:"></div></div>



<h3 class="wp-block-heading">Produktionen und Erwähnungen</h3>



<p><strong>Text &amp; Regie</strong> Amélie Cornu Mit Jean Barlerin, Amélie Cornu, Tristan Legoff, Aurélie Noblesse, Cindy Rodrigues &amp; Hugo Sablic <br><strong>Künstlerischer Blick</strong> André Obadia Musikalische Gestaltung Jo Zeugma &amp; Fabrice l'Oiseau Bühnenbild und Kostüme Amélie Cornu Videoeinrichtung Jean Barlerin <br><strong>Grafische Gestaltung</strong> Clément Cornu Videokreation JT Ulysse André <br><strong>Lichtgestaltung</strong> Emilie Nguyen Externe Blicke Elodie Segui &amp; Pauline Van Lancker <br><strong>Produktion</strong> Compagnie Licorne de Brume Koproduktion Comédie de Picardie, scène conventionnée des Hauts-de-France<br><strong>Subventioniert durch</strong> die DRAC Hauts-de-France (dispositif Tremplin), Region Hauts-de-France (Schreibförderung), Conseil départemental de l'Oise (Uraufführungsförderung), SPEDIDAM<br><strong>Unterstützungen</strong> Théâtre du Beauvaisis Scène nationale des Hauts-de-France, Palace de Montataire, Scènes d'Abbeville, Chantiers du Théâtre de Villeneuve-sur-Yonne, Centre culturel Léo Lagrange d'Amiens, Communauté de Communes de la Picardie Verte.</p>



<div style="height:19px" aria-hidden="true" class="wp-block-spacer"></div>



<div class="wp-block-uagb-separator uagb-block-5799be37"><div class="wp-block-uagb-separator__inner" style="--my-background-image:"></div></div>



<div class="wp-block-columns is-layout-flex wp-container-core-columns-is-layout-9d6595d7 wp-block-columns-is-layout-flex">
<div class="wp-block-column is-layout-flow wp-block-column-is-layout-flow">
<h3 class="wp-block-heading">Kontakte des Unternehmens</h3>



<p>🌐 <a href="https://www.licornedebrume.com/" target="_blank" rel="noreferrer noopener">einhorndebrume.com</a></p>



<p><a href="https://www.facebook.com/Compagnie.LicorneDeBrume" target="_blank" rel="noreferrer noopener"><img loading="lazy" decoding="async" width="60" height="58" class="wp-image-4481" style="width: 60px;" src="https://mairie-montataire.fr/app/uploads/2024/09/Facebook.png" alt="" srcset="https://mairie-montataire.fr/app/uploads/2024/09/Facebook.png 398w, https://mairie-montataire.fr/app/uploads/2024/09/Facebook-300x292.png 300w, https://mairie-montataire.fr/app/uploads/2024/09/Facebook-12x12.png 12w" sizes="auto, (max-width: 60px) 100vw, 60px" /></a><a href="https://www.instagram.com/licorne_de_brume/" target="_blank" rel="noreferrer noopener"><img loading="lazy" decoding="async" width="60" height="58" class="wp-image-4482" style="width: 60px;" src="https://mairie-montataire.fr/app/uploads/2024/09/Instagram.png" alt="" srcset="https://mairie-montataire.fr/app/uploads/2024/09/Instagram.png 399w, https://mairie-montataire.fr/app/uploads/2024/09/Instagram-300x292.png 300w, https://mairie-montataire.fr/app/uploads/2024/09/Instagram-12x12.png 12w" sizes="auto, (max-width: 60px) 100vw, 60px" /></a><a href="https://www.youtube.com/@compagnielicornedebrume4977" target="_blank" rel="noreferrer noopener"><img loading="lazy" decoding="async" width="60" height="58" class="wp-image-4286" style="width: 60px;" src="https://mairie-montataire.fr/app/uploads/2024/09/Youtube.png" alt="" srcset="https://mairie-montataire.fr/app/uploads/2024/09/Youtube.png 398w, https://mairie-montataire.fr/app/uploads/2024/09/Youtube-300x292.png 300w, https://mairie-montataire.fr/app/uploads/2024/09/Youtube-12x12.png 12w" sizes="auto, (max-width: 60px) 100vw, 60px" /></a></p>
</div>



<div class="wp-block-column is-layout-flow wp-block-column-is-layout-flow">
<h3 class="wp-block-heading">Palace-Kontakte</h3>



<p><strong><a href="https://mairie-montataire.fr/de/aufbluhen/der-palast/" target="_blank" rel="noreferrer noopener">Le Palace - Kulturabteilung<br></a></strong><a href="https://www.google.com/maps/dir//8+bis+Rue+des+D%C3%A9port%C3%A9s,+60160+Montataire/@49.2560594,2.3962432,13z/data=!3m1!4b1!4m8!4m7!1m0!1m5!1m1!1s0x47e6497d005f6e8b:0xd4944e46ec7768c5!2m2!1d2.4375282!2d49.2560668?entry=ttu" target="_blank" rel="noreferrer noopener">8 bis, rue des Déportés - 60160 Montataire</a><br>Montag bis Freitag von 9 bis 12 Uhr und von 14 bis 17.30 Uhr<br><a href="tel:03 44 24 69 97">03 44 24 69 97</a><br><a href="https://mairie-montataire.fr/de/online-antrage/den-palast-kontaktieren/" target="_blank" rel="noreferrer noopener">Kontaktformular</a></p>
</div>
</div>



<p></p>

par la Compagnie Licorne de Brume Le collectif activiste Sauvons Les Riches organise une action directe devant les locaux d’une entreprise suspectée de faciliter l’évasion fiscale. Parmi les personnalités soupçonnées, Jacques Trompe, candidat favori à l’élection présidentielle. Rosa, journaliste d’investigation idéaliste, vient couvrir l’évènement. Mais dans la confusion liée à l’action, elle est identifiée malgré&hellip;
