{"id":6586,"date":"2025-09-01T06:00:00","date_gmt":"2025-09-01T06:00:00","guid":{"rendered":"https:\/\/mairie-montataire.fr\/?post_type=event&#038;p=6586"},"modified":"2026-02-04T12:47:54","modified_gmt":"2026-02-04T12:47:54","slug":"die-affenfills","status":"publish","type":"event","link":"https:\/\/mairie-montataire.fr\/de\/agenda\/concert\/les-fills-monkey\/","title":{"rendered":"Die Fills Monkey"},"content":{"rendered":"<div class=\"highlight\">\n                <div class=\"highlight__description\"><div class=\"x14z9mp xat24cr x1lziwak x1vvkbs xtlvy1s x126k92a\">\n<div dir=\"auto\"><span style=\"color: #f28891;\">Wir bedauern, Ihnen mitteilen zu m\u00fcssen, dass Fills Monkey aufgrund einer Verletzung gezwungen ist, seine urspr\u00fcnglich f\u00fcr Freitag, den 3. Oktober im Palace geplante Show zu verschieben.<\/span><\/div>\n<\/div>\n<div class=\"x14z9mp xat24cr x1lziwak x1vvkbs xtlvy1s x126k92a\">\n<div dir=\"auto\"><span style=\"color: #f28891;\">Da diese Ruhezeit unerl\u00e4sslich ist, um eine R\u00fcckkehr auf die B\u00fchne unter den besten Bedingungen zu gew\u00e4hrleisten, wird die Auff\u00fchrung neu angesetzt am <strong>FREITAG, 6. FEBRUAR 2026<\/strong><\/span><\/div>\n<\/div>\n<div class=\"x14z9mp xat24cr x1lziwak x1vvkbs xtlvy1s x126k92a\">\n<ul>\n<li dir=\"auto\"><span style=\"color: #f28891;\">Bereits gekaufte Tickets bleiben f\u00fcr dieses neue Datum g\u00fcltig, ohne dass Sie weitere Schritte unternehmen m\u00fcssen.<\/span><\/li>\n<li dir=\"auto\"><span style=\"color: #f28891;\">\u00a0F\u00fcr R\u00fcckerstattungsanspr\u00fcche wenden Sie sich bitte an Le Palace.<\/span><\/li>\n<\/ul>\n<\/div>\n<\/div>\n    <\/div>\n\n\n<div class=\"wp-block-columns is-layout-flex wp-container-core-columns-is-layout-9d6595d7 wp-block-columns-is-layout-flex\">\n<div class=\"wp-block-column is-layout-flow wp-block-column-is-layout-flow\">\n<figure class=\"wp-block-image size-full\"><img loading=\"lazy\" decoding=\"async\" width=\"749\" height=\"1000\" src=\"https:\/\/mairie-montataire.fr\/app\/uploads\/2025\/07\/Fills_Monkey175163BD.jpg\" alt=\"\" class=\"wp-image-6618\" srcset=\"https:\/\/mairie-montataire.fr\/app\/uploads\/2025\/07\/Fills_Monkey175163BD.jpg 749w, https:\/\/mairie-montataire.fr\/app\/uploads\/2025\/07\/Fills_Monkey175163BD-225x300.jpg 225w, https:\/\/mairie-montataire.fr\/app\/uploads\/2025\/07\/Fills_Monkey175163BD-9x12.jpg 9w\" sizes=\"auto, (max-width: 749px) 100vw, 749px\" \/><\/figure>\n\n\n\n<p class=\"has-text-align-center\"><em>Denis Rouvre<\/em><\/p>\n<\/div>\n\n\n\n<div class=\"wp-block-column is-layout-flow wp-block-column-is-layout-flow\">\n<p><strong>Die Fills Monkey sind eine universelle Sprache, die Sprache des Klangs, die Sprache des Rhythmus, die Sprache der Musik und ihres unwiderstehlichen Pulses. Ihre Schl\u00e4ge mit den Trommelst\u00f6cken sind magisch und ihre Schl\u00e4ge gehen direkt ins Herz! Die Fills Monkey vereinen Energie, Humor, Witz und Poesie, um uns, Gro\u00df und Klein, in eine Welt zwischen Himmel und Erde, zwischen akustischer Vergangenheit und digitaler Zukunft zu entf\u00fchren.<\/strong><\/p>\n\n\n\n<p><strong>Nehmen Sie Platz, atmen Sie durch ... wir sind da!<br>We will drum you.<\/strong><\/p>\n<\/div>\n<\/div>\n\n\n\n<div style=\"height:32px\" aria-hidden=\"true\" class=\"wp-block-spacer\"><\/div>\n\n\n\n<div style=\"height:64px\" aria-hidden=\"true\" class=\"wp-block-spacer\"><\/div>\n\n\n\n<figure class=\"wp-block-embed is-type-video is-provider-youtube wp-block-embed-youtube wp-embed-aspect-16-9 wp-has-aspect-ratio\"><div class=\"wp-block-embed__wrapper\">\n<script>document.addEventListener('DOMContentLoaded', function() {(tarteaucitron.job = tarteaucitron.job || []).push('youtube');});<\/script><div class=\"youtube_player\" videoid=\"fi3aU-IzFOM\" width=\"100%\" height=\"100%\" style=\"height:50vw\" theme=\"light\" rel=\"0\" controls=\"1\" showinfo=\"1\" autoplay=\"0\"><\/div>\n<\/div><\/figure>\n\n\n\n<div style=\"height:19px\" aria-hidden=\"true\" class=\"wp-block-spacer\"><\/div>\n\n\n\n<div class=\"wp-block-uagb-separator uagb-block-bf7086f3\"><div class=\"wp-block-uagb-separator__inner\" style=\"--my-background-image:\"><\/div><\/div>\n\n\n\n<h3 class=\"wp-block-heading\">Produktionen und Erw\u00e4hnungen<\/h3>\n\n\n\n<p><strong>Produktion :<\/strong> Little Bros. <br><strong>Produktionen Mit : <\/strong>S\u00e9bastien Rambaud &amp; Yann Coste <br><strong>Regie :<\/strong> Daniel Bri\u00e8re<\/p>\n\n\n\n<div style=\"height:19px\" aria-hidden=\"true\" class=\"wp-block-spacer\"><\/div>\n\n\n\n<div class=\"wp-block-uagb-separator uagb-block-cd9fbfa7\"><div class=\"wp-block-uagb-separator__inner\" style=\"--my-background-image:\"><\/div><\/div>\n\n\n\n<div class=\"wp-block-columns is-layout-flex wp-container-core-columns-is-layout-9d6595d7 wp-block-columns-is-layout-flex\">\n<div class=\"wp-block-column is-layout-flow wp-block-column-is-layout-flow\">\n<h3 class=\"wp-block-heading\">Kontakte der Gruppe<\/h3>\n\n\n\n<p>\ud83c\udf10 <a href=\"https:\/\/fillsmonkey.com\/\" target=\"_blank\" rel=\"noreferrer noopener\">fillsmonkey.com<\/a><\/p>\n\n\n\n<p><a href=\"https:\/\/www.facebook.com\/fillsmonkey\/\" target=\"_blank\" rel=\"noreferrer noopener\"><img loading=\"lazy\" decoding=\"async\" width=\"60\" height=\"58\" class=\"wp-image-4481\" style=\"width: 60px;\" src=\"https:\/\/mairie-montataire.fr\/app\/uploads\/2024\/09\/Facebook.png\" alt=\"\" srcset=\"https:\/\/mairie-montataire.fr\/app\/uploads\/2024\/09\/Facebook.png 398w, https:\/\/mairie-montataire.fr\/app\/uploads\/2024\/09\/Facebook-300x292.png 300w, https:\/\/mairie-montataire.fr\/app\/uploads\/2024\/09\/Facebook-12x12.png 12w\" sizes=\"auto, (max-width: 60px) 100vw, 60px\" \/><\/a><a href=\"https:\/\/www.instagram.com\/fillsmonkey\/\" target=\"_blank\" rel=\"noreferrer noopener\"><img loading=\"lazy\" decoding=\"async\" width=\"60\" height=\"58\" class=\"wp-image-4482\" style=\"width: 60px;\" src=\"https:\/\/mairie-montataire.fr\/app\/uploads\/2024\/09\/Instagram.png\" alt=\"\" srcset=\"https:\/\/mairie-montataire.fr\/app\/uploads\/2024\/09\/Instagram.png 399w, https:\/\/mairie-montataire.fr\/app\/uploads\/2024\/09\/Instagram-300x292.png 300w, https:\/\/mairie-montataire.fr\/app\/uploads\/2024\/09\/Instagram-12x12.png 12w\" sizes=\"auto, (max-width: 60px) 100vw, 60px\" \/><\/a><a href=\"https:\/\/www.youtube.com\/channel\/UCuHw2rRanMS5ruFzlIS0lyA\" target=\"_blank\" rel=\"noreferrer noopener\"><img loading=\"lazy\" decoding=\"async\" width=\"60\" height=\"58\" class=\"wp-image-4286\" style=\"width: 60px;\" src=\"https:\/\/mairie-montataire.fr\/app\/uploads\/2024\/09\/Youtube.png\" alt=\"\" srcset=\"https:\/\/mairie-montataire.fr\/app\/uploads\/2024\/09\/Youtube.png 398w, https:\/\/mairie-montataire.fr\/app\/uploads\/2024\/09\/Youtube-300x292.png 300w, https:\/\/mairie-montataire.fr\/app\/uploads\/2024\/09\/Youtube-12x12.png 12w\" sizes=\"auto, (max-width: 60px) 100vw, 60px\" \/><\/a><\/p>\n<\/div>\n\n\n\n<div class=\"wp-block-column is-layout-flow wp-block-column-is-layout-flow\">\n<h3 class=\"wp-block-heading\">Palace-Kontakte<\/h3>\n\n\n\n<p><strong><a href=\"https:\/\/mairie-montataire.fr\/de\/aufbluhen\/der-palast\/\" target=\"_blank\" rel=\"noreferrer noopener\">Le Palace - Kulturabteilung<br><\/a><\/strong><a href=\"https:\/\/www.google.com\/maps\/dir\/\/8+bis+Rue+des+D%C3%A9port%C3%A9s,+60160+Montataire\/@49.2560594,2.3962432,13z\/data=!3m1!4b1!4m8!4m7!1m0!1m5!1m1!1s0x47e6497d005f6e8b:0xd4944e46ec7768c5!2m2!1d2.4375282!2d49.2560668?entry=ttu\" target=\"_blank\" rel=\"noreferrer noopener\">8 bis, rue des D\u00e9port\u00e9s - 60160 Montataire<\/a><br>Montag bis Freitag von 9 bis 12 Uhr und von 14 bis 17.30 Uhr<br><a href=\"tel:03 44 24 69 97\">03 44 24 69 97<\/a><br><a href=\"https:\/\/mairie-montataire.fr\/de\/online-antrage\/den-palast-kontaktieren\/\" target=\"_blank\" rel=\"noreferrer noopener\">Kontaktformular<\/a><\/p>\n<\/div>\n<\/div>\n\n\n\n<p><\/p>","protected":false},"featured_media":6569,"parent":0,"template":"","meta":{"_acf_changed":true,"_uag_custom_page_level_css":""},"event-theme":[75],"class_list":["post-6586","event","type-event","status-publish","has-post-thumbnail","hentry","event-theme-concert"],"acf":[],"uagb_featured_image_src":{"full":["https:\/\/mairie-montataire.fr\/app\/uploads\/2025\/07\/Agenda_FillsMonkey.jpg",450,335,false],"thumbnail":["https:\/\/mairie-montataire.fr\/app\/uploads\/2025\/07\/Agenda_FillsMonkey-150x150.jpg",150,150,true],"medium":["https:\/\/mairie-montataire.fr\/app\/uploads\/2025\/07\/Agenda_FillsMonkey-300x223.jpg",300,223,true],"medium_large":["https:\/\/mairie-montataire.fr\/app\/uploads\/2025\/07\/Agenda_FillsMonkey.jpg",450,335,false],"large":["https:\/\/mairie-montataire.fr\/app\/uploads\/2025\/07\/Agenda_FillsMonkey.jpg",450,335,false],"1536x1536":["https:\/\/mairie-montataire.fr\/app\/uploads\/2025\/07\/Agenda_FillsMonkey.jpg",450,335,false],"2048x2048":["https:\/\/mairie-montataire.fr\/app\/uploads\/2025\/07\/Agenda_FillsMonkey.jpg",450,335,false],"trp-custom-language-flag":["https:\/\/mairie-montataire.fr\/app\/uploads\/2025\/07\/Agenda_FillsMonkey-16x12.jpg",16,12,true],"gform-image-choice-sm":["https:\/\/mairie-montataire.fr\/app\/uploads\/2025\/07\/Agenda_FillsMonkey.jpg",300,223,false],"gform-image-choice-md":["https:\/\/mairie-montataire.fr\/app\/uploads\/2025\/07\/Agenda_FillsMonkey.jpg",400,298,false],"gform-image-choice-lg":["https:\/\/mairie-montataire.fr\/app\/uploads\/2025\/07\/Agenda_FillsMonkey.jpg",450,335,false]},"uagb_author_info":{"display_name":"Laure Pubert","author_link":"https:\/\/mairie-montataire.fr\/de\/actualites\/author\/"},"uagb_comment_info":0,"uagb_excerpt":"\u00a9 Denis Rouvre Les Fills Monkey, c\u2019est un langage universel, celui du son, celui du rythme, celui de la musique et de ses pulsations irr\u00e9sistibles. Leurs coups de baguettes sont magiques et leurs battements parviennent droit au coeur ! Les Fills Monkey mixent \u00e9nergie, humour, fac\u00e9ties et po\u00e9sie, pour nous transporter, petits et grands, dans&hellip;","_links":{"self":[{"href":"https:\/\/mairie-montataire.fr\/de\/wp-json\/wp\/v2\/event\/6586","targetHints":{"allow":["GET"]}}],"collection":[{"href":"https:\/\/mairie-montataire.fr\/de\/wp-json\/wp\/v2\/event"}],"about":[{"href":"https:\/\/mairie-montataire.fr\/de\/wp-json\/wp\/v2\/types\/event"}],"wp:featuredmedia":[{"embeddable":true,"href":"https:\/\/mairie-montataire.fr\/de\/wp-json\/wp\/v2\/media\/6569"}],"wp:attachment":[{"href":"https:\/\/mairie-montataire.fr\/de\/wp-json\/wp\/v2\/media?parent=6586"}],"wp:term":[{"taxonomy":"event-theme","embeddable":true,"href":"https:\/\/mairie-montataire.fr\/de\/wp-json\/wp\/v2\/event-theme?post=6586"}],"curies":[{"name":"wp","href":"https:\/\/api.w.org\/{rel}","templated":true}]}}

<div class="highlight">
                <div class="highlight__description"><div class="x14z9mp xat24cr x1lziwak x1vvkbs xtlvy1s x126k92a">
<div dir="auto"><span style="color: #f28891;">Wir bedauern, Ihnen mitteilen zu müssen, dass Fills Monkey aufgrund einer Verletzung gezwungen ist, seine ursprünglich für Freitag, den 3. Oktober im Palace geplante Show zu verschieben.</span></div>
</div>
<div class="x14z9mp xat24cr x1lziwak x1vvkbs xtlvy1s x126k92a">
<div dir="auto"><span style="color: #f28891;">Da diese Ruhezeit unerlässlich ist, um eine Rückkehr auf die Bühne unter den besten Bedingungen zu gewährleisten, wird die Aufführung neu angesetzt am <strong>FREITAG, 6. FEBRUAR 2026</strong></span></div>
</div>
<div class="x14z9mp xat24cr x1lziwak x1vvkbs xtlvy1s x126k92a">
<ul>
<li dir="auto"><span style="color: #f28891;">Bereits gekaufte Tickets bleiben für dieses neue Datum gültig, ohne dass Sie weitere Schritte unternehmen müssen.</span></li>
<li dir="auto"><span style="color: #f28891;"> Für Rückerstattungsansprüche wenden Sie sich bitte an Le Palace.</span></li>
</ul>
</div>
</div>
    </div>


<div class="wp-block-columns is-layout-flex wp-container-core-columns-is-layout-9d6595d7 wp-block-columns-is-layout-flex">
<div class="wp-block-column is-layout-flow wp-block-column-is-layout-flow">
<figure class="wp-block-image size-full"><img loading="lazy" decoding="async" width="749" height="1000" src="https://mairie-montataire.fr/app/uploads/2025/07/Fills_Monkey175163BD.jpg" alt="" class="wp-image-6618" srcset="https://mairie-montataire.fr/app/uploads/2025/07/Fills_Monkey175163BD.jpg 749w, https://mairie-montataire.fr/app/uploads/2025/07/Fills_Monkey175163BD-225x300.jpg 225w, https://mairie-montataire.fr/app/uploads/2025/07/Fills_Monkey175163BD-9x12.jpg 9w" sizes="auto, (max-width: 749px) 100vw, 749px" /></figure>



<p class="has-text-align-center"><em>Denis Rouvre</em></p>
</div>



<div class="wp-block-column is-layout-flow wp-block-column-is-layout-flow">
<p><strong>Die Fills Monkey sind eine universelle Sprache, die Sprache des Klangs, die Sprache des Rhythmus, die Sprache der Musik und ihres unwiderstehlichen Pulses. Ihre Schläge mit den Trommelstöcken sind magisch und ihre Schläge gehen direkt ins Herz! Die Fills Monkey vereinen Energie, Humor, Witz und Poesie, um uns, Groß und Klein, in eine Welt zwischen Himmel und Erde, zwischen akustischer Vergangenheit und digitaler Zukunft zu entführen.</strong></p>



<p><strong>Nehmen Sie Platz, atmen Sie durch ... wir sind da!<br>We will drum you.</strong></p>
</div>
</div>



<div style="height:32px" aria-hidden="true" class="wp-block-spacer"></div>



<div style="height:64px" aria-hidden="true" class="wp-block-spacer"></div>



<figure class="wp-block-embed is-type-video is-provider-youtube wp-block-embed-youtube wp-embed-aspect-16-9 wp-has-aspect-ratio"><div class="wp-block-embed__wrapper">
<script>document.addEventListener('DOMContentLoaded', function() {(tarteaucitron.job = tarteaucitron.job || []).push('youtube');});</script><div class="youtube_player" videoid="fi3aU-IzFOM" width="100%" height="100%" style="height:50vw" theme="light" rel="0" controls="1" showinfo="1" autoplay="0"></div>
</div></figure>



<div style="height:19px" aria-hidden="true" class="wp-block-spacer"></div>



<div class="wp-block-uagb-separator uagb-block-bf7086f3"><div class="wp-block-uagb-separator__inner" style="--my-background-image:"></div></div>



<h3 class="wp-block-heading">Produktionen und Erwähnungen</h3>



<p><strong>Produktion :</strong> Little Bros. <br><strong>Produktionen Mit : </strong>Sébastien Rambaud &amp; Yann Coste <br><strong>Regie :</strong> Daniel Brière</p>



<div style="height:19px" aria-hidden="true" class="wp-block-spacer"></div>



<div class="wp-block-uagb-separator uagb-block-cd9fbfa7"><div class="wp-block-uagb-separator__inner" style="--my-background-image:"></div></div>



<div class="wp-block-columns is-layout-flex wp-container-core-columns-is-layout-9d6595d7 wp-block-columns-is-layout-flex">
<div class="wp-block-column is-layout-flow wp-block-column-is-layout-flow">
<h3 class="wp-block-heading">Kontakte der Gruppe</h3>



<p>🌐 <a href="https://fillsmonkey.com/" target="_blank" rel="noreferrer noopener">fillsmonkey.com</a></p>



<p><a href="https://www.facebook.com/fillsmonkey/" target="_blank" rel="noreferrer noopener"><img loading="lazy" decoding="async" width="60" height="58" class="wp-image-4481" style="width: 60px;" src="https://mairie-montataire.fr/app/uploads/2024/09/Facebook.png" alt="" srcset="https://mairie-montataire.fr/app/uploads/2024/09/Facebook.png 398w, https://mairie-montataire.fr/app/uploads/2024/09/Facebook-300x292.png 300w, https://mairie-montataire.fr/app/uploads/2024/09/Facebook-12x12.png 12w" sizes="auto, (max-width: 60px) 100vw, 60px" /></a><a href="https://www.instagram.com/fillsmonkey/" target="_blank" rel="noreferrer noopener"><img loading="lazy" decoding="async" width="60" height="58" class="wp-image-4482" style="width: 60px;" src="https://mairie-montataire.fr/app/uploads/2024/09/Instagram.png" alt="" srcset="https://mairie-montataire.fr/app/uploads/2024/09/Instagram.png 399w, https://mairie-montataire.fr/app/uploads/2024/09/Instagram-300x292.png 300w, https://mairie-montataire.fr/app/uploads/2024/09/Instagram-12x12.png 12w" sizes="auto, (max-width: 60px) 100vw, 60px" /></a><a href="https://www.youtube.com/channel/UCuHw2rRanMS5ruFzlIS0lyA" target="_blank" rel="noreferrer noopener"><img loading="lazy" decoding="async" width="60" height="58" class="wp-image-4286" style="width: 60px;" src="https://mairie-montataire.fr/app/uploads/2024/09/Youtube.png" alt="" srcset="https://mairie-montataire.fr/app/uploads/2024/09/Youtube.png 398w, https://mairie-montataire.fr/app/uploads/2024/09/Youtube-300x292.png 300w, https://mairie-montataire.fr/app/uploads/2024/09/Youtube-12x12.png 12w" sizes="auto, (max-width: 60px) 100vw, 60px" /></a></p>
</div>



<div class="wp-block-column is-layout-flow wp-block-column-is-layout-flow">
<h3 class="wp-block-heading">Palace-Kontakte</h3>



<p><strong><a href="https://mairie-montataire.fr/de/aufbluhen/der-palast/" target="_blank" rel="noreferrer noopener">Le Palace - Kulturabteilung<br></a></strong><a href="https://www.google.com/maps/dir//8+bis+Rue+des+D%C3%A9port%C3%A9s,+60160+Montataire/@49.2560594,2.3962432,13z/data=!3m1!4b1!4m8!4m7!1m0!1m5!1m1!1s0x47e6497d005f6e8b:0xd4944e46ec7768c5!2m2!1d2.4375282!2d49.2560668?entry=ttu" target="_blank" rel="noreferrer noopener">8 bis, rue des Déportés - 60160 Montataire</a><br>Montag bis Freitag von 9 bis 12 Uhr und von 14 bis 17.30 Uhr<br><a href="tel:03 44 24 69 97">03 44 24 69 97</a><br><a href="https://mairie-montataire.fr/de/online-antrage/den-palast-kontaktieren/" target="_blank" rel="noreferrer noopener">Kontaktformular</a></p>
</div>
</div>



<p></p>

© Denis Rouvre Les Fills Monkey, c’est un langage universel, celui du son, celui du rythme, celui de la musique et de ses pulsations irrésistibles. Leurs coups de baguettes sont magiques et leurs battements parviennent droit au coeur ! Les Fills Monkey mixent énergie, humour, facéties et poésie, pour nous transporter, petits et grands, dans&hellip;
