{"id":6581,"date":"2025-09-01T06:00:00","date_gmt":"2025-09-01T06:00:00","guid":{"rendered":"https:\/\/mairie-montataire.fr\/?post_type=event&#038;p=6581"},"modified":"2025-07-30T07:33:30","modified_gmt":"2025-07-30T07:33:30","slug":"symfeuny","status":"publish","type":"event","link":"https:\/\/mairie-montataire.fr\/de\/agenda\/arts-de-la-rue-le-palace\/symfeuny\/","title":{"rendered":"Symfeuny"},"content":{"rendered":"<h2 class=\"wp-block-heading\">von der Compagnie Deabru Beltzak<\/h2>\n\n\n\n<div class=\"wp-block-uagb-image aligncenter uagb-block-f67768a2 wp-block-uagb-image--layout-default wp-block-uagb-image--effect-static wp-block-uagb-image--align-center\"><figure class=\"wp-block-uagb-image__figure\"><img decoding=\"async\" srcset=\"https:\/\/mairie-montataire.fr\/app\/uploads\/2025\/07\/Deabrubeltzak-synfeuny-06-2-1024x683.jpg ,https:\/\/mairie-montataire.fr\/app\/uploads\/2025\/07\/Deabrubeltzak-synfeuny-06-2.jpg 780w, https:\/\/mairie-montataire.fr\/app\/uploads\/2025\/07\/Deabrubeltzak-synfeuny-06-2.jpg 360w\" sizes=\"auto, (max-width: 480px) 150px\" src=\"https:\/\/mairie-montataire.fr\/app\/uploads\/2025\/07\/Deabrubeltzak-synfeuny-06-2-1024x683.jpg\" alt=\"\" class=\"uag-image-6615\" width=\"3000\" height=\"2001\" title=\"Deabrubeltzak-synfeuny-06-2\" loading=\"lazy\" role=\"img\"\/><figcaption class=\"uagb-image-caption\">Deabru Beltzak<\/figcaption><\/figure><\/div>\n\n\n\n<div style=\"height:32px\" aria-hidden=\"true\" class=\"wp-block-spacer\"><\/div>\n\n\n\n<p><strong>Diese \u00fcberraschende Show, die den Zusammenprall von Perkussion und Feuer, das Bed\u00fcrfnis zuzuh\u00f6ren und zu f\u00fchlen beschw\u00f6rt, f\u00f6rdert die Begegnung und die Interaktion mit dem Publikum. Nach einem spektakul\u00e4ren Auftritt gehen die Perkussionisten auf die Zuschauer zu und lassen ihre Trommeln ganz nah am Publikum vibrieren. Gekreuzte Trommelst\u00f6cke, geschminkte Gesichter, die sich gegenseitig anstarren, um sich auf die Reise zu begeben. Das einzige Ziel dieser symbolischen Konfrontation ist es, die Stra\u00dfe und den Zuschauer zu verwandeln.<\/strong><\/p>\n\n\n\n<div class=\"wp-block-columns is-layout-flex wp-container-core-columns-is-layout-9d6595d7 wp-block-columns-is-layout-flex\">\n<div class=\"wp-block-column is-vertically-aligned-center is-layout-flow wp-block-column-is-layout-flow\" style=\"flex-basis:66.66%\">\n<p>Im Rahmen des Festivals Mosa\u00efque von La Fa\u00efencerie - Th\u00e9\u00e2tre de Creil. <\/p>\n\n\n\n<div class=\"wp-block-uagb-buttons uagb-buttons__outer-wrap uagb-btn__default-btn uagb-btn-tablet__default-btn uagb-btn-mobile__default-btn uagb-block-f31fdf59\"><div class=\"uagb-buttons__wrap uagb-buttons-layout-wrap\">\n<div class=\"wp-block-uagb-buttons-child uagb-buttons__outer-wrap uagb-block-fdffd621 wp-block-button\"><div class=\"uagb-button__wrapper\"><a class=\"uagb-buttons-repeater wp-block-button__link\" aria-label=\"\" href=\"https:\/\/faiencerie-theatre.com\/mosaique\" rel=\"follow noopener\" target=\"_blank\" role=\"button\"><div class=\"uagb-button__link\">Vollst\u00e4ndiges Programm des Mosaik-Festivals<\/div><span class=\"uagb-button__icon uagb-button__icon-position-after\"><svg xmlns=\"https:\/\/www.w3.org\/2000\/svg\" viewbox=\"0 0 448 512\" aria-hidden=\"true\" focussable=\"false\"><path d=\"M438.6 278.6l-160 160C272.4 444.9 264.2 448 256 448s-16.38-3.125-22.62-9.375c-12.5-12.5-12.5-32.75 0-45.25L338.8 288H32C14.33 288 .0016 273.7 .0016 256S14.33 224 32 224h306.8l-105.4-105.4c-12.5-12.5-12.5-32.75 0-45.25s32.75-12.5 45.25 0l160 160C451.1 245.9 451.1 266.1 438.6 278.6z\"><\/path><\/svg><\/span><\/a><\/div><\/div>\n<\/div><\/div>\n<\/div>\n\n\n\n<div class=\"wp-block-column is-layout-flow wp-block-column-is-layout-flow\" style=\"flex-basis:15%\">\n<figure class=\"wp-block-image size-full\"><img loading=\"lazy\" decoding=\"async\" width=\"842\" height=\"1190\" src=\"https:\/\/mairie-montataire.fr\/app\/uploads\/2025\/07\/Affiche_Mosaique_2025_BD-1.jpg\" alt=\"\" class=\"wp-image-6585\" srcset=\"https:\/\/mairie-montataire.fr\/app\/uploads\/2025\/07\/Affiche_Mosaique_2025_BD-1.jpg 842w, https:\/\/mairie-montataire.fr\/app\/uploads\/2025\/07\/Affiche_Mosaique_2025_BD-1-212x300.jpg 212w, https:\/\/mairie-montataire.fr\/app\/uploads\/2025\/07\/Affiche_Mosaique_2025_BD-1-725x1024.jpg 725w, https:\/\/mairie-montataire.fr\/app\/uploads\/2025\/07\/Affiche_Mosaique_2025_BD-1-768x1085.jpg 768w, https:\/\/mairie-montataire.fr\/app\/uploads\/2025\/07\/Affiche_Mosaique_2025_BD-1-8x12.jpg 8w\" sizes=\"auto, (max-width: 842px) 100vw, 842px\" \/><\/figure>\n<\/div>\n<\/div>\n\n\n\n<figure class=\"wp-block-embed is-type-video is-provider-youtube wp-block-embed-youtube wp-embed-aspect-16-9 wp-has-aspect-ratio\"><div class=\"wp-block-embed__wrapper\">\n<script>document.addEventListener('DOMContentLoaded', function() {(tarteaucitron.job = tarteaucitron.job || []).push('youtube');});<\/script><div class=\"youtube_player\" videoid=\"5J7001Wzbko\" width=\"100%\" height=\"100%\" style=\"height:50vw\" theme=\"light\" rel=\"0\" controls=\"1\" showinfo=\"1\" autoplay=\"0\"><\/div>\n<\/div><\/figure>\n\n\n\n<div style=\"height:19px\" aria-hidden=\"true\" class=\"wp-block-spacer\"><\/div>\n\n\n\n<div class=\"wp-block-uagb-separator uagb-block-bf7086f3\"><div class=\"wp-block-uagb-separator__inner\" style=\"--my-background-image:\"><\/div><\/div>\n\n\n\n<h3 class=\"wp-block-heading\">Produktionen und Erw\u00e4hnungen<\/h3>\n\n\n\n<p><strong>Autor \/ K\u00fcnstlerischer Leiter :<\/strong> Garbitxu <br><strong>B\u00fchnenbild :<\/strong> I\u00f1aki Etxeandia <br><strong>Kost\u00fcme :<\/strong> Ikerne Gim\u00e9nez <br><strong>Musikalische Komposition :<\/strong> Deabru Beltzak, Aitor Furundarena <br><strong>Musiker \/ Schauspieler :<\/strong> Ruben Sastre, Dario Campos, Alex Alonso, Zesar A. Ogara, Erlantz Eizmendi, Iker Barrientos <br><strong>Artificiers :<\/strong> Guillaume Pujol \/ Garbitxu <br><strong>Ton :<\/strong> Francois Hourtane <br><strong>Licht :<\/strong> Patxi Pascual <br><strong>Pyrotechnisches Design :<\/strong> Guillaume Pujol - Pyro'Zi\u00e9<\/p>\n\n\n\n<div style=\"height:19px\" aria-hidden=\"true\" class=\"wp-block-spacer\"><\/div>\n\n\n\n<div class=\"wp-block-uagb-separator uagb-block-9f2e038b\"><div class=\"wp-block-uagb-separator__inner\" style=\"--my-background-image:\"><\/div><\/div>\n\n\n\n<div class=\"wp-block-columns is-layout-flex wp-container-core-columns-is-layout-9d6595d7 wp-block-columns-is-layout-flex\">\n<div class=\"wp-block-column is-layout-flow wp-block-column-is-layout-flow\">\n<h3 class=\"wp-block-heading\">Kontakte des Unternehmens<\/h3>\n\n\n\n<p>\ud83c\udf10 <a href=\"https:\/\/deabrubeltzak.com\/fr\/espectaculo\/symfeuny-fr\/\" target=\"_blank\" rel=\"noreferrer noopener\">deabrubeltzak.com<\/a><\/p>\n\n\n\n<p><a href=\"https:\/\/www.facebook.com\/deabrubeltzakantzerkia\/\" target=\"_blank\" rel=\"noreferrer noopener\"><img loading=\"lazy\" decoding=\"async\" width=\"60\" height=\"58\" class=\"wp-image-4481\" style=\"width: 60px;\" src=\"https:\/\/mairie-montataire.fr\/app\/uploads\/2024\/09\/Facebook.png\" alt=\"\" srcset=\"https:\/\/mairie-montataire.fr\/app\/uploads\/2024\/09\/Facebook.png 398w, https:\/\/mairie-montataire.fr\/app\/uploads\/2024\/09\/Facebook-300x292.png 300w, https:\/\/mairie-montataire.fr\/app\/uploads\/2024\/09\/Facebook-12x12.png 12w\" sizes=\"auto, (max-width: 60px) 100vw, 60px\" \/><\/a><a href=\"https:\/\/www.youtube.com\/watch?v=5J7001Wzbko\" target=\"_blank\" rel=\"noreferrer noopener\"><img loading=\"lazy\" decoding=\"async\" width=\"60\" height=\"58\" class=\"wp-image-4286\" style=\"width: 60px;\" src=\"https:\/\/mairie-montataire.fr\/app\/uploads\/2024\/09\/Youtube.png\" alt=\"\" srcset=\"https:\/\/mairie-montataire.fr\/app\/uploads\/2024\/09\/Youtube.png 398w, https:\/\/mairie-montataire.fr\/app\/uploads\/2024\/09\/Youtube-300x292.png 300w, https:\/\/mairie-montataire.fr\/app\/uploads\/2024\/09\/Youtube-12x12.png 12w\" sizes=\"auto, (max-width: 60px) 100vw, 60px\" \/><\/a><\/p>\n<\/div>\n\n\n\n<div class=\"wp-block-column is-layout-flow wp-block-column-is-layout-flow\">\n<h3 class=\"wp-block-heading\">Palace-Kontakte<\/h3>\n\n\n\n<p><strong><a href=\"https:\/\/mairie-montataire.fr\/de\/aufbluhen\/der-palast\/\" target=\"_blank\" rel=\"noreferrer noopener\">Le Palace - Kulturabteilung<br><\/a><\/strong><a href=\"https:\/\/www.google.com\/maps\/dir\/\/8+bis+Rue+des+D%C3%A9port%C3%A9s,+60160+Montataire\/@49.2560594,2.3962432,13z\/data=!3m1!4b1!4m8!4m7!1m0!1m5!1m1!1s0x47e6497d005f6e8b:0xd4944e46ec7768c5!2m2!1d2.4375282!2d49.2560668?entry=ttu\" target=\"_blank\" rel=\"noreferrer noopener\">8 bis, rue des D\u00e9port\u00e9s - 60160 Montataire<\/a><br>Montag bis Freitag von 9 bis 12 Uhr und von 14 bis 17.30 Uhr<br><a href=\"tel:03 44 24 69 97\">03 44 24 69 97<\/a><br><a href=\"https:\/\/mairie-montataire.fr\/de\/online-antrage\/den-palast-kontaktieren\/\" target=\"_blank\" rel=\"noreferrer noopener\">Kontaktformular<\/a><\/p>\n<\/div>\n<\/div>\n\n\n\n<p><\/p>","protected":false},"featured_media":6578,"parent":0,"template":"","meta":{"_acf_changed":false,"_uag_custom_page_level_css":""},"event-theme":[66],"class_list":["post-6581","event","type-event","status-publish","has-post-thumbnail","hentry","event-theme-arts-de-la-rue-le-palace"],"acf":[],"uagb_featured_image_src":{"full":["https:\/\/mairie-montataire.fr\/app\/uploads\/2025\/07\/Agenda_Symfeuny.jpg",450,335,false],"thumbnail":["https:\/\/mairie-montataire.fr\/app\/uploads\/2025\/07\/Agenda_Symfeuny-150x150.jpg",150,150,true],"medium":["https:\/\/mairie-montataire.fr\/app\/uploads\/2025\/07\/Agenda_Symfeuny-300x223.jpg",300,223,true],"medium_large":["https:\/\/mairie-montataire.fr\/app\/uploads\/2025\/07\/Agenda_Symfeuny.jpg",450,335,false],"large":["https:\/\/mairie-montataire.fr\/app\/uploads\/2025\/07\/Agenda_Symfeuny.jpg",450,335,false],"1536x1536":["https:\/\/mairie-montataire.fr\/app\/uploads\/2025\/07\/Agenda_Symfeuny.jpg",450,335,false],"2048x2048":["https:\/\/mairie-montataire.fr\/app\/uploads\/2025\/07\/Agenda_Symfeuny.jpg",450,335,false],"trp-custom-language-flag":["https:\/\/mairie-montataire.fr\/app\/uploads\/2025\/07\/Agenda_Symfeuny-16x12.jpg",16,12,true],"gform-image-choice-sm":["https:\/\/mairie-montataire.fr\/app\/uploads\/2025\/07\/Agenda_Symfeuny.jpg",300,223,false],"gform-image-choice-md":["https:\/\/mairie-montataire.fr\/app\/uploads\/2025\/07\/Agenda_Symfeuny.jpg",400,298,false],"gform-image-choice-lg":["https:\/\/mairie-montataire.fr\/app\/uploads\/2025\/07\/Agenda_Symfeuny.jpg",450,335,false]},"uagb_author_info":{"display_name":"Laure Pubert","author_link":"https:\/\/mairie-montataire.fr\/de\/actualites\/author\/"},"uagb_comment_info":0,"uagb_excerpt":"par la Compagnie Deabru Beltzak \u00c9voquant le choc de la percussion et du feu, le besoin d\u2019\u00e9couter et de sentir, ce spectacle surprenant favorise la rencontre et l\u2019interaction avec le public. Apr\u00e8s une apparition spectaculaire, les percussionnistes vont \u00e0 la rencontre des spectateurs et font vibrer leurs tambours au plus pr\u00e8s du public. Des baguettes&hellip;","_links":{"self":[{"href":"https:\/\/mairie-montataire.fr\/de\/wp-json\/wp\/v2\/event\/6581","targetHints":{"allow":["GET"]}}],"collection":[{"href":"https:\/\/mairie-montataire.fr\/de\/wp-json\/wp\/v2\/event"}],"about":[{"href":"https:\/\/mairie-montataire.fr\/de\/wp-json\/wp\/v2\/types\/event"}],"wp:featuredmedia":[{"embeddable":true,"href":"https:\/\/mairie-montataire.fr\/de\/wp-json\/wp\/v2\/media\/6578"}],"wp:attachment":[{"href":"https:\/\/mairie-montataire.fr\/de\/wp-json\/wp\/v2\/media?parent=6581"}],"wp:term":[{"taxonomy":"event-theme","embeddable":true,"href":"https:\/\/mairie-montataire.fr\/de\/wp-json\/wp\/v2\/event-theme?post=6581"}],"curies":[{"name":"wp","href":"https:\/\/api.w.org\/{rel}","templated":true}]}}

<h2 class="wp-block-heading">von der Compagnie Deabru Beltzak</h2>



<div class="wp-block-uagb-image aligncenter uagb-block-f67768a2 wp-block-uagb-image--layout-default wp-block-uagb-image--effect-static wp-block-uagb-image--align-center"><figure class="wp-block-uagb-image__figure"><img decoding="async" srcset="https://mairie-montataire.fr/app/uploads/2025/07/Deabrubeltzak-synfeuny-06-2-1024x683.jpg ,https://mairie-montataire.fr/app/uploads/2025/07/Deabrubeltzak-synfeuny-06-2.jpg 780w, https://mairie-montataire.fr/app/uploads/2025/07/Deabrubeltzak-synfeuny-06-2.jpg 360w" sizes="auto, (max-width: 480px) 150px" src="https://mairie-montataire.fr/app/uploads/2025/07/Deabrubeltzak-synfeuny-06-2-1024x683.jpg" alt="" class="uag-image-6615" width="3000" height="2001" title="Deabrubeltzak-synfeuny-06-2" loading="lazy" role="img"/><figcaption class="uagb-image-caption">Deabru Beltzak</figcaption></figure></div>



<div style="height:32px" aria-hidden="true" class="wp-block-spacer"></div>



<p><strong>Diese überraschende Show, die den Zusammenprall von Perkussion und Feuer, das Bedürfnis zuzuhören und zu fühlen beschwört, fördert die Begegnung und die Interaktion mit dem Publikum. Nach einem spektakulären Auftritt gehen die Perkussionisten auf die Zuschauer zu und lassen ihre Trommeln ganz nah am Publikum vibrieren. Gekreuzte Trommelstöcke, geschminkte Gesichter, die sich gegenseitig anstarren, um sich auf die Reise zu begeben. Das einzige Ziel dieser symbolischen Konfrontation ist es, die Straße und den Zuschauer zu verwandeln.</strong></p>



<div class="wp-block-columns is-layout-flex wp-container-core-columns-is-layout-9d6595d7 wp-block-columns-is-layout-flex">
<div class="wp-block-column is-vertically-aligned-center is-layout-flow wp-block-column-is-layout-flow" style="flex-basis:66.66%">
<p>Im Rahmen des Festivals Mosaïque von La Faïencerie - Théâtre de Creil. </p>



<div class="wp-block-uagb-buttons uagb-buttons__outer-wrap uagb-btn__default-btn uagb-btn-tablet__default-btn uagb-btn-mobile__default-btn uagb-block-f31fdf59"><div class="uagb-buttons__wrap uagb-buttons-layout-wrap">
<div class="wp-block-uagb-buttons-child uagb-buttons__outer-wrap uagb-block-fdffd621 wp-block-button"><div class="uagb-button__wrapper"><a class="uagb-buttons-repeater wp-block-button__link" aria-label="" href="https://faiencerie-theatre.com/mosaique" rel="follow noopener" target="_blank" role="button"><div class="uagb-button__link">Vollständiges Programm des Mosaik-Festivals</div><span class="uagb-button__icon uagb-button__icon-position-after"><svg xmlns="https://www.w3.org/2000/svg" viewbox="0 0 448 512" aria-hidden="true" focussable="false"><path d="M438.6 278.6l-160 160C272.4 444.9 264.2 448 256 448s-16.38-3.125-22.62-9.375c-12.5-12.5-12.5-32.75 0-45.25L338.8 288H32C14.33 288 .0016 273.7 .0016 256S14.33 224 32 224h306.8l-105.4-105.4c-12.5-12.5-12.5-32.75 0-45.25s32.75-12.5 45.25 0l160 160C451.1 245.9 451.1 266.1 438.6 278.6z"></path></svg></span></a></div></div>
</div></div>
</div>



<div class="wp-block-column is-layout-flow wp-block-column-is-layout-flow" style="flex-basis:15%">
<figure class="wp-block-image size-full"><img loading="lazy" decoding="async" width="842" height="1190" src="https://mairie-montataire.fr/app/uploads/2025/07/Affiche_Mosaique_2025_BD-1.jpg" alt="" class="wp-image-6585" srcset="https://mairie-montataire.fr/app/uploads/2025/07/Affiche_Mosaique_2025_BD-1.jpg 842w, https://mairie-montataire.fr/app/uploads/2025/07/Affiche_Mosaique_2025_BD-1-212x300.jpg 212w, https://mairie-montataire.fr/app/uploads/2025/07/Affiche_Mosaique_2025_BD-1-725x1024.jpg 725w, https://mairie-montataire.fr/app/uploads/2025/07/Affiche_Mosaique_2025_BD-1-768x1085.jpg 768w, https://mairie-montataire.fr/app/uploads/2025/07/Affiche_Mosaique_2025_BD-1-8x12.jpg 8w" sizes="auto, (max-width: 842px) 100vw, 842px" /></figure>
</div>
</div>



<figure class="wp-block-embed is-type-video is-provider-youtube wp-block-embed-youtube wp-embed-aspect-16-9 wp-has-aspect-ratio"><div class="wp-block-embed__wrapper">
<script>document.addEventListener('DOMContentLoaded', function() {(tarteaucitron.job = tarteaucitron.job || []).push('youtube');});</script><div class="youtube_player" videoid="5J7001Wzbko" width="100%" height="100%" style="height:50vw" theme="light" rel="0" controls="1" showinfo="1" autoplay="0"></div>
</div></figure>



<div style="height:19px" aria-hidden="true" class="wp-block-spacer"></div>



<div class="wp-block-uagb-separator uagb-block-bf7086f3"><div class="wp-block-uagb-separator__inner" style="--my-background-image:"></div></div>



<h3 class="wp-block-heading">Produktionen und Erwähnungen</h3>



<p><strong>Autor / Künstlerischer Leiter :</strong> Garbitxu <br><strong>Bühnenbild :</strong> Iñaki Etxeandia <br><strong>Kostüme :</strong> Ikerne Giménez <br><strong>Musikalische Komposition :</strong> Deabru Beltzak, Aitor Furundarena <br><strong>Musiker / Schauspieler :</strong> Ruben Sastre, Dario Campos, Alex Alonso, Zesar A. Ogara, Erlantz Eizmendi, Iker Barrientos <br><strong>Artificiers :</strong> Guillaume Pujol / Garbitxu <br><strong>Ton :</strong> Francois Hourtane <br><strong>Licht :</strong> Patxi Pascual <br><strong>Pyrotechnisches Design :</strong> Guillaume Pujol - Pyro'Zié</p>



<div style="height:19px" aria-hidden="true" class="wp-block-spacer"></div>



<div class="wp-block-uagb-separator uagb-block-9f2e038b"><div class="wp-block-uagb-separator__inner" style="--my-background-image:"></div></div>



<div class="wp-block-columns is-layout-flex wp-container-core-columns-is-layout-9d6595d7 wp-block-columns-is-layout-flex">
<div class="wp-block-column is-layout-flow wp-block-column-is-layout-flow">
<h3 class="wp-block-heading">Kontakte des Unternehmens</h3>



<p>🌐 <a href="https://deabrubeltzak.com/fr/espectaculo/symfeuny-fr/" target="_blank" rel="noreferrer noopener">deabrubeltzak.com</a></p>



<p><a href="https://www.facebook.com/deabrubeltzakantzerkia/" target="_blank" rel="noreferrer noopener"><img loading="lazy" decoding="async" width="60" height="58" class="wp-image-4481" style="width: 60px;" src="https://mairie-montataire.fr/app/uploads/2024/09/Facebook.png" alt="" srcset="https://mairie-montataire.fr/app/uploads/2024/09/Facebook.png 398w, https://mairie-montataire.fr/app/uploads/2024/09/Facebook-300x292.png 300w, https://mairie-montataire.fr/app/uploads/2024/09/Facebook-12x12.png 12w" sizes="auto, (max-width: 60px) 100vw, 60px" /></a><a href="https://www.youtube.com/watch?v=5J7001Wzbko" target="_blank" rel="noreferrer noopener"><img loading="lazy" decoding="async" width="60" height="58" class="wp-image-4286" style="width: 60px;" src="https://mairie-montataire.fr/app/uploads/2024/09/Youtube.png" alt="" srcset="https://mairie-montataire.fr/app/uploads/2024/09/Youtube.png 398w, https://mairie-montataire.fr/app/uploads/2024/09/Youtube-300x292.png 300w, https://mairie-montataire.fr/app/uploads/2024/09/Youtube-12x12.png 12w" sizes="auto, (max-width: 60px) 100vw, 60px" /></a></p>
</div>



<div class="wp-block-column is-layout-flow wp-block-column-is-layout-flow">
<h3 class="wp-block-heading">Palace-Kontakte</h3>



<p><strong><a href="https://mairie-montataire.fr/de/aufbluhen/der-palast/" target="_blank" rel="noreferrer noopener">Le Palace - Kulturabteilung<br></a></strong><a href="https://www.google.com/maps/dir//8+bis+Rue+des+D%C3%A9port%C3%A9s,+60160+Montataire/@49.2560594,2.3962432,13z/data=!3m1!4b1!4m8!4m7!1m0!1m5!1m1!1s0x47e6497d005f6e8b:0xd4944e46ec7768c5!2m2!1d2.4375282!2d49.2560668?entry=ttu" target="_blank" rel="noreferrer noopener">8 bis, rue des Déportés - 60160 Montataire</a><br>Montag bis Freitag von 9 bis 12 Uhr und von 14 bis 17.30 Uhr<br><a href="tel:03 44 24 69 97">03 44 24 69 97</a><br><a href="https://mairie-montataire.fr/de/online-antrage/den-palast-kontaktieren/" target="_blank" rel="noreferrer noopener">Kontaktformular</a></p>
</div>
</div>



<p></p>

par la Compagnie Deabru Beltzak Évoquant le choc de la percussion et du feu, le besoin d’écouter et de sentir, ce spectacle surprenant favorise la rencontre et l’interaction avec le public. Après une apparition spectaculaire, les percussionnistes vont à la rencontre des spectateurs et font vibrer leurs tambours au plus près du public. Des baguettes&hellip;
