{"id":6370,"date":"2025-06-13T14:21:35","date_gmt":"2025-06-13T14:21:35","guid":{"rendered":"https:\/\/mairie-montataire.fr\/?post_type=event&#038;p=6370"},"modified":"2025-07-03T13:22:22","modified_gmt":"2025-07-03T13:22:22","slug":"fest-des-sozialzentrums","status":"publish","type":"event","link":"https:\/\/mairie-montataire.fr\/de\/agenda\/evenement\/fete-du-centre-social\/","title":{"rendered":"Fest des Sozialzentrums"},"content":{"rendered":"<p>Die Stadt Montataire l\u00e4dt Sie ein am <strong>Samstag, 5. Juli 2025<\/strong>von <strong>13:30 bis 17:30 Uhr<\/strong>f\u00fcr die traditionelle <strong>Fest des Sozialen Zentrums<\/strong>im Espace Hubert d'Hoker statt. In dieser Ausgabe werden die Kulturen Asiens durch ein reichhaltiges und abwechslungsreiches Programm geehrt, das f\u00fcr alle und jeden zug\u00e4nglich ist.<\/p>\n\n\n\n<h3 class=\"wp-block-heading\">Kulturelle Darbietungen und Animationen f\u00fcr die ganze Familie<\/h3>\n\n\n\n<p>Der Nachmittag wird von zwei H\u00f6hepunkten bestimmt:<\/p>\n\n\n\n<ul class=\"wp-block-list\">\n<li style=\"font-style:normal;font-weight:400\">\u00c0 <strong>15h<\/strong>ein <strong>L\u00f6wentanzshow<\/strong> Chinesisch wird die Feierlichkeiten er\u00f6ffnen,<\/li>\n\n\n\n<li style=\"font-style:normal;font-weight:400\">\u00c0 <strong>16h30<\/strong>eine <strong>Bollywood-Tanzauff\u00fchrung<\/strong> wird diese Ausgabe mit einer farbenfrohen und mitrei\u00dfenden Note abschlie\u00dfen.<\/li>\n<\/ul>\n\n\n\n<p>Den ganzen Tag \u00fcber wird den Besuchern au\u00dferdem ein breites Spektrum an Aktivit\u00e4ten geboten:<\/p>\n\n\n\n<ul class=\"wp-block-list\">\n<li style=\"font-style:normal;font-weight:400\">Holzspiele, Puzzle, Fotoautomat, Manga lesen,<\/li>\n\n\n\n<li style=\"font-style:normal;font-weight:400\">Kreative Workshops: Chinesische H\u00fcte, F\u00e4cher, Drachen, etc,<\/li>\n\n\n\n<li style=\"font-style:normal;font-weight:400\">Schminken, Ballonbildhauer, Sumo-Spiel,<\/li>\n\n\n\n<li style=\"font-style:normal;font-weight:400\">Herstellung von Fr\u00fchlingsrollen,<\/li>\n\n\n\n<li style=\"font-style:normal;font-weight:400\">Verkostung asiatischer Spezialit\u00e4ten,<\/li>\n\n\n\n<li style=\"font-style:normal;font-weight:400\">Pr\u00e4senz des Bibliobus f\u00fcr Lesebegeisterte.<\/li>\n<\/ul>\n\n\n\n<h3 class=\"wp-block-heading\">Ein Fest im Zeichen der Entdeckung und des Teilens<\/h3>\n\n\n\n<p>Dieses Fest, das mit der Unterst\u00fctzung zahlreicher Partner organisiert wird, soll die kulturelle Vielfalt f\u00f6rdern und die Beziehungen zwischen den Einwohnern st\u00e4rken. Es ist <strong>kostenlos<\/strong> und <strong>offen f\u00fcr alle<\/strong>Die Sch\u00fclerinnen und Sch\u00fcler haben die M\u00f6glichkeit, sich an der Schule zu beteiligen.<\/p>\n\n\n\n<div style=\"height:56px\" aria-hidden=\"true\" class=\"wp-block-spacer\"><\/div>\n\n\n\n<div class=\"wp-block-columns is-layout-flex wp-container-core-columns-is-layout-9d6595d7 wp-block-columns-is-layout-flex\">\n<div class=\"wp-block-column is-layout-flow wp-block-column-is-layout-flow\">\n<div class=\"wp-block-uagb-image aligncenter uagb-block-dfbff711 wp-block-uagb-image--layout-default wp-block-uagb-image--effect-static wp-block-uagb-image--align-center\"><figure class=\"wp-block-uagb-image__figure\"><img decoding=\"async\" srcset=\"https:\/\/mairie-montataire.fr\/app\/uploads\/2025\/06\/affiches-QE-etc-OK-HD_Page_1-726x1024.jpg ,https:\/\/mairie-montataire.fr\/app\/uploads\/2025\/06\/affiches-QE-etc-OK-HD_Page_1.jpg 780w, https:\/\/mairie-montataire.fr\/app\/uploads\/2025\/06\/affiches-QE-etc-OK-HD_Page_1.jpg 360w\" sizes=\"auto, (max-width: 480px) 150px\" src=\"https:\/\/mairie-montataire.fr\/app\/uploads\/2025\/06\/affiches-QE-etc-OK-HD_Page_1-726x1024.jpg\" alt=\"\" class=\"uag-image-6391\" width=\"726\" height=\"1024\" title=\"QE-Poster usw. OK HD_Page_1\" loading=\"lazy\" role=\"img\"\/><\/figure><\/div>\n<\/div>\n\n\n\n<div class=\"wp-block-column is-layout-flow wp-block-column-is-layout-flow\">\n<div class=\"wp-block-uagb-image aligncenter uagb-block-d8cc6ab7 wp-block-uagb-image--layout-default wp-block-uagb-image--effect-static wp-block-uagb-image--align-center\"><figure class=\"wp-block-uagb-image__figure\"><img decoding=\"async\" srcset=\"https:\/\/mairie-montataire.fr\/app\/uploads\/2025\/06\/affiche-A3-fete-EHH-v2-724x1024.jpg ,https:\/\/mairie-montataire.fr\/app\/uploads\/2025\/06\/affiche-A3-fete-EHH-v2.jpg 780w, https:\/\/mairie-montataire.fr\/app\/uploads\/2025\/06\/affiche-A3-fete-EHH-v2.jpg 360w\" sizes=\"auto, (max-width: 480px) 150px\" src=\"https:\/\/mairie-montataire.fr\/app\/uploads\/2025\/06\/affiche-A3-fete-EHH-v2-724x1024.jpg\" alt=\"\" class=\"uag-image-6390\" width=\"724\" height=\"1024\" title=\"A3-Poster EHH-Fest v2\" loading=\"lazy\" role=\"img\"\/><\/figure><\/div>\n<\/div>\n<\/div>\n\n\n\n<div style=\"height:56px\" aria-hidden=\"true\" class=\"wp-block-spacer\"><\/div>\n\n\n\n<div class=\"wp-block-uagb-separator uagb-block-1b39294a\"><div class=\"uagb-separator-spacing-wrapper\"><div class=\"wp-block-uagb-separator__inner\" style=\"--my-background-image:\"><\/div><\/div><\/div>\n\n\n\n<p>Im Rahmen von Quartiers d'\u00e9t\u00e9 2025.<\/p>\n\n\n\n<div class=\"wp-block-uagb-buttons uagb-buttons__outer-wrap uagb-btn__default-btn uagb-btn-tablet__default-btn uagb-btn-mobile__default-btn uagb-block-bc33e191\"><div class=\"uagb-buttons__wrap uagb-buttons-layout-wrap\">\n<div class=\"wp-block-uagb-buttons-child uagb-buttons__outer-wrap uagb-block-88b40543 wp-block-button\"><div class=\"uagb-button__wrapper\"><a class=\"uagb-buttons-repeater wp-block-button__link\" aria-label=\"\" href=\"#\" rel=\"follow noopener\" target=\"_blank\" role=\"button\"><div class=\"uagb-button__link\">Das gesamte Programm der Quartiers d'\u00e9t\u00e9 finden Sie hier!<\/div><\/a><\/div><\/div>\n<\/div><\/div>\n\n\n\n<div style=\"height:12px\" aria-hidden=\"true\" class=\"wp-block-spacer\"><\/div>\n\n\n\n<p>Eine Veranstaltung mit der Unterst\u00fctzung der Region Hauts-de-France, der Nationalagentur f\u00fcr den Zusammenhalt der Gebiete, der Pr\u00e4fektin des Departements Oise, des Departements Oise, des Kultursommers 2025, der CAF, Oise habitat, S.A. HLM du d\u00e9partement de l'Oise und der Gruppe habitat en r\u00e9gion.<\/p>","protected":false},"featured_media":6387,"parent":0,"template":"","meta":{"_acf_changed":false,"_uag_custom_page_level_css":""},"event-theme":[88],"class_list":["post-6370","event","type-event","status-publish","has-post-thumbnail","hentry","event-theme-evenement"],"acf":[],"uagb_featured_image_src":{"full":["https:\/\/mairie-montataire.fr\/app\/uploads\/2025\/06\/GabaritActu-fete-ehh.jpg",450,335,false],"thumbnail":["https:\/\/mairie-montataire.fr\/app\/uploads\/2025\/06\/GabaritActu-fete-ehh-150x150.jpg",150,150,true],"medium":["https:\/\/mairie-montataire.fr\/app\/uploads\/2025\/06\/GabaritActu-fete-ehh-300x223.jpg",300,223,true],"medium_large":["https:\/\/mairie-montataire.fr\/app\/uploads\/2025\/06\/GabaritActu-fete-ehh.jpg",450,335,false],"large":["https:\/\/mairie-montataire.fr\/app\/uploads\/2025\/06\/GabaritActu-fete-ehh.jpg",450,335,false],"1536x1536":["https:\/\/mairie-montataire.fr\/app\/uploads\/2025\/06\/GabaritActu-fete-ehh.jpg",450,335,false],"2048x2048":["https:\/\/mairie-montataire.fr\/app\/uploads\/2025\/06\/GabaritActu-fete-ehh.jpg",450,335,false],"trp-custom-language-flag":["https:\/\/mairie-montataire.fr\/app\/uploads\/2025\/06\/GabaritActu-fete-ehh-16x12.jpg",16,12,true],"gform-image-choice-sm":["https:\/\/mairie-montataire.fr\/app\/uploads\/2025\/06\/GabaritActu-fete-ehh.jpg",300,223,false],"gform-image-choice-md":["https:\/\/mairie-montataire.fr\/app\/uploads\/2025\/06\/GabaritActu-fete-ehh.jpg",400,298,false],"gform-image-choice-lg":["https:\/\/mairie-montataire.fr\/app\/uploads\/2025\/06\/GabaritActu-fete-ehh.jpg",450,335,false]},"uagb_author_info":{"display_name":"Laure Pubert","author_link":"https:\/\/mairie-montataire.fr\/de\/actualites\/author\/"},"uagb_comment_info":0,"uagb_excerpt":"La Ville de Montataire vous donne rendez-vous le samedi 5 juillet 2025, de 13h30 \u00e0 17h30, pour la traditionnelle F\u00eate du Centre Social, organis\u00e9e \u00e0 l\u2019Espace Hubert d\u2019Hoker. Cette \u00e9dition mettra \u00e0 l\u2019honneur les cultures d\u2019Asie \u00e0 travers une programmation riche et vari\u00e9e, accessible \u00e0 toutes et tous. Des spectacles culturels et des animations pour&hellip;","_links":{"self":[{"href":"https:\/\/mairie-montataire.fr\/de\/wp-json\/wp\/v2\/event\/6370","targetHints":{"allow":["GET"]}}],"collection":[{"href":"https:\/\/mairie-montataire.fr\/de\/wp-json\/wp\/v2\/event"}],"about":[{"href":"https:\/\/mairie-montataire.fr\/de\/wp-json\/wp\/v2\/types\/event"}],"wp:featuredmedia":[{"embeddable":true,"href":"https:\/\/mairie-montataire.fr\/de\/wp-json\/wp\/v2\/media\/6387"}],"wp:attachment":[{"href":"https:\/\/mairie-montataire.fr\/de\/wp-json\/wp\/v2\/media?parent=6370"}],"wp:term":[{"taxonomy":"event-theme","embeddable":true,"href":"https:\/\/mairie-montataire.fr\/de\/wp-json\/wp\/v2\/event-theme?post=6370"}],"curies":[{"name":"wp","href":"https:\/\/api.w.org\/{rel}","templated":true}]}}

<p>Die Stadt Montataire lädt Sie ein am <strong>Samstag, 5. Juli 2025</strong>von <strong>13:30 bis 17:30 Uhr</strong>für die traditionelle <strong>Fest des Sozialen Zentrums</strong>im Espace Hubert d'Hoker statt. In dieser Ausgabe werden die Kulturen Asiens durch ein reichhaltiges und abwechslungsreiches Programm geehrt, das für alle und jeden zugänglich ist.</p>



<h3 class="wp-block-heading">Kulturelle Darbietungen und Animationen für die ganze Familie</h3>



<p>Der Nachmittag wird von zwei Höhepunkten bestimmt:</p>



<ul class="wp-block-list">
<li style="font-style:normal;font-weight:400">À <strong>15h</strong>ein <strong>Löwentanzshow</strong> Chinesisch wird die Feierlichkeiten eröffnen,</li>



<li style="font-style:normal;font-weight:400">À <strong>16h30</strong>eine <strong>Bollywood-Tanzaufführung</strong> wird diese Ausgabe mit einer farbenfrohen und mitreißenden Note abschließen.</li>
</ul>



<p>Den ganzen Tag über wird den Besuchern außerdem ein breites Spektrum an Aktivitäten geboten:</p>



<ul class="wp-block-list">
<li style="font-style:normal;font-weight:400">Holzspiele, Puzzle, Fotoautomat, Manga lesen,</li>



<li style="font-style:normal;font-weight:400">Kreative Workshops: Chinesische Hüte, Fächer, Drachen, etc,</li>



<li style="font-style:normal;font-weight:400">Schminken, Ballonbildhauer, Sumo-Spiel,</li>



<li style="font-style:normal;font-weight:400">Herstellung von Frühlingsrollen,</li>



<li style="font-style:normal;font-weight:400">Verkostung asiatischer Spezialitäten,</li>



<li style="font-style:normal;font-weight:400">Präsenz des Bibliobus für Lesebegeisterte.</li>
</ul>



<h3 class="wp-block-heading">Ein Fest im Zeichen der Entdeckung und des Teilens</h3>



<p>Dieses Fest, das mit der Unterstützung zahlreicher Partner organisiert wird, soll die kulturelle Vielfalt fördern und die Beziehungen zwischen den Einwohnern stärken. Es ist <strong>kostenlos</strong> und <strong>offen für alle</strong>Die Schülerinnen und Schüler haben die Möglichkeit, sich an der Schule zu beteiligen.</p>



<div style="height:56px" aria-hidden="true" class="wp-block-spacer"></div>



<div class="wp-block-columns is-layout-flex wp-container-core-columns-is-layout-9d6595d7 wp-block-columns-is-layout-flex">
<div class="wp-block-column is-layout-flow wp-block-column-is-layout-flow">
<div class="wp-block-uagb-image aligncenter uagb-block-dfbff711 wp-block-uagb-image--layout-default wp-block-uagb-image--effect-static wp-block-uagb-image--align-center"><figure class="wp-block-uagb-image__figure"><img decoding="async" srcset="https://mairie-montataire.fr/app/uploads/2025/06/affiches-QE-etc-OK-HD_Page_1-726x1024.jpg ,https://mairie-montataire.fr/app/uploads/2025/06/affiches-QE-etc-OK-HD_Page_1.jpg 780w, https://mairie-montataire.fr/app/uploads/2025/06/affiches-QE-etc-OK-HD_Page_1.jpg 360w" sizes="auto, (max-width: 480px) 150px" src="https://mairie-montataire.fr/app/uploads/2025/06/affiches-QE-etc-OK-HD_Page_1-726x1024.jpg" alt="" class="uag-image-6391" width="726" height="1024" title="QE-Poster usw. OK HD_Page_1" loading="lazy" role="img"/></figure></div>
</div>



<div class="wp-block-column is-layout-flow wp-block-column-is-layout-flow">
<div class="wp-block-uagb-image aligncenter uagb-block-d8cc6ab7 wp-block-uagb-image--layout-default wp-block-uagb-image--effect-static wp-block-uagb-image--align-center"><figure class="wp-block-uagb-image__figure"><img decoding="async" srcset="https://mairie-montataire.fr/app/uploads/2025/06/affiche-A3-fete-EHH-v2-724x1024.jpg ,https://mairie-montataire.fr/app/uploads/2025/06/affiche-A3-fete-EHH-v2.jpg 780w, https://mairie-montataire.fr/app/uploads/2025/06/affiche-A3-fete-EHH-v2.jpg 360w" sizes="auto, (max-width: 480px) 150px" src="https://mairie-montataire.fr/app/uploads/2025/06/affiche-A3-fete-EHH-v2-724x1024.jpg" alt="" class="uag-image-6390" width="724" height="1024" title="A3-Poster EHH-Fest v2" loading="lazy" role="img"/></figure></div>
</div>
</div>



<div style="height:56px" aria-hidden="true" class="wp-block-spacer"></div>



<div class="wp-block-uagb-separator uagb-block-1b39294a"><div class="uagb-separator-spacing-wrapper"><div class="wp-block-uagb-separator__inner" style="--my-background-image:"></div></div></div>



<p>Im Rahmen von Quartiers d'été 2025.</p>



<div class="wp-block-uagb-buttons uagb-buttons__outer-wrap uagb-btn__default-btn uagb-btn-tablet__default-btn uagb-btn-mobile__default-btn uagb-block-bc33e191"><div class="uagb-buttons__wrap uagb-buttons-layout-wrap">
<div class="wp-block-uagb-buttons-child uagb-buttons__outer-wrap uagb-block-88b40543 wp-block-button"><div class="uagb-button__wrapper"><a class="uagb-buttons-repeater wp-block-button__link" aria-label="" href="#" rel="follow noopener" target="_blank" role="button"><div class="uagb-button__link">Das gesamte Programm der Quartiers d'été finden Sie hier!</div></a></div></div>
</div></div>



<div style="height:12px" aria-hidden="true" class="wp-block-spacer"></div>



<p>Eine Veranstaltung mit der Unterstützung der Region Hauts-de-France, der Nationalagentur für den Zusammenhalt der Gebiete, der Präfektin des Departements Oise, des Departements Oise, des Kultursommers 2025, der CAF, Oise habitat, S.A. HLM du département de l'Oise und der Gruppe habitat en région.</p>

La Ville de Montataire vous donne rendez-vous le samedi 5 juillet 2025, de 13h30 à 17h30, pour la traditionnelle Fête du Centre Social, organisée à l’Espace Hubert d’Hoker. Cette édition mettra à l’honneur les cultures d’Asie à travers une programmation riche et variée, accessible à toutes et tous. Des spectacles culturels et des animations pour&hellip;
