{"id":6266,"date":"2025-05-28T13:40:23","date_gmt":"2025-05-28T13:40:23","guid":{"rendered":"https:\/\/mairie-montataire.fr\/?post_type=event&#038;p=6266"},"modified":"2025-05-28T13:40:24","modified_gmt":"2025-05-28T13:40:24","slug":"elterntag","status":"publish","type":"event","link":"https:\/\/mairie-montataire.fr\/de\/agenda\/rencontres\/journee-de-la-parentalite\/","title":{"rendered":"Tag der Elternschaft"},"content":{"rendered":"<p>Elternschaft ist kein langer, ruhiger Fluss... Deshalb organisiert die Stadt Montataire in Zusammenarbeit mit der CAF de l'Oise, der Ligue de l'enseignement und dem Maison des Ados eine <strong>Tag der Elternschaft<\/strong> offen f\u00fcr alle am Mittwoch, den 4. Juni, von 10 bis 16 Uhr in der <strong>Salle de la Lib\u00e9ration (8 bis rue des D\u00e9port\u00e9s)<\/strong>.<\/p>\n\n\n\n<p><strong>Ziel<\/strong> : einen Moment des Austauschs, des Zuh\u00f6rens und des Teilens anbieten, um Familien zu helfen, ihre Kinder besser zu verstehen... und gleichzeitig auf sich selbst zu achten.<\/p>\n\n\n\n<h3 class=\"wp-block-heading\">Auf dem Programm stehen:<\/h3>\n\n\n\n<h4 class=\"wp-block-heading\">Von 10:00 bis 12:00 Uhr :<\/h4>\n\n\n\n<ul class=\"wp-block-list\">\n<li style=\"font-style:normal;font-weight:400\"><strong>Sinneserweckung f\u00fcr Kleinkinder<\/strong> - Lichtspiele, Duftt\u00f6pfe...<\/li>\n\n\n\n<li style=\"font-style:normal;font-weight:400\"><strong>Baby Gym<\/strong> mit einem Sportp\u00e4dagogen<\/li>\n\n\n\n<li style=\"font-style:normal;font-weight:400\"><strong>Sprache und orale St\u00f6rungen<\/strong> - Sensibilisierung durch eine Logop\u00e4din<\/li>\n\n\n\n<li style=\"font-style:normal;font-weight:400\"><strong>Stillen<\/strong> - Austausch mit einer Perinatalbegleiterin<\/li>\n<\/ul>\n\n\n\n<h4 class=\"wp-block-heading\">Von 10:00 bis 16:00 Uhr (durchgehend) :<\/h4>\n\n\n\n<ul class=\"wp-block-list\">\n<li style=\"font-style:normal;font-weight:400\"><strong>Gestische Kommunikation<\/strong> (Lieder, Geschichten...)<\/li>\n\n\n\n<li style=\"font-style:normal;font-weight:400\"><strong>Kommunikationsraum f\u00fcr alle<\/strong><\/li>\n\n\n\n<li style=\"font-style:normal;font-weight:400\"><strong>Kreative Familien-Workshops rund um das Thema Altpapier<\/strong><\/li>\n\n\n\n<li style=\"font-style:normal;font-weight:400\"><strong>Eltern-Kind-Austauschraum<\/strong> mit dem Famili Bus<\/li>\n<\/ul>\n\n\n\n<h4 class=\"wp-block-heading\">Von 12:30 bis 16:00 Uhr :<\/h4>\n\n\n\n<ul class=\"wp-block-list\">\n<li style=\"font-style:normal;font-weight:400\"><strong>Musikalische Erweckung<\/strong><\/li>\n\n\n\n<li style=\"font-style:normal;font-weight:400\"><strong>Gesellschaftliche Themen<\/strong> mit La Maison des Ados :\n<ul class=\"wp-block-list\">\n<li>Verwaltung von Bildschirmen<\/li>\n\n\n\n<li>Bel\u00e4stigung \/ Cybermobbing<\/li>\n\n\n\n<li>Gef\u00fchls- und Sexualleben<\/li>\n<\/ul>\n<\/li>\n<\/ul>\n\n\n\n<div style=\"height:27px\" aria-hidden=\"true\" class=\"wp-block-spacer\"><\/div>\n\n\n\n<p>Parallel dazu k\u00f6nnen Sie die st\u00e4dtischen Dienste (Kleinkindbetreuung, Schulbetreuung, Jugend...) an ihren St\u00e4nden treffen.<\/p>\n\n\n\n<p>Eine zug\u00e4ngliche, bereichernde und gesellige Veranstaltung, bei der Sie sich mit Informationen, Ratschl\u00e4gen und Ideen versorgen k\u00f6nnen, die Sie mit Ihrer Familie teilen k\u00f6nnen.<\/p>\n\n\n\n<div class=\"wp-block-uagb-image aligncenter uagb-block-47915774 wp-block-uagb-image--layout-default wp-block-uagb-image--effect-static wp-block-uagb-image--align-center\"><figure class=\"wp-block-uagb-image__figure\"><img decoding=\"async\" srcset=\"https:\/\/mairie-montataire.fr\/app\/uploads\/2025\/05\/1-724x1024.png ,https:\/\/mairie-montataire.fr\/app\/uploads\/2025\/05\/1.png 780w, https:\/\/mairie-montataire.fr\/app\/uploads\/2025\/05\/1.png 360w\" sizes=\"auto, (max-width: 480px) 150px\" src=\"https:\/\/mairie-montataire.fr\/app\/uploads\/2025\/05\/1-724x1024.png\" alt=\"\" class=\"uag-image-6268\" width=\"579\" height=\"819\" title=\"1\" loading=\"lazy\" role=\"img\"\/><\/figure><\/div>","protected":false},"featured_media":6267,"parent":0,"template":"","meta":{"_acf_changed":true,"_uag_custom_page_level_css":""},"event-theme":[78],"class_list":["post-6266","event","type-event","status-publish","has-post-thumbnail","hentry","event-theme-rencontres"],"acf":[],"uagb_featured_image_src":{"full":["https:\/\/mairie-montataire.fr\/app\/uploads\/2025\/05\/Agenda_JourneeParentalite.jpg",450,335,false],"thumbnail":["https:\/\/mairie-montataire.fr\/app\/uploads\/2025\/05\/Agenda_JourneeParentalite-150x150.jpg",150,150,true],"medium":["https:\/\/mairie-montataire.fr\/app\/uploads\/2025\/05\/Agenda_JourneeParentalite-300x223.jpg",300,223,true],"medium_large":["https:\/\/mairie-montataire.fr\/app\/uploads\/2025\/05\/Agenda_JourneeParentalite.jpg",450,335,false],"large":["https:\/\/mairie-montataire.fr\/app\/uploads\/2025\/05\/Agenda_JourneeParentalite.jpg",450,335,false],"1536x1536":["https:\/\/mairie-montataire.fr\/app\/uploads\/2025\/05\/Agenda_JourneeParentalite.jpg",450,335,false],"2048x2048":["https:\/\/mairie-montataire.fr\/app\/uploads\/2025\/05\/Agenda_JourneeParentalite.jpg",450,335,false],"trp-custom-language-flag":["https:\/\/mairie-montataire.fr\/app\/uploads\/2025\/05\/Agenda_JourneeParentalite-16x12.jpg",16,12,true],"gform-image-choice-sm":["https:\/\/mairie-montataire.fr\/app\/uploads\/2025\/05\/Agenda_JourneeParentalite.jpg",300,223,false],"gform-image-choice-md":["https:\/\/mairie-montataire.fr\/app\/uploads\/2025\/05\/Agenda_JourneeParentalite.jpg",400,298,false],"gform-image-choice-lg":["https:\/\/mairie-montataire.fr\/app\/uploads\/2025\/05\/Agenda_JourneeParentalite.jpg",450,335,false]},"uagb_author_info":{"display_name":"Laure Pubert","author_link":"https:\/\/mairie-montataire.fr\/de\/actualites\/author\/"},"uagb_comment_info":0,"uagb_excerpt":"La parentalit\u00e9 n\u2019est pas un long fleuve tranquille\u2026 C\u2019est pourquoi la Ville de Montataire, en partenariat avec la CAF de l\u2019Oise, la Ligue de l\u2019enseignement et la Maison des Ados, organise une Journ\u00e9e de la Parentalit\u00e9 ouverte \u00e0 tous le mercredi 4 juin, de 10h \u00e0 16h \u00e0 la Salle de la Lib\u00e9ration (8 bis&hellip;","_links":{"self":[{"href":"https:\/\/mairie-montataire.fr\/de\/wp-json\/wp\/v2\/event\/6266","targetHints":{"allow":["GET"]}}],"collection":[{"href":"https:\/\/mairie-montataire.fr\/de\/wp-json\/wp\/v2\/event"}],"about":[{"href":"https:\/\/mairie-montataire.fr\/de\/wp-json\/wp\/v2\/types\/event"}],"wp:featuredmedia":[{"embeddable":true,"href":"https:\/\/mairie-montataire.fr\/de\/wp-json\/wp\/v2\/media\/6267"}],"wp:attachment":[{"href":"https:\/\/mairie-montataire.fr\/de\/wp-json\/wp\/v2\/media?parent=6266"}],"wp:term":[{"taxonomy":"event-theme","embeddable":true,"href":"https:\/\/mairie-montataire.fr\/de\/wp-json\/wp\/v2\/event-theme?post=6266"}],"curies":[{"name":"wp","href":"https:\/\/api.w.org\/{rel}","templated":true}]}}

<p>Elternschaft ist kein langer, ruhiger Fluss... Deshalb organisiert die Stadt Montataire in Zusammenarbeit mit der CAF de l'Oise, der Ligue de l'enseignement und dem Maison des Ados eine <strong>Tag der Elternschaft</strong> offen für alle am Mittwoch, den 4. Juni, von 10 bis 16 Uhr in der <strong>Salle de la Libération (8 bis rue des Déportés)</strong>.</p>



<p><strong>Ziel</strong> : einen Moment des Austauschs, des Zuhörens und des Teilens anbieten, um Familien zu helfen, ihre Kinder besser zu verstehen... und gleichzeitig auf sich selbst zu achten.</p>



<h3 class="wp-block-heading">Auf dem Programm stehen:</h3>



<h4 class="wp-block-heading">Von 10:00 bis 12:00 Uhr :</h4>



<ul class="wp-block-list">
<li style="font-style:normal;font-weight:400"><strong>Sinneserweckung für Kleinkinder</strong> - Lichtspiele, Dufttöpfe...</li>



<li style="font-style:normal;font-weight:400"><strong>Baby Gym</strong> mit einem Sportpädagogen</li>



<li style="font-style:normal;font-weight:400"><strong>Sprache und orale Störungen</strong> - Sensibilisierung durch eine Logopädin</li>



<li style="font-style:normal;font-weight:400"><strong>Stillen</strong> - Austausch mit einer Perinatalbegleiterin</li>
</ul>



<h4 class="wp-block-heading">Von 10:00 bis 16:00 Uhr (durchgehend) :</h4>



<ul class="wp-block-list">
<li style="font-style:normal;font-weight:400"><strong>Gestische Kommunikation</strong> (Lieder, Geschichten...)</li>



<li style="font-style:normal;font-weight:400"><strong>Kommunikationsraum für alle</strong></li>



<li style="font-style:normal;font-weight:400"><strong>Kreative Familien-Workshops rund um das Thema Altpapier</strong></li>



<li style="font-style:normal;font-weight:400"><strong>Eltern-Kind-Austauschraum</strong> mit dem Famili Bus</li>
</ul>



<h4 class="wp-block-heading">Von 12:30 bis 16:00 Uhr :</h4>



<ul class="wp-block-list">
<li style="font-style:normal;font-weight:400"><strong>Musikalische Erweckung</strong></li>



<li style="font-style:normal;font-weight:400"><strong>Gesellschaftliche Themen</strong> mit La Maison des Ados :
<ul class="wp-block-list">
<li>Verwaltung von Bildschirmen</li>



<li>Belästigung / Cybermobbing</li>



<li>Gefühls- und Sexualleben</li>
</ul>
</li>
</ul>



<div style="height:27px" aria-hidden="true" class="wp-block-spacer"></div>



<p>Parallel dazu können Sie die städtischen Dienste (Kleinkindbetreuung, Schulbetreuung, Jugend...) an ihren Ständen treffen.</p>



<p>Eine zugängliche, bereichernde und gesellige Veranstaltung, bei der Sie sich mit Informationen, Ratschlägen und Ideen versorgen können, die Sie mit Ihrer Familie teilen können.</p>



<div class="wp-block-uagb-image aligncenter uagb-block-47915774 wp-block-uagb-image--layout-default wp-block-uagb-image--effect-static wp-block-uagb-image--align-center"><figure class="wp-block-uagb-image__figure"><img decoding="async" srcset="https://mairie-montataire.fr/app/uploads/2025/05/1-724x1024.png ,https://mairie-montataire.fr/app/uploads/2025/05/1.png 780w, https://mairie-montataire.fr/app/uploads/2025/05/1.png 360w" sizes="auto, (max-width: 480px) 150px" src="https://mairie-montataire.fr/app/uploads/2025/05/1-724x1024.png" alt="" class="uag-image-6268" width="579" height="819" title="1" loading="lazy" role="img"/></figure></div>

La parentalité n’est pas un long fleuve tranquille… C’est pourquoi la Ville de Montataire, en partenariat avec la CAF de l’Oise, la Ligue de l’enseignement et la Maison des Ados, organise une Journée de la Parentalité ouverte à tous le mercredi 4 juin, de 10h à 16h à la Salle de la Libération (8 bis&hellip;
