{"id":6248,"date":"2026-04-22T12:54:28","date_gmt":"2026-04-22T12:54:28","guid":{"rendered":"https:\/\/mairie-montataire.fr\/?post_type=event&#038;p=6248"},"modified":"2026-04-22T13:02:36","modified_gmt":"2026-04-22T13:02:36","slug":"kirchturmfestival","status":"publish","type":"event","link":"https:\/\/mairie-montataire.fr\/de\/agenda\/vie-associative\/festival-des-clochers\/","title":{"rendered":"Festival des Clochers"},"content":{"rendered":"<p>L'<strong><a href=\"https:\/\/mairie-montataire.fr\/de\/aufbluhen\/amem\/\">AMEM<\/a><\/strong>Die Association Municipale d'Enseignement et d'Education Musicale de Montataire l\u00e4dt Sie zu einem au\u00dfergew\u00f6hnlichen Abend im Rahmen des <strong>Festival des Clochers 2026<\/strong>.<\/p>\n\n\n\n<p>Auf dem Programm in der Stiftskirche Notre-Dame in Montataire steht ein musikalisches Highlight mit dem<strong>Orchester Sud-Oise<\/strong> geleitet von <strong>Bernard Fleurette<\/strong>Die Musikerinnen und Musiker sind bekannt f\u00fcr ihre Exzellenz und ihre F\u00e4higkeit, die sch\u00f6nsten Werke des klassischen Repertoires zum Klingen zu bringen.<\/p>\n\n\n\n<p><strong>Im ersten Teil<\/strong>Sie werden die<strong>Streichorchester minimal<\/strong>, geleitet von <strong>Aude Sipieter<\/strong> und die\u2019<strong>Cello-Orchester<\/strong>, geleitet von <strong>Marion Fleurette<\/strong>.<\/p>\n\n\n\n<p>Eine gute Gelegenheit, den lokalen kulturellen Reichtum in einer au\u00dfergew\u00f6hnlichen patrimonialen Umgebung (wieder) zu entdecken!<\/p>\n\n\n\n<p><\/p>\n\n\n\n<div style=\"height:63px\" aria-hidden=\"true\" class=\"wp-block-spacer\"><\/div>\n\n\n\n<p><strong>Wenn Sie an diesem Datum nicht verf\u00fcgbar sind, sind Sie es vielleicht an einem anderen?<\/strong><\/p>\n\n\n\n<div style=\"height:65px\" aria-hidden=\"true\" class=\"wp-block-spacer\"><\/div>\n\n\n\n<div class=\"wp-block-uagb-image uagb-block-97c69b08 wp-block-uagb-image--layout-default wp-block-uagb-image--effect-static wp-block-uagb-image--align-none\"><figure class=\"wp-block-uagb-image__figure\"><img decoding=\"async\" srcset=\"https:\/\/mairie-montataire.fr\/app\/uploads\/2025\/05\/Festival-des-clochers-2026-bleu-721x1024.png ,https:\/\/mairie-montataire.fr\/app\/uploads\/2025\/05\/Festival-des-clochers-2026-bleu.png 780w, https:\/\/mairie-montataire.fr\/app\/uploads\/2025\/05\/Festival-des-clochers-2026-bleu.png 360w\" sizes=\"auto, (max-width: 480px) 150px\" src=\"https:\/\/mairie-montataire.fr\/app\/uploads\/2025\/05\/Festival-des-clochers-2026-bleu-721x1024.png\" alt=\"\" class=\"uag-image-7839\" width=\"721\" height=\"1024\" title=\"Glockenturmfestival 2026 blau\" loading=\"lazy\" role=\"img\"\/><\/figure><\/div>","protected":false},"featured_media":7840,"parent":0,"template":"","meta":{"_acf_changed":true,"_uag_custom_page_level_css":""},"event-theme":[73],"class_list":["post-6248","event","type-event","status-publish","has-post-thumbnail","hentry","event-theme-vie-associative"],"acf":[],"uagb_featured_image_src":{"full":["https:\/\/mairie-montataire.fr\/app\/uploads\/2025\/05\/Agenda_FestivalClochers2026.jpg",450,335,false],"thumbnail":["https:\/\/mairie-montataire.fr\/app\/uploads\/2025\/05\/Agenda_FestivalClochers2026-150x150.jpg",150,150,true],"medium":["https:\/\/mairie-montataire.fr\/app\/uploads\/2025\/05\/Agenda_FestivalClochers2026-300x223.jpg",300,223,true],"medium_large":["https:\/\/mairie-montataire.fr\/app\/uploads\/2025\/05\/Agenda_FestivalClochers2026.jpg",450,335,false],"large":["https:\/\/mairie-montataire.fr\/app\/uploads\/2025\/05\/Agenda_FestivalClochers2026.jpg",450,335,false],"1536x1536":["https:\/\/mairie-montataire.fr\/app\/uploads\/2025\/05\/Agenda_FestivalClochers2026.jpg",450,335,false],"2048x2048":["https:\/\/mairie-montataire.fr\/app\/uploads\/2025\/05\/Agenda_FestivalClochers2026.jpg",450,335,false],"trp-custom-language-flag":["https:\/\/mairie-montataire.fr\/app\/uploads\/2025\/05\/Agenda_FestivalClochers2026-16x12.jpg",16,12,true],"gform-image-choice-sm":["https:\/\/mairie-montataire.fr\/app\/uploads\/2025\/05\/Agenda_FestivalClochers2026.jpg",300,223,false],"gform-image-choice-md":["https:\/\/mairie-montataire.fr\/app\/uploads\/2025\/05\/Agenda_FestivalClochers2026.jpg",400,298,false],"gform-image-choice-lg":["https:\/\/mairie-montataire.fr\/app\/uploads\/2025\/05\/Agenda_FestivalClochers2026.jpg",450,335,false]},"uagb_author_info":{"display_name":"Laure Pubert","author_link":"https:\/\/mairie-montataire.fr\/de\/actualites\/author\/"},"uagb_comment_info":0,"uagb_excerpt":"L\u2019AMEM, l\u2019Association Municipale d\u2019Enseignement et d\u2019\u00c9ducation Musicale de Montataire, vous invite \u00e0 une soir\u00e9e exceptionnelle dans le cadre du Festival des Clochers 2026. Au programme \u00e0 la coll\u00e9giale Notre-Dame de Montataire, un moment musical de grande qualit\u00e9 avec l\u2019Orchestre Sud-Oise dirig\u00e9 par Bernard Fleurette, formation reconnue pour son excellence et sa capacit\u00e9 \u00e0 faire vibrer&hellip;","_links":{"self":[{"href":"https:\/\/mairie-montataire.fr\/de\/wp-json\/wp\/v2\/event\/6248","targetHints":{"allow":["GET"]}}],"collection":[{"href":"https:\/\/mairie-montataire.fr\/de\/wp-json\/wp\/v2\/event"}],"about":[{"href":"https:\/\/mairie-montataire.fr\/de\/wp-json\/wp\/v2\/types\/event"}],"wp:featuredmedia":[{"embeddable":true,"href":"https:\/\/mairie-montataire.fr\/de\/wp-json\/wp\/v2\/media\/7840"}],"wp:attachment":[{"href":"https:\/\/mairie-montataire.fr\/de\/wp-json\/wp\/v2\/media?parent=6248"}],"wp:term":[{"taxonomy":"event-theme","embeddable":true,"href":"https:\/\/mairie-montataire.fr\/de\/wp-json\/wp\/v2\/event-theme?post=6248"}],"curies":[{"name":"wp","href":"https:\/\/api.w.org\/{rel}","templated":true}]}}

<p>L'<strong><a href="https://mairie-montataire.fr/de/aufbluhen/amem/">AMEM</a></strong>Die Association Municipale d'Enseignement et d'Education Musicale de Montataire lädt Sie zu einem außergewöhnlichen Abend im Rahmen des <strong>Festival des Clochers 2026</strong>.</p>



<p>Auf dem Programm in der Stiftskirche Notre-Dame in Montataire steht ein musikalisches Highlight mit dem<strong>Orchester Sud-Oise</strong> geleitet von <strong>Bernard Fleurette</strong>Die Musikerinnen und Musiker sind bekannt für ihre Exzellenz und ihre Fähigkeit, die schönsten Werke des klassischen Repertoires zum Klingen zu bringen.</p>



<p><strong>Im ersten Teil</strong>Sie werden die<strong>Streichorchester minimal</strong>, geleitet von <strong>Aude Sipieter</strong> und die’<strong>Cello-Orchester</strong>, geleitet von <strong>Marion Fleurette</strong>.</p>



<p>Eine gute Gelegenheit, den lokalen kulturellen Reichtum in einer außergewöhnlichen patrimonialen Umgebung (wieder) zu entdecken!</p>



<p></p>



<div style="height:63px" aria-hidden="true" class="wp-block-spacer"></div>



<p><strong>Wenn Sie an diesem Datum nicht verfügbar sind, sind Sie es vielleicht an einem anderen?</strong></p>



<div style="height:65px" aria-hidden="true" class="wp-block-spacer"></div>



<div class="wp-block-uagb-image uagb-block-97c69b08 wp-block-uagb-image--layout-default wp-block-uagb-image--effect-static wp-block-uagb-image--align-none"><figure class="wp-block-uagb-image__figure"><img decoding="async" srcset="https://mairie-montataire.fr/app/uploads/2025/05/Festival-des-clochers-2026-bleu-721x1024.png ,https://mairie-montataire.fr/app/uploads/2025/05/Festival-des-clochers-2026-bleu.png 780w, https://mairie-montataire.fr/app/uploads/2025/05/Festival-des-clochers-2026-bleu.png 360w" sizes="auto, (max-width: 480px) 150px" src="https://mairie-montataire.fr/app/uploads/2025/05/Festival-des-clochers-2026-bleu-721x1024.png" alt="" class="uag-image-7839" width="721" height="1024" title="Glockenturmfestival 2026 blau" loading="lazy" role="img"/></figure></div>

L’AMEM, l’Association Municipale d’Enseignement et d’Éducation Musicale de Montataire, vous invite à une soirée exceptionnelle dans le cadre du Festival des Clochers 2026. Au programme à la collégiale Notre-Dame de Montataire, un moment musical de grande qualité avec l’Orchestre Sud-Oise dirigé par Bernard Fleurette, formation reconnue pour son excellence et sa capacité à faire vibrer&hellip;
